000
CXUS53 KOAX 011748
CLMOAX

CLIMATE REPORT
NATIONAL WEATHER SERVICE OMAHA NEBRASKA
1210 PM CDT WED AUG 1 2018

...................................

...THE VALLEY  NWS, NEBRASKA CLIMATE SUMMARY FOR THE MONTH OF JULY 2018...

CLIMATE NORMAL PERIOD 1981 TO 2010
CLIMATE RECORD PERIOD 1997 TO 2018

WEATHER         OBSERVED          NORMAL  DEPART  LAST YEAR`S
                 VALUE   DATE(S)  VALUE   FROM    VALUE
                                          NORMAL
.............................................................
TEMPERATURE (F)
HIGHEST            94   07/12
                        07/11
LOWEST             56   07/27
AVG. MAXIMUM     85.1              86.0    -0.9
AVG. MINIMUM     66.6              67.1    -0.5
MEAN             75.9              76.5    -0.6
DAYS MAX >= 90      7
DAYS MAX <= 32      0
DAYS MIN <= 32      0
DAYS MIN <= 0       0

PRECIPITATION (INCHES)
TOTALS           2.95
DAYS >= .01         8
DAYS >= .10         5
DAYS >= .50         3
DAYS >= 1.00        0
GREATEST
 24 HR. TOTAL    0.92   07/27 TO 07/28

SNOWFALL (INCHES)
TOTALS            0.0                                0.0
 LIQUID EQUIV    0.00
SINCE 7/1         0.0
SNOWDEPTH AVG.      0
DAYS >= TRACE       0
DAYS >= 1.0         0
GREATEST
 SNOW DEPTH         0
 24 HR TOTAL      0.0

DEGREE DAYS
HEATING TOTAL       0
 SINCE 7/1          0
COOLING TOTAL     344
 SINCE 1/1        871
..............................................................

WIND (MPH)
HIGHEST GUST SPEED          51

WEATHER CONDITIONS. NUMBER OF DAYS WITH
THUNDERSTORM              7     MIXED PRECIP               0
HEAVY RAIN                1     RAIN                       4
LIGHT RAIN                9     FREEZING RAIN              0
LT FREEZING RAIN          0     HAIL                       0
HEAVY SNOW                0     SNOW                       0
LIGHT SNOW                0     SLEET                      0
FOG                       4     FOG W/VIS <= 1/4 MILE      0
HAZE                      0

-  INDICATES NEGATIVE NUMBERS.
R  INDICATES RECORD WAS SET OR TIED.
MM INDICATES DATA IS MISSING.
T  INDICATES TRACE AMOUNT.
>= INDICATES GREATER THAN OR EQUAL TO.
<= INDICATES LESS THAN OR EQUAL TO.

$$
