000
CXUS53 KOAX 021652
CLMOAX

CLIMATE REPORT
NATIONAL WEATHER SERVICE OMAHA NEBRASKA
1227 PM CST TUE JAN 1 2019

...................................

...THE VALLEY  NWS, NEBRASKA CLIMATE SUMMARY FOR THE MONTH OF DECEMBER 2018...

CLIMATE NORMAL PERIOD 1981 TO 2010
CLIMATE RECORD PERIOD 1997 TO 2018

WEATHER         OBSERVED          NORMAL  DEPART  LAST YEAR`S
                 VALUE   DATE(S)  VALUE   FROM    VALUE
                                          NORMAL
.............................................................
TEMPERATURE (F)
HIGHEST            51   12/17
LOWEST              6   12/29
AVG. MAXIMUM     37.9              34.6     3.3
AVG. MINIMUM     22.4              17.3     5.1
MEAN             30.2              25.9     4.3
DAYS MAX >= 90      0
DAYS MAX <= 32      9
DAYS MIN <= 32     29
DAYS MIN <= 0       0

PRECIPITATION (INCHES)
TOTALS           3.70
DAYS >= .01         5
DAYS >= .10         4
DAYS >= .50         3
DAYS >= 1.00        2
GREATEST
 24 HR. TOTAL    1.46   12/01 TO 12/01

SNOWFALL (INCHES)
TOTALS            4.7                                3.3
 LIQUID EQUIV    0.47
SINCE 7/1        10.7
DAYS >= TRACE       9
DAYS >= 1.0         3
GREATEST
 SNOW DEPTH         2
 24 HR TOTAL      2.6   12/01 TO 12/02

DEGREE_DAYS
HEATING TOTAL    1073
 SINCE 7/1       2516
COOLING TOTAL       0
 SINCE 1/1       1355
..............................................................

WIND (MPH)
HIGHEST GUST SPEED         41


WEATHER CONDITIONS. NUMBER OF DAYS WITH
THUNDERSTORM              0     MIXED PRECIP               0
HEAVY RAIN                0     RAIN                       2
LIGHT RAIN                4     FREEZING RAIN              1
LT FREEZING RAIN          2     HAIL                       0
HEAVY SNOW                0     SNOW                       1
LIGHT SNOW                9     SLEET                      2
FOG                       8     FOG W/VIS <= 1/4 MILE      1
HAZE                      3

-  INDICATES NEGATIVE NUMBERS.
R  INDICATES RECORD WAS SET OR TIED.
MM INDICATES DATA IS MISSING.
T  INDICATES TRACE AMOUNT.
>= INDICATES GREATER THAN OR EQUAL TO.
<= INDICATES LESS THAN OR EQUAL TO.


&&


$$
