000
CXUS51 KAKQ 021217
CLMORF


CLIMATE REPORT
NATIONAL WEATHER SERVICE WAKEFIELD, VA
816 AM EDT TUE OCT 2 2018

...................................

...THE NORFOLK VA CLIMATE SUMMARY FOR THE MONTH OF SEPTEMBER 2018...

CLIMATE NORMAL PERIOD 1981 TO 2010
CLIMATE RECORD PERIOD 1871 TO 2018

WEATHER         OBSERVED          NORMAL  DEPART  LAST YEAR`S
                 VALUE   DATE(S)  VALUE   FROM    VALUE  DATE(S)
                                          NORMAL
................................................................
TEMPERATURE (F)
RECORD
 HIGH             100   MM
 LOW               40   MM
HIGHEST            91   09/07        92      -1       89  09/05
LOWEST             62   09/30        54       8       58  09/30
                        09/29                             09/08
AVG. MAXIMUM     85.2              79.3     5.9     80.2
AVG. MINIMUM     73.0              65.3     7.7     67.1
MEAN             79.1              72.3     6.8     73.6
DAYS MAX >= 90      5               1.7     3.3        0
DAYS MAX <= 32      0               0.0     0.0        0
DAYS MIN <= 32      0               0.0     0.0        0
DAYS MIN <= 0       0               0.0     0.0        0

PRECIPITATION (INCHES)
RECORD
 MAXIMUM        13.80   1979
 MINIMUM         0.17   1884
TOTALS           3.88              4.76   -0.88     1.99
DAILY AVG.       0.13              0.16   -0.03     0.07
DAYS >= .01        12               8.8     3.2        7
DAYS >= .10         5               5.7    -0.7        6
DAYS >= .50         3               2.5     0.5        1
DAYS >= 1.00        2               1.3     0.7        0
GREATEST
 24 HR. TOTAL    1.55   09/09 TO 09/09

SNOWFALL (INCHES)
RECORDS
 TOTAL            0.0   5
                        0
                        -26215
TOTALS            0.0
SINCE 7/1         0.0               0.0     0.0      0.0
SNOWDEPTH AVG.      0                MM      MM        0
DAYS >= 1.0         0               0.0     0.0        0
GREATEST
 SNOW DEPTH         0   MM                             0  MM
 24 HR TOTAL      0.0   09/30 TO 09/30           09/30 TO 09/30
                                                          09/30 TO 09/30EATHER         OBSERVED          NORMAL  DEPART  LAST YEAR`S
                                                          09/30 TO 09/30EATHER         OBSERVED          NORMAL  DEPART  LAST YEAR`S

DEGREE_DAYS
HEATING TOTAL       0
 SINCE 7/1          0                11     -11        0
COOLING TOTAL     428               230     198      267
 SINCE 1/1       2138              1565     573     1959
.................................................................

WIND (MPH)
AVERAGE WIND SPEED              7.2
HIGHEST WIND SPEED/DIRECTION    28/060    DATE  09/13
HIGHEST GUST SPEED/DIRECTION    37/060    DATE  09/13

SKY COVER
POSSIBLE SUNSHINE (PERCENT)   MM
AVERAGE SKY COVER           0.40

AVERAGE RH (PERCENT)     79

WEATHER CONDITIONS. NUMBER OF DAYS WITH
  0
  4
  0
  0
  0
  0
  0
HAZE                      4

-  INDICATES NEGATIVE NUMBERS.
R  INDICATES RECORD WAS SET OR TIED.
MM INDICATES DATA IS MISSING.
T  INDICATES TRACE AMOUNT.

$$
