000
CXUS51 KAKQ 011224
CLMORF


CLIMATE REPORT
NATIONAL WEATHER SERVICE WAKEFIELD, VA
810 AM EDT SUN JUL 1 2018

...................................

...THE NORFOLK VA CLIMATE SUMMARY FOR THE MONTH OF JUNE 2018...

CLIMATE NORMAL PERIOD 1981 TO 2010
CLIMATE RECORD PERIOD 1871 TO 2018

WEATHER         OBSERVED          NORMAL  DEPART  LAST YEAR`S
                 VALUE   DATE(S)  VALUE   FROM    VALUE  DATE(S)
                                          NORMAL
................................................................
TEMPERATURE (F)
RECORD
 HIGH             102   06/09/1874
 LOW               45   06/02/1967
HIGHEST            97   06/19        96       1       94  06/12
LOWEST             62   06/04        56       6       55  06/09
AVG. MAXIMUM     85.9              83.5     2.4     86.1
AVG. MINIMUM     70.7              67.1     3.6     68.9
MEAN             78.3              75.3     3.0     77.5
DAYS MAX >= 90      9               5.9     3.1       12
DAYS MAX <= 32      0               0.0     0.0        0
DAYS MIN <= 32      0               0.0     0.0        0
DAYS MIN <= 0       0               0.0     0.0        0

PRECIPITATION (INCHES)
RECORD
 MAXIMUM        10.53   2006
 MINIMUM         0.37   1954
TOTALS           4.96              4.26    0.70     3.27
DAILY AVG.       0.17              0.14    0.03     0.11
DAYS >= .01        10               9.9     0.1        7
DAYS >= .10         9               6.4     2.6        5
DAYS >= .50         3               2.6     0.4        3
DAYS >= 1.00        1               1.3    -0.3        0
GREATEST
 24 HR. TOTAL    2.28   06/22 TO 06/22

SNOWFALL (INCHES)
RECORDS
 TOTAL            0.0   5
                        0
                        -26215
TOTALS            0.0
SINCE 7/1        15.1               5.8     9.3      5.4
SNOWDEPTH AVG.      0                MM      MM        0
DAYS >= 1.0         0               0.0     0.0        0
GREATEST
 SNOW DEPTH         0   MM                             0  MM
 24 HR TOTAL      0.0   06/30 TO 06/30           06/30 TO 06/30
                                                          06/30 TO 06/30EATHER         OBSERVED          NORMAL  DEPART  LAST YEAR`S
                                                          06/30 TO 06/30EATHER         OBSERVED          NORMAL  DEPART  LAST YEAR`S

DEGREE_DAYS
HEATING TOTAL       0
 SINCE 7/1       3189              3377    -188     2667
COOLING TOTAL     409               315      94      384
 SINCE 1/1        746               481     265      705
.................................................................

WIND (MPH)
AVERAGE WIND SPEED              7.4
HIGHEST WIND SPEED/DIRECTION    31/350    DATE  06/24
HIGHEST GUST SPEED/DIRECTION    45/360    DATE  06/24

SKY COVER
POSSIBLE SUNSHINE (PERCENT)   MM
AVERAGE SKY COVER           0.30

AVERAGE RH (PERCENT)     78

WEATHER CONDITIONS. NUMBER OF DAYS WITH
  0
  9
  0
  0
  0
  0
  0
HAZE                      2

-  INDICATES NEGATIVE NUMBERS.
R  INDICATES RECORD WAS SET OR TIED.
MM INDICATES DATA IS MISSING.
T  INDICATES TRACE AMOUNT.

$$
