000
CXUS51 KAKQ 011426
CLMORF


CLIMATE REPORT
NATIONAL WEATHER SERVICE WAKEFIELD, VA
921 AM EST TUE JAN 1 2019

...................................

...THE NORFOLK VA CLIMATE SUMMARY FOR THE MONTH OF DECEMBER 2018...

CLIMATE NORMAL PERIOD 1981 TO 2010
CLIMATE RECORD PERIOD 1871 TO 2018

WEATHER         OBSERVED          NORMAL  DEPART  LAST YEAR`S
                 VALUE   DATE(S)  VALUE   FROM    VALUE  DATE(S)
                                          NORMAL
................................................................
TEMPERATURE (F)
RECORD
 HIGH              82   12/24/2015
 LOW                5   MM
HIGHEST            70   12/28        73      -3       71  12/23
                        12/21
                        12/02
LOWEST             28   12/19        22       6       22  12/31
                        12/12                             12/29
                        12/06
AVG. MAXIMUM     54.8              52.1     2.7     51.1
AVG. MINIMUM     39.6              36.1     3.5     34.9
MEAN             47.2              44.1     3.1     43.0
DAYS MAX >= 90      0               0.0     0.0        0
DAYS MAX <= 32      0               0.7    -0.7        1
DAYS MIN <= 32      9              10.5    -1.5       11
DAYS MIN <= 0       0               0.0     0.0        0

PRECIPITATION (INCHES)
RECORD
 MAXIMUM         7.57   2009
 MINIMUM         0.66   1933
TOTALS           3.89              3.26    0.63     2.40
DAILY AVG.       0.13              0.11    0.02     0.08
DAYS >= .01        12               9.8     2.2        5
DAYS >= .10         4               5.8    -1.8        3
DAYS >= .50         4               2.2     1.8        2
DAYS >= 1.00        1               0.9     0.1        1
GREATEST
 24 HR. TOTAL    1.54   12/09 TO 12/09

SNOWFALL (INCHES)
RECORDS
 TOTAL           18.6   5
                        0
                        -26215
TOTALS            0.1
SINCE 7/1         0.1               1.2    -1.1        T
SNOWDEPTH AVG.      0                MM      MM        0
DAYS >= 1.0         0               0.2    -0.2        0
GREATEST
 SNOW DEPTH         0   MM                             0  MM
 24 HR TOTAL      0.1   12/05 TO 12/05           12/12 TO 12/12
                                                          12/12 TO 12/12EATHER         OBSERVED          NORMAL  DEPART  LAST YEAR`S
                                                          12/12 TO 12/12EATHER         OBSERVED          NORMAL  DEPART  LAST YEAR`S

DEGREE_DAYS
HEATING TOTAL     543
 SINCE 7/1       1051              1179    -128     1100
COOLING TOTAL       0                 1      -1        0
 SINCE 1/1       2313              1629     684     2107
.................................................................

WIND (MPH)
AVERAGE WIND SPEED              8.1
HIGHEST WIND SPEED/DIRECTION    36/030    DATE  12/09
HIGHEST GUST SPEED/DIRECTION    45/030    DATE  12/09

SKY COVER
POSSIBLE SUNSHINE (PERCENT)   MM
AVERAGE SKY COVER           0.40

AVERAGE RH (PERCENT)     77

WEATHER CONDITIONS. NUMBER OF DAYS WITH
  0
  5
  0
  0
  0
  0
  1
HAZE                      2

-  INDICATES NEGATIVE NUMBERS.
R  INDICATES RECORD WAS SET OR TIED.
MM INDICATES DATA IS MISSING.
T  INDICATES TRACE AMOUNT.

$$
