000
CXUS53 KABR 011715
CLMPIR


CLIMATE REPORT
NATIONAL WEATHER SERVICE ABERDEEN SD
1210 PM CDT FRI JUN 1 2018

...................................

...THE PIERRE SD CLIMATE SUMMARY FOR THE MONTH OF MAY 2018...

CLIMATE NORMAL PERIOD 1981 TO 2010
CLIMATE RECORD PERIOD 1892 TO 2018

WEATHER         OBSERVED          NORMAL  DEPART  LAST YEAR`S
                 VALUE   DATE(S)  VALUE   FROM    VALUE  DATE(S)
                                          NORMAL
................................................................
TEMPERATURE (F)
RECORD
 HIGH             105   05/27/1969
                        05/28/1934
 LOW               21   05/03/2013
HIGHEST            91   05/26        71      20       92  05/07
LOWEST             35   05/02        MM      MM       33  05/01
AVG. MAXIMUM     76.5              70.2     6.3     71.5
AVG. MINIMUM     51.0              45.7     5.3     44.4
MEAN             63.8              57.9     5.9     58.0
DAYS MAX >= 90      2               0.7     1.3        1
DAYS MAX <= 32      0               0.0     0.0        0
DAYS MIN <= 32      0               1.5    -1.5        0
DAYS MIN <= 0       0               0.0     0.0        0

PRECIPITATION (INCHES)
RECORD
 MAXIMUM         7.24   1982
 MINIMUM         0.05   1940
TOTALS           2.78              3.15   -0.37     1.10
DAYS >= .01        10              10.2    -0.2       10
DAYS >= .10         6               6.1    -0.1        5
DAYS >= .50         2               2.0     0.0        0
DAYS >= 1.00        1               0.7     0.3        0

SNOWFALL (INCHES)
RECORDS
 TOTAL            6.5   1950
                        0
                        -26215
 SNOW DEPTH         7   05/05/1950
TOTALS            0.0               0.0     0.0      0.0
SINCE 7/1        48.0              31.9    16.1     32.6
SNOWDEPTH AVG.      0                MM      MM        0
DAYS >= TRACE       0               0.0     0.0        0
DAYS >= 1.0         0               0.0     0.0        0
GREATEST
 SNOW DEPTH         0   MM                             0  MM

DEGREE_DAYS
HEATING TOTAL     130               247    -117      231
 SINCE 7/1       7645              7237     408     6784
COOLING TOTAL      99                28      71       20
 SINCE 1/1        100                32      68       21

FREEZE DATES
RECORD
 EARLIEST     MM
 LATEST       MM
EARLIEST                        MM
LATEST                          MM
.................................................................

WIND (MPH)
AVERAGE WIND SPEED              9.6
RESULTANT WIND SPEED/DIRECTION   1/108
HIGHEST WIND SPEED/DIRECTION    48/330    DATE  05/17
HIGHEST GUST SPEED/DIRECTION    61/350    DATE  05/17

SKY COVER
POSSIBLE SUNSHINE (PERCENT)   MM
AVERAGE SKY COVER           0.30
NUMBER OF DAYS FAIR           23
NUMBER OF DAYS PC              5
NUMBER OF DAYS CLOUDY          3

AVERAGE RH (PERCENT)     67

WEATHER CONDITIONS. NUMBER OF DAYS WITH
  0
  6
  0
  0
  0
  0
  0
HAZE                      3

-  INDICATES NEGATIVE NUMBERS.
R  INDICATES RECORD WAS SET OR TIED.
MM INDICATES DATA IS MISSING.
T  INDICATES TRACE AMOUNT.

$$
