608
CXUS53 KABR 011905
CLMPIR


CLIMATE REPORT
NATIONAL WEATHER SERVICE ABERDEEN SD
1247 PM CST SAT DEC 1 2018

...................................

...THE PIERRE SD CLIMATE SUMMARY FOR THE MONTH OF NOVEMBER 2018...

CLIMATE NORMAL PERIOD 1981 TO 2010
CLIMATE RECORD PERIOD 1892 TO 2018

WEATHER         OBSERVED          NORMAL  DEPART  LAST YEAR`S
                 VALUE   DATE(S)  VALUE   FROM    VALUE  DATE(S)
                                          NORMAL
................................................................
TEMPERATURE (F)
RECORD
 HIGH              87   11/08/1999
 LOW              -18   11/14/1959
HIGHEST            61   11/14                         70  11/23
LOWEST              7   11/09                         10  11/21
AVG. MAXIMUM     39.1              44.1    -5.0     49.3
AVG. MINIMUM     22.5              23.3    -0.8     23.0
MEAN             30.8              33.7    -2.9     36.2
DAYS MAX >= 90      0               0.0     0.0        0
DAYS MAX <= 32      8               6.2     1.8        1
DAYS MIN <= 32     27              24.5     2.5       27
DAYS MIN <= 0       0               0.7    -0.7        0

PRECIPITATION (INCHES)
RECORD
 MAXIMUM         2.68   1922
 MINIMUM            T   1967
                        1945
                        1939
TOTALS           0.52              0.76   -0.24     0.05
DAYS >= .01         8               5.9     2.1        3
DAYS >= .10         1               2.3    -1.3        0
DAYS >= .50         0               0.3    -0.3        0
DAYS >= 1.00        0               0.0     0.0        0

SNOWFALL (INCHES)
RECORDS
 TOTAL           28.9   1985
 SNOW DEPTH        17   11/30/1985
TOTALS            2.5               5.3    -2.8        T
SINCE 7/1         2.5               6.3    -3.8        T
SNOWDEPTH AVG.      0                MM      MM        0
DAYS >= TRACE      13               4.4     8.6        7
DAYS >= 1.0         1               1.9    -0.9        0
GREATEST
 SNOW DEPTH         3   11/09                          0  MM

DEGREE_DAYS
HEATING TOTAL    1020               939      81      858
 SINCE 7/1       1787              1620     167     1457
COOLING TOTAL       0                 0       0        0
 SINCE 1/1       1003               868     135      868

FREEZE DATES
RECORD
 EARLIEST     MM
 LATEST       MM
EARLIEST                        MM
LATEST                          MM
.................................................................

WIND (MPH)
AVERAGE WIND SPEED              9.7
RESULTANT WIND SPEED/DIRECTION   3/347
HIGHEST WIND SPEED/DIRECTION    36/310    DATE  11/06
HIGHEST GUST SPEED/DIRECTION    47/290    DATE  11/15

SKY COVER
POSSIBLE SUNSHINE (PERCENT)   MM
AVERAGE SKY COVER           0.60
NUMBER OF DAYS FAIR            7
NUMBER OF DAYS PC             10
NUMBER OF DAYS CLOUDY         13

AVERAGE RH (PERCENT)     78

-  INDICATES NEGATIVE NUMBERS.
R  INDICATES RECORD WAS SET OR TIED.
MM INDICATES DATA IS MISSING.
T  INDICATES TRACE AMOUNT.

$$
