532
CXUS56 KSGX 011028
CLMRNM

CLIMATE REPORT
NATIONAL WEATHER SERVICE SAN DIEGO, CA
328 AM PDT WED MAY 01 2024

...................................

...THE RAMONA AIRPORT CA CLIMATE SUMMARY FOR THE MONTH OF APRIL 2024...

CLIMATE NORMAL PERIOD: 1991 TO 2020
CLIMATE RECORD PERIOD: 1974 TO 2024

WEATHER         OBSERVED          NORMAL  DEPART   LAST YEAR`S
                VALUE   DATE(S)   VALUE   FROM     VALUE DATE(S)
                                          NORMAL
................................................................
TEMPERATURE (F)
RECORD
 HIGH             98   04/06/1989
 LOW              28   04/10/1999
                       04/03/1997
HIGHEST           83   04/11         73      10       88  04/21
LOWEST            32   04/07         43     -11       29  04/04
AVG. MAXIMUM    70.5               71.7    -1.2     71.6
AVG. MINIMUM    41.6               42.8    -1.2     41.6
MEAN            56.0               57.3    -1.3     56.6
DAYS MAX >= 90     0                1.0    -1.0        0
DAYS MAX <= 32     0                0.0     0.0        0
DAYS MAX >= 45    30                                  30
DAYS MAX >= 120    0                                   0
DAYS MIN <= 32     1                1.0     0.0        3
DAYS MIN <= 0      0                0.0     0.0        0

PRECIPITATION (INCHES)
RECORD
 MAXIMUM        4.19   2020
 MINIMUM        0.00   1993
TOTALS          0.75               1.00   -0.25     0.03
DAILY AVG.      0.03               0.03   -0.00     0.00
DAYS >= .01        8                6.0     2.0        1
DAYS >= .10        2                2.6    -0.6        0
DAYS >= .50        0                0.8    -0.8        0
DAYS >= 1.00       0                0.1    -0.1        0
DAYS >= %-5.2F     0                                   0
DAYS >= %-5.2F     0                                   0
GREATEST
 24 HR. TOTAL   0.63   03/31 TO 03/31               0.03  04/13 TO 04/13
 STORM TOTAL    0.36                                0.03
 (MM/DD(HH))            MM


DEGREE DAYS
HEATING TOTAL    260                239      21      246
 SINCE 7/1      2098               2189     -91       MM
COOLING TOTAL      0                  7      -7        0
 SINCE 1/1         0                  9      -9       MM

FREEZE DATES
RECORD
 EARLIEST     10/10/1974
 LATEST       05/07/1975
EARLIEST                        11/09
LATEST                          04/05
................................................................

WIND (MPH)
AVERAGE WIND SPEED              4.6
RESULTANT WIND SPEED/DIRECTION   3/270
HIGHEST WIND SPEED/DIRECTION    23/290    DATE  04/05
HIGHEST GUST SPEED/DIRECTION    31/300    DATE  04/05

SKY COVER
POSSIBLE SUNSHINE (PERCENT)   MM
AVERAGE SKY COVER           0.44
NUMBER OF DAYS FAIR           13
NUMBER OF DAYS PC              7
NUMBER OF DAYS CLOUDY         10

AVERAGE RH (PERCENT)     69

WEATHER CONDITIONS. NUMBER OF DAYS WITH
THUNDERSTORM              1     MIXED PRECIP               0
HEAVY RAIN                2     RAIN                       3
LIGHT RAIN                8     FREEZING RAIN              0
LT FREEZING RAIN          0     HAIL                       0
HEAVY SNOW                0     SNOW                       0
LIGHT SNOW                0     SLEET                      0
FOG                      29     FOG W/VIS <= 1/4 MILE     12
HAZE                     15

-  INDICATES NEGATIVE NUMBERS.
R  INDICATES RECORD WAS SET OR TIED.
MM INDICATES DATA IS MISSING.
T  INDICATES TRACE AMOUNT.

$$