000
CXUS51 KAKQ 011222
CLMSBY


CLIMATE REPORT
NATIONAL WEATHER SERVICE WAKEFIELD, VA
822 AM EDT SUN APR 1 2018

...................................

...THE SALISBURY MD CLIMATE SUMMARY FOR THE MONTH OF MARCH 2018...

CLIMATE NORMAL PERIOD 1981 TO 2010
CLIMATE RECORD PERIOD 1900 TO 2018

WEATHER         OBSERVED          NORMAL  DEPART  LAST YEAR`S
                 VALUE   DATE(S)  VALUE   FROM    VALUE  DATE(S)
                                          NORMAL
................................................................
TEMPERATURE (F)
RECORD
 HIGH              93   MM
 LOW               10   03/04/2014
HIGHEST            79   03/29        MM      MM       77  03/25
                                                          03/01
LOWEST             22   03/17        MM      MM       18  03/05
AVG. MAXIMUM     50.5              55.0    -4.5     55.1
AVG. MINIMUM     31.7              34.5    -2.8     34.2
MEAN             41.1              44.7    -3.6     44.6
DAYS MAX >= 90      0               0.0     0.0        0
DAYS MAX <= 32      0               0.4    -0.4        0
DAYS MIN <= 32     19              13.5     5.5       16
DAYS MIN <= 0       0               0.0     0.0        0

PRECIPITATION (INCHES)
RECORD
 MAXIMUM           MM   MM
 MINIMUM           MM   MM
TOTALS           3.04              4.42   -1.38     4.63
DAILY AVG.       0.10              0.14   -0.04     0.15
DAYS >= .01         8              11.0    -3.0        9
DAYS >= .10         7               6.9     0.1        5
DAYS >= .50         2               3.1    -1.1        2
DAYS >= 1.00        0               1.0    -1.0        2
GREATEST
 24 HR. TOTAL    0.98   03/20 TO 03/20

SNOWFALL (INCHES)
RECORDS
 TOTAL             MM   MM
TOTALS            0.8
SINCE 7/1        17.2               9.1     8.1      9.6
SNOWDEPTH AVG.      0                MM      MM        0
DAYS >= 1.0         0               0.4    -0.4        0
GREATEST
 SNOW DEPTH         0   MM                             0  MM
 24 HR TOTAL      0.7   03/21 TO 03/21           03/19 TO 03/19
                                                          03/19 TO 03/19
                                                          03/19 TO 03/19

DEGREE_DAYS
HEATING TOTAL     732               630     102      624
 SINCE 7/1       3779              3935    -156     3375
COOLING TOTAL       0                 2      -2        2
 SINCE 1/1          4                 2       2        2
..........................................................

WIND (MPH)
AVERAGE WIND SPEED              10.4
HIGHEST WIND SPEED/DIRECTION    45/320    DATE  03/02
HIGHEST GUST SPEED/DIRECTION    63/320    DATE  03/02

SKY COVER
POSSIBLE SUNSHINE (PERCENT)   MM
AVERAGE SKY COVER           0.40

AVERAGE RH (PERCENT)     67

WEATHER CONDITIONS. NUMBER OF DAYS WITH
THUNDERSTORM              0     MIXED PRECIP               0
HEAVY RAIN                1     RAIN                       4
LIGHT RAIN               10     FREEZING RAIN              0
LT FREEZING RAIN          0     HAIL                       0
HEAVY SNOW                1     SNOW                       0
LIGHT SNOW                5     SLEET                      0
FOG                      11     FOG W/VIS <= 1/4 MILE      1
HAZE                      0

-  INDICATES NEGATIVE NUMBERS.
R  INDICATES RECORD WAS SET OR TIED.
MM INDICATES DATA IS MISSING.
T  INDICATES TRACE AMOUNT.

$$
