937
CXUS51 KAKQ 011945
CLMSBY

CLIMATE REPORT
NATIONAL WEATHER SERVICE WAKEFIELD VA
345 PM EDT WED MAY 01 2024

...................................

...THE SALISBURY MD CLIMATE SUMMARY FOR THE MONTH OF APRIL 2024...

CLIMATE NORMAL PERIOD: 1991 TO 2020
CLIMATE RECORD PERIOD: 1900 TO 2024

WEATHER         OBSERVED          NORMAL  DEPART   LAST YEAR`S
                VALUE   DATE(S)   VALUE   FROM     VALUE DATE(S)
                                          NORMAL
................................................................
TEMPERATURE (F)
RECORD
 HIGH             96   04/27/1915
                       04/26/1915
 LOW              15   04/01/1923
HIGHEST           88   04/29         84       4       89  04/21
LOWEST            33   04/23         28       5       32  04/03
                                                          04/10
AVG. MAXIMUM    67.5               66.1     1.4     72.1
AVG. MINIMUM    45.4               44.1     1.3     47.4
MEAN            56.4               55.1     1.3     59.8
DAYS MAX >= 90     0                0.1    -0.1        0
DAYS MAX <= 32     0                0.0     0.0        0
DAYS MIN <= 32     0                3.9    -3.9        2
DAYS MIN <= 0      0                0.0     0.0        0

PRECIPITATION (INCHES)
RECORD
 MAXIMUM        6.30   1983
 MINIMUM        0.56   1985
TOTALS          1.21               3.42   -2.21     4.94
DAILY AVG.      0.04               0.11   -0.07     0.16
DAYS >= .01        8               10.9    -2.9        6
DAYS >= .10        5                6.9    -1.9        4
DAYS >= .50        0                2.4    -2.4        4
DAYS >= 1.00       0                0.9    -0.9        3
GREATEST
 24 HR. TOTAL   0.41   04/11 TO 04/12

SNOWFALL (INCHES)
RECORDS
 TOTAL          10.0   1915
TOTALS           0.0
SINCE 7/1        1.4                8.0    -6.6       MM
SNOWDEPTH AVG.     0                                   0
DAYS >= 1.0        0                0.1    -0.1        0
GREATEST
 SNOW DEPTH        0                                   0  MM
 24 HR TOTAL     0.0    MM                           0.0

DEGREE DAYS
HEATING TOTAL    276                319     -43      198
 SINCE 7/1      3483               4072    -589       MM
COOLING TOTAL     25                 22       3       48
 SINCE 1/1        25                 24       1       MM
................................................................

WIND (MPH)
AVERAGE WIND SPEED              8.4
HIGHEST WIND SPEED/DIRECTION    32/170    DATE  04/11
                                32/170          04/12
HIGHEST GUST SPEED/DIRECTION    53/170    DATE  04/11
                                53/160          04/12

SKY COVER
POSSIBLE SUNSHINE (PERCENT)   MM
AVERAGE SKY COVER           0.40

AVERAGE RH (PERCENT)     69

WEATHER CONDITIONS. NUMBER OF DAYS WITH
THUNDERSTORM              3     MIXED PRECIP               0
HEAVY RAIN                4     RAIN                       4
LIGHT RAIN               13     FREEZING RAIN              0
LT FREEZING RAIN          0     HAIL                       0
HEAVY SNOW                0     SNOW                       0
LIGHT SNOW                0     SLEET                      0
FOG                       9     FOG W/VIS <= 1/4 MILE      1
HAZE                      3

-  INDICATES NEGATIVE NUMBERS.
R  INDICATES RECORD WAS SET OR TIED.
MM INDICATES DATA IS MISSING.
T  INDICATES TRACE AMOUNT.

$$