000
CXUS51 KAKQ 011253
CLMSBY


CLIMATE REPORT
NATIONAL WEATHER SERVICE WAKEFIELD, VA
753 AM EST FRI FEB 1 2019

...................................

...THE SALISBURY MD CLIMATE SUMMARY FOR THE MONTH OF JANUARY 2019...

CLIMATE NORMAL PERIOD 1981 TO 2010
CLIMATE RECORD PERIOD 1900 TO 2019

WEATHER         OBSERVED          NORMAL  DEPART  LAST YEAR`S
                 VALUE   DATE(S)  VALUE   FROM    VALUE  DATE(S)
                                          NORMAL
................................................................
TEMPERATURE (F)
RECORD
 HIGH              77   01/30/2002
 LOW               -9   01/21/1918
HIGHEST            67   01/01        49      18       68  01/23
LOWEST             10   01/31        31     -21        3  01/07
AVG. MAXIMUM     45.8              44.2     1.6     44.0
AVG. MINIMUM     26.1              26.6    -0.5     23.6
MEAN             36.0              35.4     0.6     33.8
DAYS MAX >= 90      0               0.0     0.0        0
DAYS MAX <= 32      2               4.4    -2.4        7
DAYS MIN <= 32     24              21.9     2.1       24
DAYS MIN <= 0       0               0.1    -0.1        0

PRECIPITATION (INCHES)
RECORD
 MAXIMUM         9.86   1937
 MINIMUM         0.10   1921
TOTALS           3.08              3.61   -0.53     3.53
DAILY AVG.       0.10              0.12   -0.02     0.11
DAYS >= .01        11              10.2     0.8        9
DAYS >= .10         7               6.6     0.4        7
DAYS >= .50         3               2.6     0.4        4
DAYS >= 1.00        1               0.8     0.2        1
GREATEST
 24 HR. TOTAL    1.20   01/24 TO 01/24

SNOWFALL (INCHES)
RECORDS
 TOTAL          999.9   2010
TOTALS            3.7
SINCE 7/1         4.5               5.0    -0.5     16.4
SNOWDEPTH AVG.      0                MM      MM        0
DAYS >= 1.0         2               1.1     0.9        2
GREATEST
 SNOW DEPTH         4R  01/13                          0  MM
 24 HR TOTAL      2.5   01/13 TO 01/13           01/04 TO 01/04
                                                          01/04 TO 01/04EATHER         OBSERVED          NORMAL  DEPART  LAST YEAR`S
                                                          01/04 TO 01/04EATHER         OBSERVED          NORMAL  DEPART  LAST YEAR`S

DEGREE_DAYS
HEATING TOTAL     892               917     -25      959
 SINCE 7/1       2382              2541    -159     2506
COOLING TOTAL       0                 0       0        0
 SINCE 1/1          0                 0       0        0
.................................................................

WIND (MPH)
AVERAGE WIND SPEED              8.6
HIGHEST WIND SPEED/DIRECTION    36/320    DATE  01/20
HIGHEST GUST SPEED/DIRECTION    46/320    DATE  01/20

SKY COVER
POSSIBLE SUNSHINE (PERCENT)   MM
AVERAGE SKY COVER           0.40

AVERAGE RH (PERCENT)     73

WEATHER CONDITIONS. NUMBER OF DAYS WITH
  0
  5
  0
  0
  0
  1
  1
HAZE                      1

-  INDICATES NEGATIVE NUMBERS.
R  INDICATES RECORD WAS SET OR TIED.
MM INDICATES DATA IS MISSING.
T  INDICATES TRACE AMOUNT.

$$
