000
CXUS53 KLBF 011042
CLMVTN


CLIMATE REPORT
NATIONAL WEATHER SERVICE NORTH PLATTE
542 AM CDT TUE MAY 1 2018

...................................

...THE VALENTINE NE CLIMATE SUMMARY FOR THE MONTH OF APRIL 2018...

CLIMATE NORMAL PERIOD 1981 TO 2010
CLIMATE RECORD PERIOD 1885 TO 2018

WEATHER         OBSERVED          NORMAL  DEPART  LAST YEAR`S
                 VALUE   DATE(S)  VALUE   FROM    VALUE  DATE(S)
                                          NORMAL
................................................................
TEMPERATURE (F)
RECORD
 HIGH             100   04/30/1992
 LOW               -8   04/03/1936
HIGHEST            85   04/11        85       0       82  04/14
LOWEST              5   04/04        16     -11       21  04/27
AVG. MAXIMUM     54.4              60.3    -5.9     63.2
AVG. MINIMUM     27.1              33.0    -5.9     35.8
MEAN             40.8              46.7    -5.9     49.5
DAYS MAX >= 90      0               0.3    -0.3        0
DAYS MAX <= 32      4               0.6     3.4        0
DAYS MIN <= 32     19              13.2     5.8       10
DAYS MIN <= 0       0               0.0     0.0        0

PRECIPITATION (INCHES)
RECORD
 MAXIMUM         7.03   1892
 MINIMUM         0.12   1910
TOTALS           1.82              2.22   -0.40     1.36
DAILY AVG.       0.06              0.07   -0.01     0.05
DAYS >= .01        13               9.1     3.9        7
DAYS >= .10         7               4.5     2.5        5
DAYS >= .50         1               1.6    -0.6        0
DAYS >= 1.00        0               0.2    -0.2        0
GREATEST
 24 HR. TOTAL    0.76   04/13 TO 04/13           04/09 TO 04/10
                                                          04/10 TO 04/10EATHER         OBSERVED          NORMAL  DEPART  LAST YEAR`S
                                                          04/10 TO 04/10EATHER         OBSERVED          NORMAL  DEPART  LAST YEAR`S

SNOWFALL (INCHES)
RECORDS
 TOTAL           32.2   1920
TOTALS           15.7               4.6    11.1      0.7
SINCE 7/1        45.5              33.2    12.3     44.5
SNOWDEPTH AVG.      1                MM      MM        0
DAYS >= 1.0         6               1.2     4.8        0
GREATEST
 SNOW DEPTH         9   04/14                          0  MM
 24 HR TOTAL      6.9   04/13 TO 04/13

DEGREE_DAYS
HEATING TOTAL     723               554     169      459
 SINCE 7/1       6695              6683      12     5979
COOLING TOTAL       3                 4      -1        2
 SINCE 1/1          3                 4      -1        2
.................................................................

WIND (MPH)
AVERAGE WIND SPEED              12.2
HIGHEST WIND SPEED/DIRECTION    45/350    DATE  04/13
HIGHEST GUST SPEED/DIRECTION    64/350    DATE  04/13

SKY COVER
POSSIBLE SUNSHINE (PERCENT)   MM
AVERAGE SKY COVER           0.40
NUMBER OF DAYS FAIR           17
NUMBER OF DAYS PC              8
NUMBER OF DAYS CLOUDY          5

AVERAGE RH (PERCENT)     64

WEATHER CONDITIONS. NUMBER OF DAYS WITH
  0
  0
  0
  0
  3
  0
  3
HAZE                      3

-  INDICATES NEGATIVE NUMBERS.
R  INDICATES RECORD WAS SET OR TIED.
MM INDICATES DATA IS MISSING.
T  INDICATES TRACE AMOUNT.

$$
