000
CXUS53 KFGF 011555
CLSGFK

CLIMATE REPORT
NATIONAL WEATHER SERVICE GRAND FORKS
1045 AM CDT THU SEP 1 2022

...................................

...THE GRAND FORKS INTL AP ND CLIMATE SUMMARY FOR THE SEASON, FROM
6/1/2022 TO 8/31/2022...

CLIMATE NORMAL PERIOD 1991 TO 2020
CLIMATE RECORD PERIOD 1941 TO 2022

WEATHER         OBSERVED          NORMAL  DEPART   LAST YEAR`S
                VALUE   DATE(S)   VALUE   FROM     VALUE DATE(S)
                                          NORMAL
................................................................
TEMPERATURE (F)
RECORD
 HIGH            109   07/12/1936
 LOW              28   06/01/1917
                       06/03/1910
                       06/02/1910
HIGHEST          100   06/19         80      20      103  06/04
LOWEST            37   06/03         55     -18       42  06/21
AVG. MAXIMUM    81.5               79.0     2.5     84.6
AVG. MINIMUM    56.5               54.7     1.8     56.6
MEAN            69.0               66.9     2.1     70.6
DAYS MAX >= 90     8                7.2     0.8       27
DAYS MAX <= 32     0                0.0     0.0        0
DAYS MIN <= 32     0                0.1    -0.1        0
DAYS MIN <= 0      0                0.0     0.0        0

PRECIPITATION (INCHES)
RECORD
 MAXIMUM       16.98   1993
 MINIMUM        3.37   1967
TOTALS          8.17              10.10   -1.93     7.93
DAILY AVG.      0.09               0.11   -0.02     0.08
DAYS >= .01       25               31.1    -6.1       26
DAYS >= .10       13               17.6    -4.6       12
DAYS >= .50        7                6.4     0.6        5
DAYS >= 1.00       2                2.4    -0.4        3
GREATEST
 24 HR. TOTAL   1.82    MM                          1.73
 STORM TOTAL    1.41                                1.73
 (MM/DD(HH))            MM

SNOWFALL (INCHES)
RECORDS
 TOTAL            MM   MM
 24 HR TOTAL      MM
 SNOW DEPTH       MM   MM
TOTALS           0.0                0.0     0.0      0.0
 LIQUID EQUIV   0.00               0.00    0.00     0.00
SINCE 7/1        0.0                0.0     0.0       MM
 LIQUID 7/1     0.00               0.00    0.00       MM
SNOWDEPTH AVG.     0                                   0
DAYS >= TRACE      0                0.0     0.0        0
DAYS >= 1.0        0                0.0     0.0        0
GREATEST
 SNOW DEPTH        0                                   0  MM
 24 HR TOTAL      MM    MM                           0.0
 STORM TOTAL     0.0                                 0.0
 (MM/DD(HH))            MM

DEGREE DAYS
HEATING TOTAL     84                165     -81       54
 SINCE 7/1        16                 77     -61       MM
COOLING TOTAL    477                337     140      597
 SINCE 1/1       488                352     136       MM

FREEZE DATES
RECORD
 EARLIEST     MM
 LATEST       MM
EARLIEST                        MM
LATEST                          05/21
................................................................

WIND (MPH)
AVERAGE WIND SPEED              9.3
RESULTANT WIND SPEED/DIRECTION   2/250
HIGHEST WIND SPEED/DIRECTION    43/140    DATE  06/18
HIGHEST GUST SPEED/DIRECTION    62/330    DATE  07/22

SKY COVER
POSSIBLE SUNSHINE (PERCENT)   MM
AVERAGE SKY COVER           0.43
NUMBER OF DAYS FAIR           33
NUMBER OF DAYS PC             53
NUMBER OF DAYS CLOUDY          6

AVERAGE RH (PERCENT)     67

WEATHER CONDITIONS. NUMBER OF DAYS WITH
THUNDERSTORM             19     MIXED PRECIP               0
HEAVY RAIN               10     RAIN                      11
LIGHT RAIN               37     FREEZING RAIN              0
LT FREEZING RAIN          0     HAIL                       0
HEAVY SNOW                0     SNOW                       0
LIGHT SNOW                0     SLEET                      0
FOG                      30     FOG W/VIS <= 1/4 MILE      2
HAZE                      8

-  INDICATES NEGATIVE NUMBERS.
R  INDICATES RECORD WAS SET OR TIED.
MM INDICATES DATA IS MISSING.
T  INDICATES TRACE AMOUNT.

&&

THE SUMMER SEASON AT THE GRAND FORKS INTERNATIONAL AIRPORT OVERALL
HAD ABOVE NORMAL TEMPERATURES AND BELOW NORMAL MOISTURE. THE AVERAGE
TEMPERATURE FOR THE SEASON WAS 69.0 DEGREES WHICH IS 2.1 DEGREES
ABOVE NORMAL.

PRECIPITATION FOR THE SEASON WAS WELL BELOW NORMAL. TOTAL
PRECIPITATION WAS 8.17 INCHES WHICH WAS 1.93 INCHES BELOW NORMAL. A
DRY AUGUST CONTRIBUTED TO THE BELOW AVERAGE SEASONAL RAINFALL AS
ONLY 1.42 INCHES FELL FOR THE MONTH.

REMEMBER, THIS DATA IS PROVISIONAL AND SUBJECT TO CHANGE. THE FINAL
AND OFFICIAL RECORDS WILL BE AVAILABLE FROM THE NATIONAL CENTERS FOR
ENVIRONMENTAL INFORMATION (NCEI).

$$
