000
CXUS56 KTFX 141427
CF6CTB
PRELIMINARY LOCAL CLIMATOLOGICAL DATA (WS FORM: F-6)
STATION: CUT BANK MT
MONTH: MAY
YEAR: 2021
LATITUDE: 48 37 N
LONGITUDE: 112 23 W
TEMPERATURE IN F: :PCPN: SNOW: WIND :SUNSHINE: SKY :PK WND
================================================================================
1 2 3 4 5 6A 6B 7 8 9 10 11 12 13 14 15 16 17 18
12Z AVG MX 2MIN
DY MAX MIN AVG DEP HDD CDD WTR SNW DPTH SPD SPD DIR MIN PSBL S-S WX SPD DR
================================================================================
1 69 36 53 9 12 0 0.05 M 0 13.5 39 360 M M 4 49 360
2 52 31 42 -3 23 0 0.11 M 0 13.9 23 350 M M 7 30 300
3 56 27 42 -3 23 0 T M 0 6.8 29 250 M M 5 37 250
4 60 37 49 4 16 0 0.01 M 0 13.5 33 260 M M 8 47 260
5 58 33 46 0 19 0 T M 0 8.9 15 350 M M 5 20 360
6 70 33 52 6 13 0 0.00 M 0 13.6 24 140 M M 0 33 130
7 54 38 46 0 19 0 0.13 M 0 10.9 26 250 M M 6 1 35 260
8 45 34 40 -7 25 0 0.04 M 0 20.5 31 310 M M 7 1 41 250
9 42 32 37 -10 28 0 0.06 M 0 12.3 23 320 M M 10 1 30 340
10 52 34 43 -5 22 0 0.03 M 0 5.1 14 160 M M 8 1 21 150
11 58 25 42 -6 23 0 0.27 M 0 7.8 25 270 M M 3 13 33 260
12 64 30 47 -1 18 0 0.00 M 0 5.6 20 280 M M 2 27 280
13 64 39 52 3 13 0 T M 0 9.1 24 330 M M 8 29 330
14 68 32 50 1 15 0 0.00 M 0 6.1 14 110 M M 1 22 70
15 72 34 53 3 12 0 0.00 M 0 4.0 14 260 M M 1 19 280
16 76 38 57 7 8 0 0.00 M 0 5.2 14 350 M M 0 19 340
17 81 41 61 11 4 0 0.00 M 0 11.5 25 250 M M 0 34 210
18 64 38 51 1 14 0 0.00 M 0 25.4 45 260 M M 0 8 61 250
19 52 31 42 -9 23 0 0.37 M 0 8.9 20 40 M M 7 18 26 50
20 35 25 30 -21 35 0 0.08 M 3 18.5 33 360 M M 10 12 40 360
21 30 25 28 -24 37 0 0.20 M 2 9.7 15 360 M M 10 1 17 10
22 37 28 33 -19 32 0 0.37 M 3 4.4 13 330 M M 10 1 15 330
23 38 32 35 -17 30 0 0.40 M 0 6.4 15 320 M M 9 123 19 330
24 57 32 45 -7 20 0 0.04 M 0 21.3 45 250 M M 7 12 55 250
25 58 43 51 -2 14 0 T M 0 9.4 21 310 M M 9 28 320
26 58 42 50 -3 15 0 0.02 M 0 10.2 20 140 M M 7 1 25 150
27 73 33 53 0 12 0 0.00 M 0 13.4 35 250 M M 2 12 46 260
28 57 42 50 -4 15 0 0.00 M 0 26.3 47 250 M M 1 60 250
29 65 36 51 -3 14 0 0.00 M 0 9.0 17 270 M M 1 23 270
30 71 34 53 -1 12 0 0.00 M 0 5.3 14 240 M M 0 22 240
31 77 41 59 5 6 0 0.00 M 0 7.7 22 340 M M 1 29 340
================================================================================
SM 1813 1056 572 0 2.18 M 344.2 M 149
================================================================================
AV 58.5 34.1 11.1 FASTST M M 5 MAX(MPH)
MISC ----> 47 250 61 250
================================================================================
NOTES:
# LAST OF SEVERAL OCCURRENCES
COLUMN 17 PEAK WIND IN M.P.H.
PRELIMINARY LOCAL CLIMATOLOGICAL DATA (WS FORM: F-6) , PAGE 2
STATION: CUT BANK MT
MONTH: MAY
YEAR: 2021
LATITUDE: 48 37 N
LONGITUDE: 112 23 W
[TEMPERATURE DATA] [PRECIPITATION DATA] SYMBOLS USED IN COLUMN 16
AVERAGE MONTHLY: 46.3 TOTAL FOR MONTH: 2.18 1 = FOG OR MIST
DPTR FM NORMAL: -3.3 DPTR FM NORMAL: 0.53 2 = FOG REDUCING VISIBILITY
HIGHEST: 81 ON 17 GRTST 24HR 0.40 ON 23-23 TO 1/4 MILE OR LESS
LOWEST: 25 ON 21,20 3 = THUNDER
SNOW, ICE PELLETS, HAIL 4 = ICE PELLETS
TOTAL MONTH: M 5 = HAIL
GRTST 24HR M ON M 6 = FREEZING RAIN OR DRIZZLE
GRTST DEPTH: 3 ON 22,20 7 = DUSTSTORM OR SANDSTORM:
VSBY 1/2 MILE OR LESS
8 = SMOKE OR HAZE
[NO. OF DAYS WITH] [WEATHER - DAYS WITH] 9 = BLOWING SNOW
X = TORNADO
MAX 32 OR BELOW: 1 0.01 INCH OR MORE: 15
MAX 90 OR ABOVE: 0 0.10 INCH OR MORE: 7
MIN 32 OR BELOW: 12 0.50 INCH OR MORE: 0
MIN 0 OR BELOW: 0 1.00 INCH OR MORE: 0
[HDD (BASE 65) ]
TOTAL THIS MO. 572 CLEAR (SCALE 0-3) 13
DPTR FM NORMAL 95 PTCLDY (SCALE 4-7) 12
TOTAL FM JUL 1 8118 CLOUDY (SCALE 8-10) 6
DPTR FM NORMAL -226
[CDD (BASE 65) ]
TOTAL THIS MO. 0
DPTR FM NORMAL -1 [PRESSURE DATA]
TOTAL FM JAN 1 0 HIGHEST SLP 30.40 ON 22
DPTR FM NORMAL -1 LOWEST SLP 29.60 ON 24
[REMARKS]
#FINAL-05-21#