000
CXUS54 KEWX 011011
CF6DZB
PRELIMINARY LOCAL CLIMATOLOGICAL DATA (WS FORM: F-6)
STATION: HORSESHOE BAY
MONTH: OCTOBER
YEAR: 2022
LATITUDE: 30 31 N
LONGITUDE: 98 22 W
TEMPERATURE IN F: :PCPN: SNOW: WIND :SUNSHINE: SKY :PK WND
================================================================================
1 2 3 4 5 6A 6B 7 8 9 10 11 12 13 14 15 16 17 18
12Z AVG MX 2MIN
DY MAX MIN AVG DEP HDD CDD WTR SNW DPTH SPD SPD DIR MIN PSBL S-S WX SPD DR
================================================================================
1 88 51 70 M 0 5 0.00 M M 3.0 8 70 M M 0 M M
2 86 50 68 M 0 3 0.00 M M 2.3 7 90 M M 0 M M
3 87 49 68 M 0 3 0.00 M M 2.3 7 80 M M 0 M M
4 89 52 71 M 0 6 0.00 M M 2.0 8 160 M M 0 M M
5 90 55 73 M 0 8 0.00 M M 1.9 7 360 M M 0 M M
6 89 58 74 M 0 9 0.00 M M 2.6 10 360 M M 0 M M
7 85 62 74 M 0 9 0.00 M M 1.4 5 120 M M 0 M M
8 87 54 71 M 0 6 0.00 M M 2.3 8 100 M M 0 22 0
9 88 59 74 M 0 9 0.00 M M 2.7 8 150 M M 1 9 210
10 88 59 74 M 0 9 0.00 M M 6.7 15 150 M M 1 21 150
11 88 62 75 M 0 10 0.00 M M 6.5 15 200 M M 2 25 170
12 96 68 82 M 0 17 0.00 M M 4.6 10 210 M M 3 20 230
13 89 58 74 M 0 9 0.00 M M 3.4 10 50 M M 0 17 40
14 91 54 73 M 0 8 0.00 M M 4.8 14 180 M M 2 8 22 180
15 92 72 82 M 0 17 0.00 M M 7.7 15 180 M M 3 23 170
16 90 65 78 M 0 13 0.13 M M 5.3 13 50 M M 6 22 50
17 73 58 66 M 0 1 0.07 M M 5.8 13 40 M M 6 22 40
18 69 44 57 M 8 0 0.00 M M 4.6 9 360 M M 2 18 360
19 75 38 57 M 8 0 0.00 M M 2.5 8 180 M M 0 M M
20 87 46 67 M 0 2 0.00 0.0 M 4.6 15 220 M M 0 20 220
21 90 53 72 M 0 7 0.00 0.0 M 5.2 15 180 M M 0 21 160
22 89 64 77 M 0 12 0.00 M M 9.4 16 190 M M 1 25 190
23 88 70 79 M 0 14 0.00 M M 11.2 21 180 M M 7 31 180
24 88 62 75 M 0 10 0.24 M M 10.2 16 180 M M 8 3 25 180
25 75 50 63 M 2 0 0.00 0.0 M 9.5 27 320 M M 0 45 320
26 78 42 60 M 5 0 0.00 M M 4.4 10 120 M M 0 17 150
27 80 46 63 M 2 0 0.00 M M 6.0 12 150 M M 4 20 170
28 67 56 62 M 3 0 0.65 M M 8.4 14 330 M M 10 3 21 330
29 68 51 60 M 5 0 0.00 M M 7.2 15 320 M M 6 22 330
30 74 48 61 M 4 0 0.00 M M 1.8 6 50 M M 0 M M
31 80 50 65 M 0 0 0.00 M M 1.2 5 160 M M 1 M M
================================================================================
SM 2604 1706 37 187 1.09 0.0 151.5 M 63
================================================================================
AV 84.0 55.0 4.9 FASTST M M 2 MAX(MPH)
MISC ----> 27 320 45 320
================================================================================
NOTES:
# LAST OF SEVERAL OCCURRENCES
COLUMN 17 PEAK WIND IN M.P.H.
PRELIMINARY LOCAL CLIMATOLOGICAL DATA (WS FORM: F-6) , PAGE 2
STATION: HORSESHOE BAY
MONTH: OCTOBER
YEAR: 2022
LATITUDE: 30 31 N
LONGITUDE: 98 22 W
[TEMPERATURE DATA] [PRECIPITATION DATA] SYMBOLS USED IN COLUMN 16
AVERAGE MONTHLY: 69.5 TOTAL FOR MONTH: 1.09 1 = FOG OR MIST
DPTR FM NORMAL: 0.0 DPTR FM NORMAL: M 2 = FOG REDUCING VISIBILITY
HIGHEST: 96 ON 12 GRTST 24HR 0.65 ON 28-28 TO 1/4 MILE OR LESS
LOWEST: 38 ON 19 3 = THUNDER
SNOW, ICE PELLETS, HAIL 4 = ICE PELLETS
TOTAL MONTH: 0.0 INCH 5 = HAIL
GRTST 24HR 0.0 6 = FREEZING RAIN OR DRIZZLE
GRTST DEPTH: M ON M 7 = DUSTSTORM OR SANDSTORM:
VSBY 1/2 MILE OR LESS
8 = SMOKE OR HAZE
[NO. OF DAYS WITH] [WEATHER - DAYS WITH] 9 = BLOWING SNOW
X = TORNADO
MAX 32 OR BELOW: 0 0.01 INCH OR MORE: 4
MAX 90 OR ABOVE: 6 0.10 INCH OR MORE: 3
MIN 32 OR BELOW: 0 0.50 INCH OR MORE: 1
MIN 0 OR BELOW: 0 1.00 INCH OR MORE: 0
[HDD (BASE 65) ]
TOTAL THIS MO. 37 CLEAR (SCALE 0-3) 22
DPTR FM NORMAL M PTCLDY (SCALE 4-7) 8
TOTAL FM JUL 1 37 CLOUDY (SCALE 8-10) 1
DPTR FM NORMAL M
[CDD (BASE 65) ]
TOTAL THIS MO. 187
DPTR FM NORMAL M [PRESSURE DATA]
TOTAL FM JAN 1 3482 HIGHEST SLP M ON M
DPTR FM NORMAL M LOWEST SLP M ON M
[REMARKS]
#FINAL-10-22#