000
CXUS54 KFWD 010838
CF6INJ
PRELIMINARY LOCAL CLIMATOLOGICAL DATA (WS FORM: F-6)
STATION: HILLSBORO
MONTH: FEBRUARY
YEAR: 2024
LATITUDE: 32 0 N
LONGITUDE: 97 6 W
TEMPERATURE IN F: :PCPN: SNOW: WIND :SUNSHINE: SKY :PK WND
================================================================================
1 2 3 4 5 6A 6B 7 8 9 10 11 12 13 14 15 16 17 18
12Z AVG MX 2MIN
DY MAX MIN AVG DEP HDD CDD WTR SNW DPTH SPD SPD DIR MIN PSBL S-S WX SPD DR
================================================================================
1 72 48 60 12 5 0 0.00 M M 7.8 18 170 M M 0 25 170
2 66 53 60 12 5 0 0.89 M M 12.6 31 130 M M 9 13 40 130
3 69 47 58 10 7 0 0.10 M M 7.8 17 240 M M 5 25 240
4 64 41 53 5 12 0 0.00 M M 8.8 18 330 M M 6 2 28 350
5 61 44 53 4 12 0 0.00 M M 13.8 23 340 M M 4 30 350
6 70 37 54 5 11 0 0.00 M M 1.3 5 110 M M 0 1 M M
7 65 48 57 8 8 0 0.00 M M 13.2 21 160 M M 1 27 160
8 68 55 62 13 3 0 0.00 M M 6.4 14 160 M M 3 M M
9 73 54 64 15 1 0 0.00 M M 5.1 10 240 M M 5 1 16 240
10 64 53 59 10 6 0 0.34 M M 7.3 17 90 M M 10 1 23 90
11 55 42 49 -1 16 0 0.70 M M 14.2 18 310 M M 9 13 25 310
12 56 37 47 -3 18 0 0.00 M M 15.0 23 300 M M 4 29 310
13 65 31 48 -2 17 0 0.00 M M 4.7 12 210 M M 0 M M
14 67 43 55 5 10 0 0.00 M M 10.3 17 180 M M 1 21 180
15 71 51 61 11 4 0 0.00 M M 7.7 12 200 M M 0 M M
16 73 46 60 10 5 0 0.00 M M 13.7 22 330 M M 0 28 350
17 46 35 41 -10 24 0 0.00 M M 15.5 22 360 M M 4 29 10
18 54 24 39 -12 26 0 0.00 M M 3.9 9 340 M M 0 M M
19 67 35 51 0 14 0 0.00 M M 10.7 21 190 M M 0 26 190
20 80 43 62 11 3 0 0.00 M M 9.1 18 190 M M 0 23 190
21 78 57 68 16 0 3 0.00 M M 16.5 25 170 M M 3 31 170
22 83 53 68 16 0 3 0.00 M M 13.7 22 300 M M 2 26 300
23 72 44 58 6 7 0 0.00 M M 8.5 16 350 M M 0 24 350
24 78 40 59 7 6 0 0.00 M M 4.8 13 170 M M 0 16 200
25 83 52 68 15 0 3 0.00 M M 12.2 18 190 M M 0 25 200
26 89 58 74 21 0 9 0.00 M M 12.0 18 190 M M 0 1 25 180
27 76 66 71 18 0 6 0.00 M M 14.0 20 200 M M 5 1 25 200
28 70 43 57 4 8 0 0.00 M M 15.8 36 350 M M 3 47 350
29 58 41 50 -4 15 0 0.09 M M 7.0 15 70 M M 9 24 70
================================================================================
SM 1993 1321 243 24 2.12 M 293.3 M 83
================================================================================
AV 68.7 45.6 10.1 FASTST M M 3 MAX(MPH)
MISC ----> 36 350 47 350
================================================================================
NOTES:
# LAST OF SEVERAL OCCURRENCES
COLUMN 17 PEAK WIND IN M.P.H.
PRELIMINARY LOCAL CLIMATOLOGICAL DATA (WS FORM: F-6) , PAGE 2
STATION: HILLSBORO
MONTH: FEBRUARY
YEAR: 2024
LATITUDE: 32 0 N
LONGITUDE: 97 6 W
[TEMPERATURE DATA] [PRECIPITATION DATA] SYMBOLS USED IN COLUMN 16
AVERAGE MONTHLY: 57.1 TOTAL FOR MONTH: 2.12 1 = FOG OR MIST
DPTR FM NORMAL: 6.7 DPTR FM NORMAL: -0.80 2 = FOG REDUCING VISIBILITY
HIGHEST: 89 ON 26 GRTST 24HR 0.89 ON 2- 2 TO 1/4 MILE OR LESS
LOWEST: 24 ON 18 3 = THUNDER
SNOW, ICE PELLETS, HAIL 4 = ICE PELLETS
TOTAL MONTH: M 5 = HAIL
GRTST 24HR M ON M 6 = FREEZING RAIN OR DRIZZLE
GRTST DEPTH: M ON M 7 = DUSTSTORM OR SANDSTORM:
VSBY 1/2 MILE OR LESS
8 = SMOKE OR HAZE
[NO. OF DAYS WITH] [WEATHER - DAYS WITH] 9 = BLOWING SNOW
X = TORNADO
MAX 32 OR BELOW: 0 0.01 INCH OR MORE: 5
MAX 90 OR ABOVE: 0 0.10 INCH OR MORE: 4
MIN 32 OR BELOW: 2 0.50 INCH OR MORE: 2
MIN 0 OR BELOW: 0 1.00 INCH OR MORE: 0
[HDD (BASE 65) ]
TOTAL THIS MO. 243 CLEAR (SCALE 0-3) 18
DPTR FM NORMAL -171 PTCLDY (SCALE 4-7) 7
TOTAL FM JUL 1 1590 CLOUDY (SCALE 8-10) 4
DPTR FM NORMAL -293
[CDD (BASE 65) ]
TOTAL THIS MO. 24
DPTR FM NORMAL 18 [PRESSURE DATA]
TOTAL FM JAN 1 24 HIGHEST SLP M ON M
DPTR FM NORMAL 16 LOWEST SLP M ON M
[REMARKS]
#FINAL-02-24#