000
CXUS53 KGID 012237 AAA
CF6ODX
PRELIMINARY LOCAL CLIMATOLOGICAL DATA (WS FORM: F-6)
STATION: ORD NE
MONTH: DECEMBER
YEAR: 2023
LATITUDE: 41 37 N
LONGITUDE: 98 57 W
TEMPERATURE IN F: :PCPN: SNOW: WIND :SUNSHINE: SKY :PK WND
================================================================================
1 2 3 4 5 6A 6B 7 8 9 10 11 12 13 14 15 16 17 18
12Z AVG MX 2MIN
DY MAX MIN AVG DEP HDD CDD WTR SNW DPTH SPD SPD DIR MIN PSBL S-S WX SPD DR
================================================================================
1 37 17 27 -3 38 0 0.00 M M 4.5 8 150 M M 1 13 150
2 43 20 32 2 33 0 0.00 M M 8.2 21 200 M M 3 1 26 200
3 42 16 29 0 36 0 0.00 M M 6.1 23 330 M M 2 32 330
4 48 17 33 4 32 0 0.01 M M 8.9 31 330 M M 2 41 320
5 44 26 35 6 30 0 0.00 M M 6.6 18 310 M M 2 28 300
6 66 28 47 19 18 0 0.00 M M 4.6 16 270 M M 0 20 250
7 62 21 42 14 23 0 0.00 M M 5.0 17 260 M M 0 24 260
8 54 32 43 15 22 0 0.00 M M 11.5 29 320 M M 1 41 320
9 42 22 32 5 33 0 0.00 M M 20.6 35 320 M M 3 48 310
10 45 16 31 4 34 0 0.00 M M 2.5 10 300 M M 1 13 210
11 54 15 35 8 30 0 0.00 M M 5.9 18 360 M M 2 26 360
12 35 20 28 1 37 0 0.00 M M 5.3 10 30 M M 6 16 350
13 44 16 30 4 35 0 0.00 M M 3.3 8 170 M M 1 13 220
14 45 26 36 10 29 0 T M M 9.2 23 170 M M 7 1 31 170
15 46 34 40 14 25 0 T M M 8.3 24 170 M M 7 1 32 180
16 41 18 30 4 35 0 T M M 9.7 20 300 M M 7 18 26 300
17 56 19 38 12 27 0 0.00 M M 9.9 24 340 M M 0 1 33 350
18 41 15 28 3 37 0 0.00 M M 7.5 17 340 M M 0 23 330
19 55 25 40 15 25 0 0.00 M M 7.1 15 210 M M 0 21 190
20 46 21 34 9 31 0 0.00 M M 4.1 10 320 M M 0 18 11 120
21 53 23 38 13 27 0 0.00 M M 3.5 15 180 M M 4 12 19 200
22 64 20 42 17 23 0 0.00 M M 2.9 8 300 M M 0 1 11 330
23 54 25 40 15 25 0 0.07 M M 7.8 20 170 M M 5 1 28 140
24 54 29 42 18 23 0 0.91 M M 22.0 35 340 M M 10 1 45 340
25 29 24 27 3 38 0 0.30 M M 23.0 33 330 M M 5 12 49 330
26 31 25 28 4 37 0 T M M 8.7 16 330 M M 8 168 21 320
27 30 24 27 3 38 0 0.04 M M 5.6 13 330 M M 10 18 16 320
28 32 20 26 2 39 0 0.02 M M 9.8 20 320 M M 9 1 24 310
29 43 10 27 3 38 0 0.00 M M 8.4 15 320 M M 0 19 310
30 42 21 32 8 33 0 0.00 M M 8.4 23 330 M M 2 28 340
31 28 8 18 -6 47 0 0.00 M M 9.4 20 350 M M 6 26 330
================================================================================
SM 1406 653 978 0 1.35 M 258.3 M 104
================================================================================
AV 45.4 21.1 8.3 FASTST M M 3 MAX(MPH)
MISC ----> # 35 320 49 330
================================================================================
NOTES:
# LAST OF SEVERAL OCCURRENCES
COLUMN 17 PEAK WIND IN M.P.H.
PRELIMINARY LOCAL CLIMATOLOGICAL DATA (WS FORM: F-6) , PAGE 2
STATION: ORD NE
MONTH: DECEMBER
YEAR: 2023
LATITUDE: 41 37 N
LONGITUDE: 98 57 W
[TEMPERATURE DATA] [PRECIPITATION DATA] SYMBOLS USED IN COLUMN 16
AVERAGE MONTHLY: 33.2 TOTAL FOR MONTH: 1.35 1 = FOG OR MIST
DPTR FM NORMAL: 7.0 DPTR FM NORMAL: 0.79 2 = FOG REDUCING VISIBILITY
HIGHEST: 66 ON 6 GRTST 24HR 0.98 ON 23-24 TO 1/4 MILE OR LESS
LOWEST: 8 ON 31 3 = THUNDER
SNOW, ICE PELLETS, HAIL 4 = ICE PELLETS
TOTAL MONTH: M 5 = HAIL
GRTST 24HR M ON M 6 = FREEZING RAIN OR DRIZZLE
GRTST DEPTH: M ON M 7 = DUSTSTORM OR SANDSTORM:
VSBY 1/2 MILE OR LESS
8 = SMOKE OR HAZE
[NO. OF DAYS WITH] [WEATHER - DAYS WITH] 9 = BLOWING SNOW
X = TORNADO
MAX 32 OR BELOW: 5 0.01 INCH OR MORE: 6
MAX 90 OR ABOVE: 0 0.10 INCH OR MORE: 2
MIN 32 OR BELOW: 30 0.50 INCH OR MORE: 1
MIN 0 OR BELOW: 0 1.00 INCH OR MORE: 0
[HDD (BASE 65) ]
TOTAL THIS MO. 978 CLEAR (SCALE 0-3) 19
DPTR FM NORMAL -225 PTCLDY (SCALE 4-7) 9
TOTAL FM JUL 1 2227 CLOUDY (SCALE 8-10) 3
DPTR FM NORMAL -472
[CDD (BASE 65) ]
TOTAL THIS MO. 0
DPTR FM NORMAL 0 [PRESSURE DATA]
TOTAL FM JAN 1 1052 HIGHEST SLP 30.65 ON 13
DPTR FM NORMAL 213 LOWEST SLP 29.45 ON 7
[REMARKS]
- SUBSTITUTED LIQUID PRECIPITATION AMOUNT (0.30) FOR 12/25/2023 FROM
LOCAL COOPERATIVE OBSERVER (ORD #2, SITE 25-6336) DUE TO THE
AUTOMATED GAUGE CAPTURE UNDER-REPRESENTING PRECIPITAITON FROM THE
SNOW EVENT.
- SUBSTITUTED LIQUID PRECIPITATION AMOUNT (0.04) FOR 12/27/2023 FROM
LOCAL COOPERATIVE OBSERVER (ORD #2, SITE 25-6336) DUE TO THE
AUTOMATED GAUGE CAPTURE UNDER-REPRESENTING PRECIPITAITON FROM THE
SNOW EVENT.
- SUBSTITUTED LIQUID PRECIPITATION AMOUNT (0.02) FOR 12/28/2023 FROM
LOCAL COOPERATIVE OBSERVER (ORD #2, SITE 25-6336) DUE TO THE
AUTOMATED GAUGE CAPTURE UNDER-REPRESENTING PRECIPITAITON FROM THE
SNOW EVENT.
#FINAL-12-23#