000
CXUS53 KMKX 010810
CF6SBM
PRELIMINARY LOCAL CLIMATOLOGICAL DATA (WS FORM: F-6)
STATION: SHEBOYGAN WI
MONTH: AUGUST
YEAR: 2022
LATITUDE: 43 46 N
LONGITUDE: 87 51 W
TEMPERATURE IN F: :PCPN: SNOW: WIND :SUNSHINE: SKY :PK WND
================================================================================
1 2 3 4 5 6A 6B 7 8 9 10 11 12 13 14 15 16 17 18
12Z AVG MX 2MIN
DY MAX MIN AVG DEP HDD CDD WTR SNW DPTH SPD SPD DIR MIN PSBL S-S WX SPD DR
================================================================================
1 84 63 74 5 0 9 T M M 10.2 21 270 M M 4 1 31 290
2 78 58 68 -1 0 3 0.00 M M 6.9 18 180 M M 1 12 24 180
3 83 70 77 8 0 12 0.11 M M 9.8 25 200 M M 2 123 33 220
4 77 59 68 -1 0 3 0.00 M M 8.5 18 50 M M 0 1 23 50
5 81 60 71 2 0 6 0.00 M M 5.6 10 170 M M 3 128 16 120
6 90 69 80 11 0 15 T M M 8.3 16 180 M M 2 123 23 210
7 83 67 75 6 0 10 0.32 M M 7.4 30 240 M M 9 12 47 250
8 77 56 67 -2 0 2 0.40 M M 6.0 17 330 M M 8 123 24 320
9 76 52 64 -5 1 0 0.00 M M 2.8 9 130 M M 1 12 15 130
10 85 57 71 2 0 6 0.02 M M 7.5 16 30 M M 1 23 40
11 75 52 64 -4 1 0 0.00 M M 6.6 18 40 M M 1 25 60
12 72 50 61 -7 4 0 0.00 M M 3.1 10 180 M M 1 1 16 130
13 69 63 66 -2 0 1 0.82 M M 8.6 17 160 M M 9 13 30 160
14 71 63 67 -1 0 2 0.03 M M 8.0 16 40 M M 10 1 20 40
15 77 57 67 -1 0 2 T M M 6.3 13 70 M M 6 1 18 50
16 78 58 68 0 0 3 0.00 M M 6.6 12 40 M M 0 1 M M
17 80 58 69 1 0 4 0.00 M M 2.1 9 70 M M 0 15 50
18 82 57 70 2 0 5 0.00 M M 6.1 15 170 M M 2 1 19 210
19 78 61 70 2 0 5 0.05 M M 6.5 20 230 M M 5 1 27 220
20 75 63 69 2 0 4 0.13 M M 4.6 16 200 M M 8 12 21 200
21 77 59 68 1 0 3 0.00 M M 5.5 15 330 M M 6 12 20 330
22 81 56 69 2 0 4 0.00 M M 4.0 10 60 M M 2 12 16 60
23 86 58 72 5 0 7 0.00 M M 5.2 10 140 M M 0 15 300
24 86 62 74 7 0 9 0.00 M M 6.3 15 190 M M 0 8 21 260
25 78 64 71 5 0 6 0.45 M M 7.3 14 40 M M 9 1 20 190
26 76 57 67 1 0 2 0.00 M M 4.9 10 40 M M 2 1 16 360
27 78 52 65 -1 0 0 T M M 5.2 21 180 M M 2 12 27 180
28 80 59 70 4 0 5 0.21 M M 7.9 18 180 M M 3 138 28 160
29 83 64 74 8 0 9 0.00 M M 9.7 20 250 M M 2 1 30 230
30 77 61 69 3 0 4 0.00 M M 11.6 23 320 M M 1 33 300
31 84 60 72 7 0 7 0.00 M M 8.2 18 290 M M 1 28 300
================================================================================
SM 2457 1845 6 148 2.54 M 207.3 M 101
================================================================================
AV 79.3 59.5 6.7 FASTST M M 3 MAX(MPH)
MISC ----> 30 240 47 250
================================================================================
NOTES:
# LAST OF SEVERAL OCCURRENCES
COLUMN 17 PEAK WIND IN M.P.H.
PRELIMINARY LOCAL CLIMATOLOGICAL DATA (WS FORM: F-6) , PAGE 2
STATION: SHEBOYGAN WI
MONTH: AUGUST
YEAR: 2022
LATITUDE: 43 46 N
LONGITUDE: 87 51 W
[TEMPERATURE DATA] [PRECIPITATION DATA] SYMBOLS USED IN COLUMN 16
AVERAGE MONTHLY: 69.4 TOTAL FOR MONTH: 2.54 1 = FOG OR MIST
DPTR FM NORMAL: 1.7 DPTR FM NORMAL: -0.52 2 = FOG REDUCING VISIBILITY
HIGHEST: 90 ON 6 GRTST 24HR 0.85 ON 13-14 TO 1/4 MILE OR LESS
LOWEST: 50 ON 12 3 = THUNDER
SNOW, ICE PELLETS, HAIL 4 = ICE PELLETS
TOTAL MONTH: M 5 = HAIL
GRTST 24HR M ON M 6 = FREEZING RAIN OR DRIZZLE
GRTST DEPTH: M ON M 7 = DUSTSTORM OR SANDSTORM:
VSBY 1/2 MILE OR LESS
8 = SMOKE OR HAZE
[NO. OF DAYS WITH] [WEATHER - DAYS WITH] 9 = BLOWING SNOW
X = TORNADO
MAX 32 OR BELOW: 0 0.01 INCH OR MORE: 10
MAX 90 OR ABOVE: 1 0.10 INCH OR MORE: 7
MIN 32 OR BELOW: 0 0.50 INCH OR MORE: 1
MIN 0 OR BELOW: 0 1.00 INCH OR MORE: 0
[HDD (BASE 65) ]
TOTAL THIS MO. 6 CLEAR (SCALE 0-3) 20
DPTR FM NORMAL -28 PTCLDY (SCALE 4-7) 6
TOTAL FM JUL 1 12 CLOUDY (SCALE 8-10) 5
DPTR FM NORMAL -52
[CDD (BASE 65) ]
TOTAL THIS MO. 148
DPTR FM NORMAL 30 [PRESSURE DATA]
TOTAL FM JAN 1 505 HIGHEST SLP M ON M
DPTR FM NORMAL 139 LOWEST SLP 29.68 ON 3
[REMARKS]
#FINAL-08-22#