000
CXUS54 KFWD 132226
CF6SEP
PRELIMINARY LOCAL CLIMATOLOGICAL DATA (WS FORM: F-6)
STATION: STEPHENVILLE
MONTH: DECEMBER
YEAR: 2022
LATITUDE: 32 13 N
LONGITUDE: 98 11 W
TEMPERATURE IN F: :PCPN: SNOW: WIND :SUNSHINE: SKY :PK WND
================================================================================
1 2 3 4 5 6A 6B 7 8 9 10 11 12 13 14 15 16 17 18
12Z AVG MX 2MIN
DY MAX MIN AVG DEP HDD CDD WTR SNW DPTH SPD SPD DIR MIN PSBL S-S WX SPD DR
================================================================================
1 53 32 43 -5 22 0 0.00 M M 6.2 15 170 M M 6 21 170
2 76 46 61 13 4 0 0.00 M M 8.7 20 220 M M 6 28 220
3 60 44 52 5 13 0 0.00 M M 9.3 18 360 M M 2 29 360
4 57 42 50 3 15 0 0.00 M M 5.3 9 340 M M 10 M M
5 80 54 67 20 0 2 0.00 M M 8.7 15 230 M M 4 23 230
6 77 59 68 22 0 3 0.00 M M 2.6 7 210 M M 3 M M
7 73 64 69 23 0 4 0.02 M M 4.3 13 170 M M 9 18 160
8 78 59 69 23 0 4 0.14 M M 2.8 9 190 M M 9 M M
9 65 61 63 17 2 0 0.00 M M 3.9 7 110 M M 10 M M
10 75 55 65 19 0 0 1.15 M M 5.3 18 360 M M 9 20 360
11 59 51 55 10 10 0 0.10 M M 4.0 9 360 M M 10 M M
12 65 55 60 15 5 0 0.00 M M 9.4 16 150 M M 10 24 160
13 70 48 59 14 6 0 0.46 M M 8.4 17 160 M M 6 30 160
14 57 37 47 2 18 0 0.00 M M 6.9 16 300 M M 4 26 300
15 55 31 43 -1 22 0 0.00 M M 2.3 6 40 M M 0 M M
16 49 33 41 -3 24 0 0.00 M M 4.7 12 30 M M 3 21 30
17 52 32 42 -2 23 0 0.00 M M 3.4 9 360 M M 0 M M
18 58 29 44 0 21 0 0.00 M M 5.8 13 150 M M 4 17 180
19 47 43 45 1 20 0 0.00 M M 7.6 13 160 M M 10 16 160
20 47 34 41 -3 24 0 0.00 M M 6.4 10 30 M M 8 M M
21 46 29 38 -6 27 0 0.00 M M 4.3 10 190 M M 3 17 190
22 43 10 27 -17 38 0 0.00 M M 16.5 28 340 M M 6 38 340
23 27 10 19 -24 46 0 0.00 M M 11.7 18 340 M M 1 25 340
24 38 19 29 -14 36 0 0.00 M M 1.9 7 340 M M 2 M M
25 52 19 36 -7 29 0 0.00 M M 3.4 9 200 M M 0 16 200
26 60 28 44 1 21 0 0.00 M M 5.4 14 20 M M 0 21 350
27 58 21 40 -3 25 0 0.00 M M 6.6 13 180 M M 0 20 160
28 75 39 57 14 8 0 0.00 M M 10.6 18 200 M M 0 25 200
29 66 49 58 15 7 0 0.00 M M 4.9 9 210 M M 3 M M
30 62 40 51 8 14 0 0.00 M M 3.2 7 130 M M 5 M M
31 76 41 59 16 6 0 0.00 M M 6.7 21 240 M M 0 28 240
================================================================================
SM 1856 1214 486 13 1.87 M 191.3 M 143
================================================================================
AV 59.9 39.2 6.2 FASTST M M 5 MAX(MPH)
MISC ----> 28 340 38 340
================================================================================
NOTES:
# LAST OF SEVERAL OCCURRENCES
COLUMN 17 PEAK WIND IN M.P.H.
PRELIMINARY LOCAL CLIMATOLOGICAL DATA (WS FORM: F-6) , PAGE 2
STATION: STEPHENVILLE
MONTH: DECEMBER
YEAR: 2022
LATITUDE: 32 13 N
LONGITUDE: 98 11 W
[TEMPERATURE DATA] [PRECIPITATION DATA] SYMBOLS USED IN COLUMN 16
AVERAGE MONTHLY: 49.5 TOTAL FOR MONTH: 1.87 1 = FOG OR MIST
DPTR FM NORMAL: 4.8 DPTR FM NORMAL: -0.03 2 = FOG REDUCING VISIBILITY
HIGHEST: 80 ON 5 GRTST 24HR 1.15 ON 10-10 TO 1/4 MILE OR LESS
LOWEST: 10 ON 23,22 3 = THUNDER
SNOW, ICE PELLETS, HAIL 4 = ICE PELLETS
TOTAL MONTH: M 5 = HAIL
GRTST 24HR M ON M 6 = FREEZING RAIN OR DRIZZLE
GRTST DEPTH: M ON M 7 = DUSTSTORM OR SANDSTORM:
VSBY 1/2 MILE OR LESS
8 = SMOKE OR HAZE
[NO. OF DAYS WITH] [WEATHER - DAYS WITH] 9 = BLOWING SNOW
X = TORNADO
MAX 32 OR BELOW: 1 0.01 INCH OR MORE: 5
MAX 90 OR ABOVE: 0 0.10 INCH OR MORE: 4
MIN 32 OR BELOW: 11 0.50 INCH OR MORE: 1
MIN 0 OR BELOW: 0 1.00 INCH OR MORE: 1
[HDD (BASE 65) ]
TOTAL THIS MO. 486 CLEAR (SCALE 0-3) 14
DPTR FM NORMAL -142 PTCLDY (SCALE 4-7) 8
TOTAL FM JUL 1 919 CLOUDY (SCALE 8-10) 9
DPTR FM NORMAL -168
[CDD (BASE 65) ]
TOTAL THIS MO. 13
DPTR FM NORMAL 12 [PRESSURE DATA]
TOTAL FM JAN 1 3235 HIGHEST SLP M ON M
DPTR FM NORMAL 993 LOWEST SLP M ON M
[REMARKS]
#FINAL-12-22#