000
CXUS52 KTAE 010800
CF6TLH
PRELIMINARY LOCAL CLIMATOLOGICAL DATA (WS FORM: F-6)
STATION: TALLAHASSEE
MONTH: JUNE
YEAR: 2023
LATITUDE: 30 22 N
LONGITUDE: 84 22 W
TEMPERATURE IN F: :PCPN: SNOW: WIND :SUNSHINE: SKY :PK WND
================================================================================
1 2 3 4 5 6A 6B 7 8 9 10 11 12 13 14 15 16 17 18
12Z AVG MX 2MIN
DY MAX MIN AVG DEP HDD CDD WTR SNW DPTH SPD SPD DIR MIN PSBL S-S WX SPD DR
================================================================================
1 85 70 78 -1 0 13 T M M 9.4 21 70 M M 7 26 70
2 89 67 78 -1 0 13 0.00 0.0 0 6.9 15 30 M M 3 22 90
3 91 65 78 -1 0 13 0.00 0.0 0 4.8 14 350 M M 2 19 360
4 89 71 80 0 0 15 0.64 0.0 0 8.1 40 80 M M 5 38 57 70
5 88 68 78 -2 0 13 0.00 0.0 0 4.8 13 70 M M 3 38 17 70
6 87 65 76 -4 0 11 0.00 0.0 0 3.6 15 200 M M 2 3 20 210
7 84 68 76 -4 0 11 0.12 0.0 0 3.8 14 290 M M 4 13 16 290
8 93 67 80 0 0 15 0.00 0.0 M 6.6 17 270 M M 4 123 22 250
9 94 72 83 3 0 18 0.00 0.0 0 3.8 21 250 M M 5 3 25 240
10 88 67 78 -2 0 13 0.01 0.0 0 3.6 16 230 M M 5 13 20 240
11 90 68 79 -1 0 14 0.17 0.0 0 5.1 17 210 M M 6 123 21 160
12 91 71 81 0 0 16 0.00 0.0 0 7.1 18 230 M M 3 3 23 230
13 94 73 84 3 0 19 0.00 0.0 0 7.3 17 220 M M 5 3 23 300
14 94 68 81 0 0 16 0.33 0.0 M 8.5 39 320 M M 8 13 57 340
15 86 68 77 -4 0 12 1.27 0.0 M 7.0 21 220 M M 7 13 26 240
16 88 73 81 0 0 16 0.06 0.0 M 8.5 33 270 M M 5 13 43 280
17 93 73 83 2 0 18 T 0.0 M 7.0 18 300 M M 5 3 24 260
18 93 69 81 0 0 16 0.00 0.0 M 4.2 22 300 M M 5 1 26 290
19 81 69 75 -6 0 10 0.28 0.0 M 4.0 23 180 M M 4 13 31 190
20 93 73 83 2 0 18 T M M 7.2 23 260 M M 5 3 29 260
21 82 71 77 -4 0 12 2.32 M M 6.8 39 350 M M 7 123 47 350
22 90 72 81 -1 0 16 0.18 0.0 M 7.7 22 210 M M 6 13 27 250
23 93 72 83 1 0 18 0.27 0.0 0 6.5 21 210 M M 7 13 27 220
24 92 74 83 1 0 18 0.00 M M 3.7 15 320 M M 6 1 19 330
25 96 70 83 1 0 18 0.00 0.0 0 2.9 13 290 M M 1 15 270
26 96 75 86 4 0 21 0.00 0.0 0 6.8 17 260 M M 3 22 300
27 98 80 89 7 0 24 0.00 M M 8.0 16 310 M M 5 21 340
28 99 77 88 6 0 23 0.00 0.0 0 4.2 14 330 M M 3 12 17 10
29 98 70 84 2 0 19 0.00 0.0 M 3.6 14 80 M M 1 17 80
30 98 75 87 5 0 22 0.00 0.0 M 4.0 13 360 M M 1 17 10
================================================================================
SM 2733 2121 0 481 5.65 0.0 175.5 M 133
================================================================================
AV 91.1 70.7 5.8 FASTST M M 4 MAX(MPH)
MISC ----> 40 80 # 57 70
================================================================================
NOTES:
# LAST OF SEVERAL OCCURRENCES
COLUMN 17 PEAK WIND IN M.P.H.
PRELIMINARY LOCAL CLIMATOLOGICAL DATA (WS FORM: F-6) , PAGE 2
STATION: TALLAHASSEE
MONTH: JUNE
YEAR: 2023
LATITUDE: 30 22 N
LONGITUDE: 84 22 W
[TEMPERATURE DATA] [PRECIPITATION DATA] SYMBOLS USED IN COLUMN 16
AVERAGE MONTHLY: 80.9 TOTAL FOR MONTH: 5.65 1 = FOG OR MIST
DPTR FM NORMAL: 0.1 DPTR FM NORMAL: -2.11 2 = FOG REDUCING VISIBILITY
HIGHEST: 99 ON 28 GRTST 24HR 2.33 ON 21-22 TO 1/4 MILE OR LESS
LOWEST: 65 ON 6, 3 3 = THUNDER
SNOW, ICE PELLETS, HAIL 4 = ICE PELLETS
TOTAL MONTH: 0.0 INCH 5 = HAIL
GRTST 24HR 0.0 6 = FREEZING RAIN OR DRIZZLE
GRTST DEPTH: 0 7 = DUSTSTORM OR SANDSTORM:
VSBY 1/2 MILE OR LESS
8 = SMOKE OR HAZE
[NO. OF DAYS WITH] [WEATHER - DAYS WITH] 9 = BLOWING SNOW
X = TORNADO
MAX 32 OR BELOW: 0 0.01 INCH OR MORE: 11
MAX 90 OR ABOVE: 19 0.10 INCH OR MORE: 9
MIN 32 OR BELOW: 0 0.50 INCH OR MORE: 3
MIN 0 OR BELOW: 0 1.00 INCH OR MORE: 2
[HDD (BASE 65) ]
TOTAL THIS MO. 0 CLEAR (SCALE 0-3) 8
DPTR FM NORMAL 0 PTCLDY (SCALE 4-7) 22
TOTAL FM JUL 1 951 CLOUDY (SCALE 8-10) 0
DPTR FM NORMAL -522
[CDD (BASE 65) ]
TOTAL THIS MO. 481
DPTR FM NORMAL 7 [PRESSURE DATA]
TOTAL FM JAN 1 1268 HIGHEST SLP M ON M
DPTR FM NORMAL 280 LOWEST SLP 29.70 ON 3
[REMARKS]
#FINAL-06-23#