000
CXUS51 KBGM 210800
CF6BGM
PRELIMINARY LOCAL CLIMATOLOGICAL DATA (WS FORM: F-6)

                                          STATION:   BINGHAMTON NY
                                          MONTH:     MAY
                                          YEAR:      2018
                                          LATITUDE:   42 13 N
                                          LONGITUDE:  75 59 W

  TEMPERATURE IN F:       :PCPN:    SNOW:  WIND      :SUNSHINE: SKY     :PK WND
================================================================================
1   2   3   4   5  6A  6B    7    8   9   10  11  12  13   14  15   16   17  18
                                     12Z  AVG MX 2MIN
DY MAX MIN AVG DEP HDD CDD  WTR  SNW DPTH SPD SPD DIR MIN PSBL S-S WX    SPD DR
================================================================================

 1  77  39  58   7   7   0 0.00  0.0    0  7.6 16 310   M    M   0        23 340
 2  84  58  71  20   0   6    T  0.0    0 10.7 24 250   M    M   2        33 220
 3  82  62  72  20   0   7 0.16  0.0    0  9.0 20 270   M    M   5 1      28 250
 4  78  52  65  13   0   0 0.09  0.0    0 12.4 28 220   M    M   6 1      41 300
 5  72  43  58   6   7   0    T  0.0    0  8.1 17 260   M    M   3        23 320
 6  60  51  56   3   9   0 0.18  0.0    0  5.1 12 200   M    M   9 1      16 170
 7  65  48  57   4   8   0    T  0.0    0  5.8 12 330   M    M   8 1      14 350
 8  72  41  57   4   8   0 0.00  0.0    0  4.8 10 290   M    M   1        16 280
 9  77  52  65  11   0   0 0.00  0.0    0  6.5 14 180   M    M   1        20 200
10  72  55  64  10   1   0 0.50  0.0    0 10.3 21 210   M    M   4 13     29 210
11  55  41  48  -6  17   0    T  0.0    0  7.9 16 310   M    M   4        25 340
12  47  43  45 -10  20   0 0.27  0.0    0  5.7 13 130   M    M  10 12     16 130
13  53  42  48  -7  17   0 0.03  0.0    0  7.6 14 140   M    M  10 18     17 150
14  74  49  62   7   3   0 0.04  0.0    0  4.7 12 200   M    M   6 1      16 210
15  75  52  64   8   1   0 0.39  0.0    0  7.7 23 350   M    M   4 13     32 350
16  62  47  55  -1  10   0 0.00  0.0    0  6.1 14 150   M    M   7 12     17 140
17  79  55  67  11   0   2 0.00  0.0    0  4.1 13  10   M    M   4 12     16 350
18  74  51  63   7   2   0 0.00  0.0    0  8.8 16 150   M    M   0        23 130
19  59  44  52  -5  13   0 1.12  0.0    0 11.3 20 130   M    M   8 1      27 110
20  65  53  59   2   6   0 0.03  0.0    M  8.3 16 330   M    M   9 1      24 250
================================================================================
SM 1382  978       129  15  2.81     0.0 152.5          M      101
================================================================================
AV 69.1 48.9                               7.6 FASTST   M    M   5    MAX(MPH)
                                 MISC ---->  # 28 220               # 41  300
================================================================================
NOTES:
# LAST OF SEVERAL OCCURRENCES

COLUMN 17 PEAK WIND IN M.P.H.

PRELIMINARY LOCAL CLIMATOLOGICAL DATA (WS FORM: F-6) , PAGE 2

                                          STATION:  BINGHAMTON NY
                                          MONTH:    MAY
                                          YEAR:     2018
                                          LATITUDE:   42 13 N
                                          LONGITUDE:  75 59 W

[TEMPERATURE DATA]      [PRECIPITATION DATA]       SYMBOLS USED IN COLUMN 16

AVERAGE MONTHLY: 59.0   TOTAL FOR MONTH:   2.81    1 = FOG OR MIST
DPTR FM NORMAL:   4.9   DPTR FM NORMAL:    0.59    2 = FOG REDUCING VISIBILITY
HIGHEST:    84 ON  2    GRTST 24HR  1.12 ON 19-19      TO 1/4 MILE OR LESS
LOWEST:     39 ON  1                               3 = THUNDER
                        SNOW, ICE PELLETS, HAIL    4 = ICE PELLETS
                        TOTAL MONTH:   0.0 INCH    5 = HAIL
                        GRTST 24HR     0.0         6 = FREEZING RAIN OR DRIZZLE
                        GRTST DEPTH:   0           7 = DUSTSTORM OR SANDSTORM:
                                                       VSBY 1/2 MILE OR LESS
                                                   8 = SMOKE OR HAZE
[NO. OF DAYS WITH]      [WEATHER - DAYS WITH]      9 = BLOWING SNOW
                                                   X = TORNADO
MAX 32 OR BELOW:   0    0.01 INCH OR MORE:  10
MAX 90 OR ABOVE:   0    0.10 INCH OR MORE:   6
MIN 32 OR BELOW:   0    0.50 INCH OR MORE:   2
MIN  0 OR BELOW:   0    1.00 INCH OR MORE:   1

[HDD (BASE 65) ]
TOTAL THIS MO.   129    CLEAR  (SCALE 0-3)   6
DPTR FM NORMAL   -98    PTCLDY (SCALE 4-7)  10
TOTAL FM JUL 1  6969    CLOUDY (SCALE 8-10)  4
DPTR FM NORMAL   -57

[CDD (BASE 65) ]
TOTAL THIS MO.    15
DPTR FM NORMAL     7    [PRESSURE DATA]
TOTAL FM JAN 1    15    HIGHEST SLP M ON M
DPTR FM NORMAL     3    LOWEST  SLP 29.70 ON M

[REMARKS]
