000
CXUS51 KCAR 070048
CLSBGR
CLIMATE REPORT
NATIONAL WEATHER SERVICE CARIBOU ME
848 PM EDT MON SEP 06 2021
...................................
...THE BANGOR ME CLIMATE SUMMARY FOR THE SEASON, FROM
6/1/2021 TO 8/31/2021...
CLIMATE NORMAL PERIOD: 1991 TO 2020
CLIMATE RECORD PERIOD: 1925 TO 2021
WEATHER OBSERVED NORMAL DEPART LAST YEAR`S
VALUE DATE(S) VALUE FROM VALUE DATE(S)
NORMAL
................................................................
TEMPERATURE (F)
RECORD
HIGH 104 08/19/1935
LOW 29 06/03/1939
HIGHEST 95 06/28 MM MM 95 06/20
LOWEST 42 06/11 MM MM 35 06/01
06/02
AVG. MAXIMUM 78.7 78.2 0.5 79.2
AVG. MINIMUM 58.0 56.1 1.9 57.6
MEAN 68.3 67.1 1.2 68.4
DAYS MAX >= 90 8 5.4 2.6 6
DAYS MAX <= 32 0 0.0 0.0 0
DAYS MIN <= 32 0 0.0 0.0 0
DAYS MIN <= 0 0 0.0 0.0 0
PRECIPITATION (INCHES)
RECORD
MAXIMUM 17.07 2006
MINIMUM 7.78 2016
TOTALS 10.42 10.09 0.33 9.84
DAILY AVG. 0.11 0.11 0.00 0.11
DAYS >= .01 31 32.9 -1.9 27
DAYS >= .10 15 19.8 -4.8 19
DAYS >= .50 4 7.0 -3.0 5
DAYS >= 1.00 2 2.2 -0.2 2
GREATEST
24 HR. TOTAL 3.48 1.92 07/27 TO 07/27
SNOWFALL (INCHES)
RECORDS
TOTAL T 2017
TOTALS 0.0 0.0 0.0 0.0
SINCE 7/1 0.0 0.0 0.0 MM
SNOWDEPTH AVG. 0 MM
DAYS >= 1.0 0 0.0 0.0 MM
GREATEST
SNOW DEPTH 0 MM MM
24 HR TOTAL MM MM
DEGREE DAYS
HEATING TOTAL 109 140 -31 131
SINCE 7/1 51 38 13 MM
COOLING TOTAL 436 338 98 469
SINCE 1/1 443 346 97 MM
................................................................
WIND (MPH)
AVERAGE WIND SPEED 6.7
HIGHEST WIND SPEED/DIRECTION 25/170 DATE 06/14
HIGHEST GUST SPEED/DIRECTION 36/180 DATE 06/14
SKY COVER
POSSIBLE SUNSHINE (PERCENT) MM
AVERAGE SKY COVER 0.66
NUMBER OF DAYS FAIR 14
NUMBER OF DAYS PC 44
NUMBER OF DAYS CLOUDY 34
AVERAGE RH (PERCENT) 75
WEATHER CONDITIONS. NUMBER OF DAYS WITH
THUNDERSTORM 11 MIXED PRECIP 0
HEAVY RAIN 8 RAIN 8
LIGHT RAIN 44 FREEZING RAIN 0
LT FREEZING RAIN 0 HAIL 0
HEAVY SNOW 0 SNOW 0
LIGHT SNOW 0 SLEET 0
FOG 52 FOG W/VIS <= 1/4 MILE 9
HAZE 6
- INDICATES NEGATIVE NUMBERS.
* INDICATES RECORD WAS SET OR TIED.
MM INDICATES DATA IS MISSING.
T INDICATES TRACE AMOUNT.
$$