000
CXUS54 KJAN 022133
CLSJAN
CLIMATE REPORT
NATIONAL WEATHER SERVICE JACKSON MS
333 PM CST THU MAR 02 2023
...................................
...THE JACKSON CLIMATE SUMMARY FOR THE SEASON, FROM
12/1/2022 TO 2/28/2023...
CLIMATE NORMAL PERIOD: 1991 TO 2020
CLIMATE RECORD PERIOD: 1896 TO 2023
WEATHER OBSERVED NORMAL DEPART LAST YEAR`S
VALUE DATE(S) VALUE FROM VALUE DATE(S)
NORMAL
................................................................
TEMPERATURE (F)
RECORD
HIGH 89 02/25/1918
LOW -5 01/27/1940
HIGHEST 87 02/23 MM MM 85 02/22
01/01
LOWEST 12 12/23 MM MM 19 01/23
AVG. MAXIMUM 65.2 59.7 5.5 64.1
AVG. MINIMUM 44.7 38.4 6.3 39.6
MEAN 54.9 49.0 5.9 51.9
DAYS MAX >= 90 0 0.0 0.0 MM
DAYS MAX <= 32 1 0.8 0.2 MM
DAYS MIN <= 32 16 31.6 -15.6 34
DAYS MIN <= 0 0 0.0 0.0 0
PRECIPITATION (INCHES)
RECORD
MAXIMUM 32.42 1983
MINIMUM 4.95 1981
TOTALS 18.18 15.65 2.53 8.08
DAILY AVG. 0.20 0.17 0.03 0.09
DAYS >= .01 29 29.2 -0.2 27
DAYS >= .10 21 20.6 0.4 17
DAYS >= .50 12 10.5 1.5 6
DAYS >= 1.00 9 4.9 4.1 3
SNOWFALL (INCHES)
RECORDS
TOTAL 11.7 1904
TOTALS 0.0 0.5 -0.5 T
SINCE 7/1 T 0.5 -0.5 MM
DAYS >= TRACE 0
DAYS >= 1.0 0 0.1 -0.1 MM
DEGREE DAYS
HEATING TOTAL 1018 1466 -448 1247
SINCE 7/1 1384 1866 -482 MM
COOLING TOTAL 128 22 106 95
SINCE 1/1 95 5 90 MM
FREEZE DATES
RECORD
EARLIEST MM
LATEST MM
................................................................
WIND (MPH)
AVERAGE WIND SPEED 7.6
HIGHEST WIND SPEED/DIRECTION 32/180 DATE 02/22
HIGHEST GUST SPEED/DIRECTION 52/310 DATE 12/22
SKY COVER
POSSIBLE SUNSHINE (PERCENT) MM
AVERAGE SKY COVER 0.52
AVERAGE RH (PERCENT) 71
WEATHER CONDITIONS. NUMBER OF DAYS WITH
THUNDERSTORM 9 MIXED PRECIP 0
HEAVY RAIN 14 RAIN 21
LIGHT RAIN 41 FREEZING RAIN 0
LT FREEZING RAIN 0 HAIL 0
HEAVY SNOW 0 SNOW 0
LIGHT SNOW 0 SLEET 0
FOG 52 FOG W/VIS <= 1/4 MILE 11
HAZE 10
- INDICATES NEGATIVE NUMBERS.
R INDICATES RECORD WAS SET OR TIED.
MM INDICATES DATA IS MISSING.
T INDICATES TRACE AMOUNT.
$$