000
CXUS53 KARX 010937
CLSRST
CLIMATE REPORT
NATIONAL WEATHER SERVICE LA CROSSE WI
437 AM CDT WED JUN 01 2022
...................................
...THE ROCHESTER MN CLIMATE SUMMARY FOR THE SEASON, FROM
3/1/2022 TO 5/31/2022...
CLIMATE NORMAL PERIOD 1991 TO 2020
CLIMATE RECORD PERIOD 1886 TO 2022
WEATHER OBSERVED NORMAL DEPART LAST YEAR`S
VALUE DATE(S) VALUE FROM VALUE DATE(S)
NORMAL
................................................................
TEMPERATURE (F)
RECORD
HIGH 106 05/31/1934
LOW -31 03/01/1962
HIGHEST 94 05/12 91 05/01
LOWEST 0 03/12 7 03/01
AVG. MAXIMUM 52.7 54.4 -1.7 57.4
AVG. MINIMUM 35.2 35.2 0.0 37.5
MEAN 43.9 44.8 -0.9 47.4
DAYS MAX >= 90 1 0.7 0.3 1
DAYS MAX <= 32 10 8.9 1.1 2
DAYS MIN <= 32 45 36.1 8.9 31
DAYS MIN <= 0 1 1.7 -0.7 0
PRECIPITATION (INCHES)
RECORD
MAXIMUM 21.90 2013
MINIMUM 3.17 1910
TOTALS 13.32 9.89 3.43 6.99
DAYS >= .01 36 35.7 0.3 27
DAYS >= .10 22 19.4 2.6 17
DAYS >= .50 9 6.3 2.7 5
DAYS >= 1.00 5 2.0 3.0 2
GREATEST
24 HR. TOTAL 2.41 MM 1.10
SNOWFALL (INCHES)
RECORDS
TOTAL 42.2 2013
SNOW DEPTH 25 03/02/2019
03/05/2014
TOTALS 1.5 12.4 -10.9 8.9
SNOWDEPTH AVG. T 0
DAYS >= TRACE 22 8.3 13.7 9
DAYS >= 1.0 0 3.3 -3.3 1
GREATEST
SNOW DEPTH 1 03/01 8 03/16
DEGREE DAYS
HEATING TOTAL 1973 1893 80 1618
COOLING TOTAL 62 34 28 54
................................................................
WIND (MPH)
AVERAGE WIND SPEED 14.1
HIGHEST WIND SPEED/DIRECTION 49/210 DATE 05/30
HIGHEST GUST SPEED/DIRECTION 76/230 DATE 05/09
AVERAGE RH (PERCENT) 68
WEATHER CONDITIONS. NUMBER OF DAYS WITH
THUNDERSTORM 15 MIXED PRECIP 0
HEAVY RAIN 11 RAIN 14
LIGHT RAIN 40 FREEZING RAIN 1
LT FREEZING RAIN 4 HAIL 0
HEAVY SNOW 0 SNOW 0
LIGHT SNOW 21 SLEET 0
FOG 40 FOG W/VIS <= 1/4 MILE 4
HAZE 5
- INDICATES NEGATIVE NUMBERS.
R INDICATES RECORD WAS SET OR TIED.
MM INDICATES DATA IS MISSING.
T INDICATES TRACE AMOUNT.
$$