501
CXUS54 KLZK 011758
CLSPBF


CLIMATE REPORT
NATIONAL WEATHER SERVICE LITTLE ROCK AR
1252 PM CDT SUN SEP 1 2019

...................................

...THE PINE BLUFF CLIMATE SUMMARY FOR THE SEASON, FROM
6/1/2019 TO 8/31/2019...

CLIMATE NORMAL PERIOD 1981 TO 2010
CLIMATE RECORD PERIOD 1883 TO 2019

WEATHER         OBSERVED          NORMAL  DEPART  LAST YEAR`S
                 VALUE   DATE(S)  VALUE   FROM    VALUE  DATE(S)
                                          NORMAL
................................................................
TEMPERATURE (F)
RECORD
 HIGH             112   08/15/1943
 LOW               49   06/02/1984
                        06/03/1956
                        06/12/1903
HIGHEST            97   08/21        91       6       98  07/26
                        08/13                             07/01
                        08/19
LOWEST             56   06/14        71     -15       61  06/04
AVG. MAXIMUM     89.4              91.0    -1.6     91.0
AVG. MINIMUM     70.1              70.5    -0.4     71.0
MEAN             79.8              80.8    -1.0     81.0
DAYS MAX >= 90     54              57.0    -3.0       66
DAYS MAX <= 32      0               0.0     0.0        0
DAYS MIN <= 32      0               0.0     0.0        0
DAYS MIN <= 0       0               0.0     0.0        0

PRECIPITATION (INCHES)
RECORD
 MAXIMUM        20.33   1989
 MINIMUM         0.66   1930
TOTALS          19.38              9.99    9.39    12.71
DAILY AVG.       0.21              0.11    0.10     0.14
DAYS >= .01        21              24.9    -3.9       29
DAYS >= .10        14                                 18
DAYS >= .50         7                                 10
DAYS >= 1.00        5               2.8     2.2        4
GREATEST
 24 HR. TOTAL    4.12   07/15 TO 07/16

SNOWFALL (INCHES)
TOTALS            0.0               0.0     0.0      0.0
 LIQUID EQUIV    0.00              0.00    0.00     0.00
SINCE 7/1         0.0               0.0     0.0      0.0
 LIQUID 7/1      0.00              0.00    0.00     0.00
SNOWDEPTH AVG.      0                 0       0        0
DAYS >= TRACE       0               0.0     0.0        0
DAYS >= 1.0         0               0.0     0.0        0
GREATEST
 SNOW DEPTH         0   MM                             0  MM
 24 HR TOTAL      0.0

DEGREE_DAYS
HEATING TOTAL       0                 0       0        0
 SINCE 7/1          0                 0       0        0
COOLING TOTAL    1379              1451     -72     1498
 SINCE 1/1       1695              1758     -63     1934

FREEZE DATES
RECORD
 EARLIEST     10/10/2000
 LATEST       04/25/1910
EARLIEST                        11/12
LATEST                          03/16
.................................................................

WIND (MPH)
AVERAGE WIND SPEED              6.0
HIGHEST WIND SPEED/DIRECTION    33/190    DATE  06/20
HIGHEST GUST SPEED/DIRECTION    47/190    DATE  06/20

SKY COVER
POSSIBLE SUNSHINE (PERCENT)   MM
AVERAGE SKY COVER           0.20
NUMBER OF DAYS FAIR           77
NUMBER OF DAYS PC             10
NUMBER OF DAYS CLOUDY          3

AVERAGE RH (PERCENT)     71

-  INDICATES NEGATIVE NUMBERS.
R  INDICATES RECORD WAS SET OR TIED.
MM INDICATES DATA IS MISSING.
T  INDICATES TRACE AMOUNT.

&&

...Data for Pine Bluff for the Summer of 2019...

.Seasonal Temperatures...
The average high, low, and seasonal temperature were the coolest in
two years (since 2017).

.Seasonal Rainfall...
Rainfall was above average. It was the wettest summer since 1989,
and the 3rd wettest on record. Only 1974 (19.63"), and 1989 (20.33")
were wetter.

.Miscellaneous Data...
There were no days with high temperatures of 100 degrees or more for
the 4th summer in a row. There have been no 100-degree days at Pine
Bluff since August 7, 2015, which marked 1,485 days as of August 31,
2019. This sets a new all-time record for lack of 100-degree days at
Pine Bluff. The previous record was 1,423 days from August 19, 1956
to July 11, 1960.

There were 21 days with measurable rainfall, which was the fewest
since 2015.

$$

57
