000
CXUS54 KOUN 010810
CF6GOK
PRELIMINARY LOCAL CLIMATOLOGICAL DATA (WS FORM: F-6)
STATION: GUTHRIE MUNICIPAL
MONTH: APRIL
YEAR: 2023
LATITUDE: 35 50 N
LONGITUDE: 97 25 W
TEMPERATURE IN F: :PCPN: SNOW: WIND :SUNSHINE: SKY :PK WND
================================================================================
1 2 3 4 5 6A 6B 7 8 9 10 11 12 13 14 15 16 17 18
12Z AVG MX 2MIN
DY MAX MIN AVG DEP HDD CDD WTR SNW DPTH SPD SPD DIR MIN PSBL S-S WX SPD DR
================================================================================
1 67 40 54 -2 11 0 0.00 M M 6.9 15 160 M M 0 24 340
2 82 48 65 8 0 0 0.00 M M 16.5 31 200 M M 0 41 200
3 88 56 72 15 0 7 0.00 M M 15.7 28 170 M M 0 1 38 180
4 86 69 78 21 0 13 0.00 M M 19.6 32 180 M M 1 18 44 170
5 71 34 53 -5 12 0 T M M 9.2 26 300 M M 1 39 300
6 62 35 49 -9 16 0 0.00 M M 9.1 18 90 M M 0 27 80
7 70 35 53 -5 12 0 0.00 M M 7.7 17 110 M M 0 24 120
8 74 39 57 -1 8 0 0.00 M M 6.3 15 140 M M 0 20 160
9 76 47 62 4 3 0 T M M 7.9 17 210 M M 1 24 200
10 78 52 65 6 0 0 T M M 8.0 16 160 M M 2 3 23 140
11 78 51 65 6 0 0 0.00 M M 9.6 18 190 M M 0 25 170
12 80 50 65 6 0 0 0.00 M M 12.2 23 180 M M 0 29 180
13 81 52 67 7 0 2 0.00 M M 11.7 20 190 M M 0 33 160
14 85 60 73 13 0 8 0.00 M M 17.3 30 170 M M 0 44 160
15 68 39 54 -6 11 0 0.00 M M 10.8 24 190 M M 5 34 190
16 69 33 51 -9 14 0 0.00 M M 7.4 24 300 M M 0 36 290
17 82 36 59 -1 6 0 0.00 M M 13.7 26 180 M M 0 33 190
18 83 58 71 10 0 6 0.00 M M 19.2 31 170 M M 3 41 180
19 88 63 76 15 0 11 0.19 M M 21.2 35 170 M M 1 138 42 190
20 74 48 61 0 4 0 T M M 11.8 33 190 M M 2 38 49 190
21 70 41 56 -6 9 0 0.00 M M 5.5 15 290 M M 1 26 240
22 54 43 49 -13 16 0 0.00 M M 7.0 17 20 M M 7 27 10
23 64 32 48 -14 17 0 0.00 M M 3.8 13 70 M M 0 18 70
24 64 37 51 -11 14 0 0.01 M M 9.3 21 180 M M 6 25 160
25 53 47 50 -13 15 0 0.79 M M 10.7 18 120 M M 10 13 26 130
26 55 49 52 -11 13 0 0.85 M M 8.5 33 100 M M 10 1 42 90
27 57 46 52 -11 13 0 0.32 M M 4.3 12 80 M M 9 1 14 80
28 55 42 49 -15 16 0 0.21 M M 3.9 13 340 M M 6 1 23 340
29 70 44 57 -7 8 0 0.00 M M 7.3 17 290 M M 1 22 310
30 69 43 56 -8 9 0 T M M 5.4 15 20 M M 0 30 330
================================================================================
SM 2153 1369 227 47 2.37 M 307.5 M 66
================================================================================
AV 71.8 45.6 10.2 FASTST M M 2 MAX(MPH)
MISC ----> 35 170 49 190
================================================================================
NOTES:
# LAST OF SEVERAL OCCURRENCES
COLUMN 17 PEAK WIND IN M.P.H.
PRELIMINARY LOCAL CLIMATOLOGICAL DATA (WS FORM: F-6) , PAGE 2
STATION: GUTHRIE MUNICIPAL
MONTH: APRIL
YEAR: 2023
LATITUDE: 35 50 N
LONGITUDE: 97 25 W
[TEMPERATURE DATA] [PRECIPITATION DATA] SYMBOLS USED IN COLUMN 16
AVERAGE MONTHLY: 58.7 TOTAL FOR MONTH: 2.37 1 = FOG OR MIST
DPTR FM NORMAL: -1.5 DPTR FM NORMAL: -1.12 2 = FOG REDUCING VISIBILITY
HIGHEST: 88 ON 19, 3 GRTST 24HR 1.25 ON 25-26 TO 1/4 MILE OR LESS
LOWEST: 32 ON 23 3 = THUNDER
SNOW, ICE PELLETS, HAIL 4 = ICE PELLETS
TOTAL MONTH: M 5 = HAIL
GRTST 24HR M ON M 6 = FREEZING RAIN OR DRIZZLE
GRTST DEPTH: M ON M 7 = DUSTSTORM OR SANDSTORM:
VSBY 1/2 MILE OR LESS
8 = SMOKE OR HAZE
[NO. OF DAYS WITH] [WEATHER - DAYS WITH] 9 = BLOWING SNOW
X = TORNADO
MAX 32 OR BELOW: 0 0.01 INCH OR MORE: 6
MAX 90 OR ABOVE: 0 0.10 INCH OR MORE: 5
MIN 32 OR BELOW: 1 0.50 INCH OR MORE: 2
MIN 0 OR BELOW: 0 1.00 INCH OR MORE: 0
[HDD (BASE 65) ]
TOTAL THIS MO. 227 CLEAR (SCALE 0-3) 23
DPTR FM NORMAL 27 PTCLDY (SCALE 4-7) 4
TOTAL FM JUL 1 3484 CLOUDY (SCALE 8-10) 3
DPTR FM NORMAL -30
[CDD (BASE 65) ]
TOTAL THIS MO. 47
DPTR FM NORMAL -9 [PRESSURE DATA]
TOTAL FM JAN 1 53 HIGHEST SLP M ON M
DPTR FM NORMAL -20 LOWEST SLP 29.35 ON 4
[REMARKS]
#FINAL-04-23#