000
CXUS54 KOUN 010810
CF6GOK
PRELIMINARY LOCAL CLIMATOLOGICAL DATA (WS FORM: F-6)
STATION: GUTHRIE MUNICIPAL
MONTH: JUNE
YEAR: 2022
LATITUDE: 35 50 N
LONGITUDE: 97 25 W
TEMPERATURE IN F: :PCPN: SNOW: WIND :SUNSHINE: SKY :PK WND
================================================================================
1 2 3 4 5 6A 6B 7 8 9 10 11 12 13 14 15 16 17 18
12Z AVG MX 2MIN
DY MAX MIN AVG DEP HDD CDD WTR SNW DPTH SPD SPD DIR MIN PSBL S-S WX SPD DR
================================================================================
1 78 60 69 -5 0 4 0.59 M M 7.7 30 200 M M 6 13 42 200
2 77 59 68 -7 0 3 T M M 4.8 12 60 M M 6 8 17 60
3 78 61 70 -5 0 5 0.00 M M 5.6 12 150 M M 3 8 15 130
4 83 61 72 -3 0 7 T M M 8.3 14 170 M M 2 19 190
5 81 64 73 -3 0 8 0.14 M M 10.2 21 150 M M 2 13 28 160
6 88 64 76 0 0 11 1.11 M M 7.0 22 140 M M 3 13 36 340
7 85 68 77 1 0 12 0.02 M M 7.4 20 50 M M 2 27 40
8 77 65 71 -5 0 6 0.15 M M 5.8 15 40 M M 4 13 22 20
9 84 63 74 -3 0 9 0.00 M M 5.9 13 170 M M 0 1 18 150
10 89 63 76 -1 0 11 0.05 M M 8.9 30 80 M M 1 13 43 10
11 93 73 83 6 0 18 0.00 M M 8.4 16 160 M M 0 21 160
12 99 77 88 11 0 23 0.00 M M 13.1 23 180 M M 0 32 170
13 97 81 89 11 0 24 0.00 M M 16.3 24 190 M M 0 32 190
14 93 78 86 8 0 21 0.00 M M 18.2 28 190 M M 0 37 180
15 93 77 85 7 0 20 0.00 M M 16.7 28 200 M M 1 39 200
16 96 76 86 8 0 21 0.00 M M 9.2 16 170 M M 0 21 140
17 95 71 83 4 0 18 0.00 M M 7.6 14 170 M M 0 17 150
18 94 74 84 5 0 19 0.00 M M 7.3 23 140 M M 0 3 35 130
19 93 71 82 3 0 17 0.00 M M 9.4 16 140 M M 0 22 190
20 95 73 84 5 0 19 0.00 0.0 M 11.2 17 150 M M 0 22 160
21 98 75 87 7 0 22 0.00 0.0 M 10.0 17 230 M M 0 21 230
22 97 71 84 4 0 19 0.00 0.0 M 6.8 14 160 M M 0 19 160
23 97 72 85 5 0 20 0.00 M M 8.4 16 160 M M 0 23 220
24 101 80 91 11 0 26 0.00 M M 12.3 21 180 M M 0 26 170
25 102 78 90 10 0 25 0.00 M M 10.1 18 200 M M 0 25 220
26 83 67 75 -5 0 10 0.00 M M 9.6 21 50 M M 2 3 30 360
27 85 62 74 -7 0 9 0.00 M M 6.8 16 80 M M 2 23 70
28 88 66 77 -4 0 12 T M M 4.7 12 130 M M 3 15 120
29 90 62 76 -5 0 11 0.00 M M 6.1 15 170 M M 0 22 170
30 96 64 80 -1 0 15 0.00 0.0 0 9.3 16 170 M M 0 22 170
================================================================================
SM 2705 2076 0 445 2.06 0.0 273.1 M 37
================================================================================
AV 90.2 69.2 9.1 FASTST M M 1 MAX(MPH)
MISC ----> # 30 200 43 10
================================================================================
NOTES:
# LAST OF SEVERAL OCCURRENCES
COLUMN 17 PEAK WIND IN M.P.H.
PRELIMINARY LOCAL CLIMATOLOGICAL DATA (WS FORM: F-6) , PAGE 2
STATION: GUTHRIE MUNICIPAL
MONTH: JUNE
YEAR: 2022
LATITUDE: 35 50 N
LONGITUDE: 97 25 W
[TEMPERATURE DATA] [PRECIPITATION DATA] SYMBOLS USED IN COLUMN 16
AVERAGE MONTHLY: 79.7 TOTAL FOR MONTH: 2.06 1 = FOG OR MIST
DPTR FM NORMAL: 1.7 DPTR FM NORMAL: -2.30 2 = FOG REDUCING VISIBILITY
HIGHEST: 102 ON 25 GRTST 24HR 1.25 ON 5- 6 TO 1/4 MILE OR LESS
LOWEST: 59 ON 2 3 = THUNDER
SNOW, ICE PELLETS, HAIL 4 = ICE PELLETS
TOTAL MONTH: 0.0 INCH 5 = HAIL
GRTST 24HR 0.0 6 = FREEZING RAIN OR DRIZZLE
GRTST DEPTH: 0 7 = DUSTSTORM OR SANDSTORM:
VSBY 1/2 MILE OR LESS
8 = SMOKE OR HAZE
[NO. OF DAYS WITH] [WEATHER - DAYS WITH] 9 = BLOWING SNOW
X = TORNADO
MAX 32 OR BELOW: 0 0.01 INCH OR MORE: 6
MAX 90 OR ABOVE: 17 0.10 INCH OR MORE: 4
MIN 32 OR BELOW: 0 0.50 INCH OR MORE: 2
MIN 0 OR BELOW: 0 1.00 INCH OR MORE: 1
[HDD (BASE 65) ]
TOTAL THIS MO. 0 CLEAR (SCALE 0-3) 26
DPTR FM NORMAL -1 PTCLDY (SCALE 4-7) 4
TOTAL FM JUL 1 3248 CLOUDY (SCALE 8-10) 0
DPTR FM NORMAL -314
[CDD (BASE 65) ]
TOTAL THIS MO. 445
DPTR FM NORMAL 53 [PRESSURE DATA]
TOTAL FM JAN 1 783 HIGHEST SLP M ON M
DPTR FM NORMAL 141 LOWEST SLP 29.53 ON 6
[REMARKS]
#FINAL-06-22#