000
CXUS51 KBTV 011407
CLM1V4

CLIMATE REPORT
NATIONAL WEATHER SERVICE BURLINGTON VT
1007 AM EDT WED APR 01 2020

...................................

...THE SAINT JOHNSBURY VT ASOS CLIMATE SUMMARY FOR THE MONTH OF MARCH 2020...

CLIMATE NORMAL PERIOD: 1981 TO 2010
CLIMATE RECORD PERIOD: 1998 TO 2020

WEATHER         OBSERVED          NORMAL  DEPART   LAST YEAR`S
                VALUE   DATE(S)   VALUE   FROM     VALUE DATE(S)
                                          NORMAL
................................................................
TEMPERATURE (F)
RECORD
 HIGH             84
 LOW             -27
HIGHEST           63   03/09         MM      MM       61  03/15
LOWEST             0   03/01         MM      MM      -10  03/08
AVG. MAXIMUM    43.8               41.4     2.4     38.2
AVG. MINIMUM    24.3               19.2     5.1     14.3
MEAN            34.1               30.3     3.8     26.2
DAYS MAX >= 90     0                0.0     0.0        0
DAYS MAX <= 32     2                4.8    -2.8        6
DAYS MIN <= 32    24               26.8    -2.8       29
DAYS MIN <= 0      1                2.9    -1.9        5

PRECIPITATION (INCHES)
RECORD
 MAXIMUM        6.76   1913
 MINIMUM        0.30   1915
TOTALS          2.61               2.51    0.10     2.27
DAILY AVG.      0.08               0.08   -0.00     0.07
DAYS >= .01       12               13.3    -1.3       13
DAYS >= .10        7                6.2     0.8        3
DAYS >= .50        2                1.4     0.6        1
DAYS >= 1.00       0                0.2    -0.2        1
GREATEST
 24 HR. TOTAL   0.79   03/23 TO 03/24               1.38  03/22 TO 03/22
 STORM TOTAL    0.78                                  MM
 (MM/DD(HH))            MM


DEGREE DAYS
HEATING TOTAL    954               1076    -122     1195
 SINCE 7/1      6599               6800    -201     7237
COOLING TOTAL      0                  0       0        0
 SINCE 1/1         0                  0       0        0
................................................................

WIND (MPH)
AVERAGE WIND SPEED              MM
HIGHEST WIND SPEED/DIRECTION    MM        DATE   MM
HIGHEST GUST SPEED/DIRECTION    MM        DATE   MM

SKY COVER
POSSIBLE SUNSHINE (PERCENT)   MM
AVERAGE SKY COVER           0.00
NUMBER OF DAYS FAIR           31
NUMBER OF DAYS PC              0
NUMBER OF DAYS CLOUDY          0

AVERAGE RH (PERCENT)     64

WEATHER CONDITIONS. NUMBER OF DAYS WITH
THUNDERSTORM              0     MIXED PRECIP               0
HEAVY RAIN                0     RAIN                       0
LIGHT RAIN                0     FREEZING RAIN              0
LT FREEZING RAIN          0     HAIL                       0
HEAVY SNOW                0     SNOW                       0
LIGHT SNOW                0     SLEET                      0
FOG                       0     FOG W/VIS <= 1/4 MILE      0
HAZE                      0

-  INDICATES NEGATIVE NUMBERS.
R  INDICATES RECORD WAS SET OR TIED.
MM INDICATES DATA IS MISSING.
T  INDICATES TRACE AMOUNT.

$$


USA.gov is the U.S. government's official web portal to all federal, state and local government web resources and services.
  • National Weather Service
  • WSO Pago Pago Weather Service Office
  • Pago Pago, AS
  • (684) 699-9130
  • Page Author: PPG Webmaster
  • Incorrect Region Format!
  • Web Master's E-mail:
  • Page last modified: Mar 10th, 2020 21:02 UTC