000
CXUS51 KPHI 011556
CLM55N

CLIMATE REPORT
NATIONAL WEATHER SERVICE MOUNT HOLLY NJ
1156 AM EDT WED APR 01 2020

...................................

...THE ATLANTIC CITY MARINA CLIMATE SUMMARY FOR THE MONTH OF MARCH 2020...

CLIMATE NORMAL PERIOD: 1981 TO 2010
CLIMATE RECORD PERIOD: 1873 TO 2020

WEATHER         OBSERVED          NORMAL  DEPART   LAST YEAR`S
                VALUE   DATE(S)   VALUE   FROM     VALUE
                                          NORMAL
..............................................................
TEMPERATURE (F)
RECORD
 HIGH             86   MM
 LOW              17   03/05/2017
HIGHEST           71   03/13         MM      MM       60
                       03/20
LOWEST            28   03/01         MM      MM       22
AVG. MAXIMUM    53.5               49.6     3.9     46.5
AVG. MINIMUM    42.4               36.9     5.5     36.6
MEAN            48.0               43.3     4.7     41.5
DAYS MAX >= 90     0                0.0     0.0        0
DAYS MAX <= 32     0                0.3    -0.3        1
DAYS MIN <= 32     1                7.3    -6.3        6
DAYS MIN <= 0      0                0.0     0.0        0

PRECIPITATION (INCHES)
RECORD
 MAXIMUM          MM   MM
 MINIMUM          MM   MM
TOTALS          2.28               4.02   -1.74     4.19
DAILY AVG.      0.07               0.13   -0.06     0.14
DAYS >= .01       15               10.5     4.5       12
DAYS >= .10        6                6.6    -0.6        7
DAYS >= .50        1                3.1    -2.1        2
DAYS >= 1.00       0                0.9    -0.9        2
GREATEST
 24 HR. TOTAL   0.66   03/23 TO 03/23               1.28


DEGREE DAYS
HEATING TOTAL    520                674    -154      721
 SINCE 7/1      3347               3857    -510     3779
COOLING TOTAL      0                  0       0        0
 SINCE 1/1         0                  0       0        0
..............................................................

WIND (MPH)
AVERAGE WIND SPEED              9.9
HIGHEST WIND SPEED/DIRECTION    27/080    DATE  03/25



-  INDICATES NEGATIVE NUMBERS.
R  INDICATES RECORD WAS SET OR TIED.
MM INDICATES DATA IS MISSING.
T  INDICATES TRACE AMOUNT.

$$


USA.gov is the U.S. government's official web portal to all federal, state and local government web resources and services.
  • National Weather Service
  • WSO Pago Pago Weather Service Office
  • Pago Pago, AS
  • (684) 699-9130
  • Page Author: PPG Webmaster
  • Incorrect Region Format!
  • Web Master's E-mail:
  • Page last modified: Mar 10th, 2020 21:02 UTC