000
CXUS52 KTAE 011442 CCA
CLMAAF

CLIMATE REPORT
NATIONAL WEATHER SERVICE TALLAHASSEE FL
1033 AM EDT WED APR 1 2020

...................................

...THE APALACHICOLA CLIMATE SUMMARY FOR THE MONTH OF MARCH 2020...

CLIMATE NORMAL PERIOD 1981 TO 2010
CLIMATE RECORD PERIOD 1931 TO 2020

WEATHER         OBSERVED          NORMAL  DEPART  LAST YEAR`S
                 VALUE   DATE(S)  VALUE   FROM    VALUE  DATE(S)
                                          NORMAL
................................................................
TEMPERATURE (F)
RECORD
 HIGH              90   03/22/2017
 LOW               22   03/03/1980
HIGHEST            MM                90      MM       80  03/31
LOWEST             MM                MM      MM       34  03/07
AVG. MAXIMUM       MM              70.7      MM     70.5
AVG. MINIMUM       MM              50.0      MM     51.1
MEAN               MM              60.4      MM     60.8
DAYS MAX >= 90     MM               0.0      MM        0
DAYS MAX <= 32     MM               0.0      MM        0
DAYS MIN <= 32     MM               0.8      MM        0
DAYS MIN <= 0       0               0.0     0.0        0

PRECIPITATION (INCHES)
RECORD
 MAXIMUM        14.33   1959
 MINIMUM           MM
TOTALS             MM              5.26      MM     2.28

DEGREE_DAYS
HEATING TOTAL      MM              171       MM      149
 SINCE 7/1         MM             1339       MM     1066
COOLING TOTAL      MM               27       MM       28
 SINCE 1/1         MM               36       MM       59
.................................................................

WIND (MPH)
AVERAGE WIND SPEED              MM
HIGHEST WIND SPEED/DIRECTION    MM        DATE   MM
HIGHEST GUST SPEED/DIRECTION    MM        DATE   MM

SKY COVER
POSSIBLE SUNSHINE (PERCENT)   MM
AVERAGE SKY COVER           0.00
NUMBER OF DAYS FAIR           31
NUMBER OF DAYS PC              0
NUMBER OF DAYS CLOUDY          0

AVERAGE RH (PERCENT)     MM

WEATHER CONDITIONS. NUMBER OF DAYS WITH
  0
  0
  0
  0
  0
  0
  0
HAZE                      0

-  INDICATES NEGATIVE NUMBERS.
R  INDICATES RECORD WAS SET OR TIED.
MM INDICATES DATA IS MISSING.
T  INDICATES TRACE AMOUNT.

$$



USA.gov is the U.S. government's official web portal to all federal, state and local government web resources and services.
  • National Weather Service
  • WSO Pago Pago Weather Service Office
  • Pago Pago, AS
  • (684) 699-9130
  • Page Author: PPG Webmaster
  • Incorrect Region Format!
  • Web Master's E-mail:
  • Page last modified: Mar 10th, 2020 21:02 UTC