000
CXUS54 KSJT 011451
CLMABI


CLIMATE REPORT
NATIONAL WEATHER SERVICE SAN ANGELO TX
938 AM CDT WED APR 1 2020

...................................

...THE ABILENE CLIMATE SUMMARY FOR THE MONTH OF MARCH 2020...

CLIMATE NORMAL PERIOD 1981 TO 2010
CLIMATE RECORD PERIOD 1886 TO 2020

WEATHER         OBSERVED          NORMAL  DEPART  LAST YEAR`S
                 VALUE   DATE(S)  VALUE   FROM    VALUE  DATE(S)
                                          NORMAL
................................................................
TEMPERATURE (F)
RECORD
 HIGH              98   03/21/1916
 LOW                9   03/11/1948
HIGHEST            90   03/26        MM      MM       85  03/24
                        03/25
LOWEST             37   03/05        MM      MM       17  03/05
AVG. MAXIMUM     71.9              68.6     3.3     65.5
AVG. MINIMUM     51.2              44.1     7.1     42.9
MEAN             61.6              56.4     5.2     54.2
DAYS MAX >= 90      2               0.6     1.4        0
DAYS MAX <= 32      0               0.1    -0.1        1
DAYS MIN <= 32      0               3.6    -3.6        4
DAYS MIN <= 0       0               0.0     0.0        0

PRECIPITATION (INCHES)
RECORD
 MAXIMUM         5.16   1979
 MINIMUM         0.00   1904
TOTALS           4.69              1.74    2.95     1.29
DAILY AVG.       0.15              0.06    0.09     0.04
DAYS >= .01        10               6.0     4.0        5
DAYS >= .10         7               3.4     3.6        3
DAYS >= .50         3               1.2     1.8        1
DAYS >= 1.00        1               0.4     0.6        0
GREATEST
 24 HR. TOTAL    2.55   03/04 TO 03/04

SNOWFALL (INCHES)
RECORDS
 TOTAL             MM   5
TOTALS            0.0               0.3    -0.3      0.0
SINCE 7/1         4.5               4.4     0.1      3.1
SNOWDEPTH AVG.      0                MM      MM        0
DAYS >= 1.0         0               0.1    -0.1        0
GREATEST
 SNOW DEPTH         0   MM                             0  MM
 24 HR TOTAL      0.0   03/31 TO 03/31

DEGREE_DAYS
HEATING TOTAL     158               298    -140      353
 SINCE 7/1       2156              2431    -275     2449
COOLING TOTAL      59                29      30       25
 SINCE 1/1         60                34      26       38
.................................................................

WIND (MPH)
AVERAGE WIND SPEED              10.5
HIGHEST WIND SPEED/DIRECTION    48/140    DATE  03/18
HIGHEST GUST SPEED/DIRECTION    62/140    DATE  03/18

SKY COVER
AVERAGE SKY COVER           0.40

AVERAGE RH (PERCENT)     69

WEATHER CONDITIONS. NUMBER OF DAYS WITH
THUNDERSTORM              9     MIXED PRECIP               0
HEAVY RAIN                6     RAIN                       6
LIGHT RAIN               11     FREEZING RAIN              0
LIGHT FREEZING RAIN       0     HAIL                       0
HEAVY SNOW                0     SNOW                       0
LIGHT SNOW                0     SLEET                      0
FOG                      16     FOG W/VIS <= 1/4 MILE      2
HAZE                      4                                                             4

-  INDICATES NEGATIVE NUMBERS.
R  INDICATES RECORD WAS SET OR TIED.
MM INDICATES DATA IS MISSING.
T  INDICATES TRACE AMOUNT.

$$




USA.gov is the U.S. government's official web portal to all federal, state and local government web resources and services.
  • National Weather Service
  • WSO Pago Pago Weather Service Office
  • Pago Pago, AS
  • (684) 699-9130
  • Page Author: PPG Webmaster
  • Incorrect Region Format!
  • Web Master's E-mail:
  • Page last modified: Mar 10th, 2020 21:02 UTC