000
CXUS53 KABR 010729
CLMABR


CLIMATE REPORT
NATIONAL WEATHER SERVICE ABERDEEN SD
224 AM CDT WED APR 1 2020

...................................

...THE ABERDEEN SD CLIMATE SUMMARY FOR THE MONTH OF MARCH 2020...

CLIMATE NORMAL PERIOD 1981 TO 2010
CLIMATE RECORD PERIOD 1893 TO 2020

WEATHER         OBSERVED          NORMAL  DEPART  LAST YEAR`S
                 VALUE   DATE(S)  VALUE   FROM    VALUE  DATE(S)
                                          NORMAL
................................................................
TEMPERATURE (F)
RECORD
 HIGH              86   03/31/1946
 LOW              -32   03/08/1995
HIGHEST            66   03/30        MM      MM       52  03/27
LOWEST              9   03/20        MM      MM      -20  03/03
AVG. MAXIMUM     43.8              40.0     3.8     30.6
AVG. MINIMUM     24.1              19.8     4.3     11.1
MEAN             33.9              29.9     4.0     20.9
DAYS MAX >= 90      0               0.0     0.0        0
DAYS MAX <= 32      3               7.8    -4.8       13
DAYS MIN <= 32     28              27.9     0.1       31
DAYS MIN <= 0       0               2.2    -2.2        7

PRECIPITATION (INCHES)
RECORD
 MAXIMUM         7.55   1897
 MINIMUM         0.04   1971
TOTALS           0.16              1.16   -1.00     1.33
DAYS >= .01         6               7.7    -1.7        7
DAYS >= .10         0               3.2    -3.2        3
DAYS >= .50         0               0.6    -0.6        1
DAYS >= 1.00        0               0.1    -0.1        0

SNOWFALL (INCHES)
RECORDS
 TOTAL           27.9   1975
 SNOW DEPTH        25   03/10/2019
TOTALS            0.4               7.2    -6.8     16.4
SINCE 7/1        43.9              35.0     8.9     67.5
SNOWDEPTH AVG.      1                 3      -2       15
DAYS >= TRACE       8               5.2     2.8        9
DAYS >= 1.0         0               1.9    -1.9        3
GREATEST
 SNOW DEPTH         5   03/01                         25  03/10

DEGREE_DAYS
HEATING TOTAL     954              1088    -134     1361
 SINCE 7/1       7236              7551    -315     8297
COOLING TOTAL       0                 0       0        0
 SINCE 1/1          0                 0       0        0

FREEZE DATES
RECORD
 EARLIEST     MM
 LATEST       MM
EARLIEST                        MM
LATEST                          MM
.................................................................

WIND (MPH)
AVERAGE WIND SPEED              11.3
RESULTANT WIND SPEED/DIRECTION   1/349
HIGHEST WIND SPEED/DIRECTION    33/350    DATE  03/19
HIGHEST GUST SPEED/DIRECTION    46/010    DATE  03/19

SKY COVER
POSSIBLE SUNSHINE (PERCENT)   MM
AVERAGE SKY COVER           0.50
NUMBER OF DAYS FAIR           10
NUMBER OF DAYS PC             14
NUMBER OF DAYS CLOUDY          7

AVERAGE RH (PERCENT)     71


-  INDICATES NEGATIVE NUMBERS.
R  INDICATES RECORD WAS SET OR TIED.
MM INDICATES DATA IS MISSING.
T  INDICATES TRACE AMOUNT.

$$



USA.gov is the U.S. government's official web portal to all federal, state and local government web resources and services.
  • National Weather Service
  • WSO Pago Pago Weather Service Office
  • Pago Pago, AS
  • (684) 699-9130
  • Page Author: PPG Webmaster
  • Incorrect Region Format!
  • Web Master's E-mail:
  • Page last modified: Mar 10th, 2020 21:02 UTC