000
CXUS52 KTAE 012220
CLMABY

CLIMATE REPORT
NATIONAL WEATHER SERVICE TALLAHASSEE FL
606 PM EDT THU OCT 01 2020

...................................

...THE ALBANY CLIMATE SUMMARY FOR THE MONTH OF SEPTEMBER 2020...

CLIMATE NORMAL PERIOD 1981 TO 2010
CLIMATE RECORD PERIOD 1930 TO 2020

WEATHER         OBSERVED          NORMAL  DEPART   LAST YEAR`S
                VALUE   DATE(S)   VALUE   FROM     VALUE DATE(S)
                                          NORMAL
................................................................
TEMPERATURE (F)
RECORD
 HIGH            103   MM
 LOW              49   09/30/2009
                       09/30/2006
                       11/17/1997
HIGHEST           98   09/04          9      89      102  09/27
                       09/05
LOWEST            52   09/30         MM      MM       62  09/22
AVG. MAXIMUM    86.6               88.2    -1.6     95.1
AVG. MINIMUM    69.8               67.3     2.5     70.7
MEAN            78.2               77.7     0.5     82.9
DAYS MAX >= 90    12               11.7     0.3       29
DAYS MAX <= 32     0                0.0     0.0        0
DAYS MIN <= 32     0                0.0     0.0        0
DAYS MIN <= 0      0                0.0     0.0        0

PRECIPITATION (INCHES)
RECORD
 MAXIMUM        7.48   2020
 MINIMUM        7.48   2020
TOTALS          7.48R              3.44    4.04     1.27

SNOWFALL (INCHES)
TOTALS           0.0

DEGREE DAYS
HEATING TOTAL      0                  1      -1        0
 SINCE 7/1         0                  0       0        0
COOLING TOTAL    403                383      20      545
 SINCE 1/1      2725               2356     369     2905
................................................................

WIND (MPH)
AVERAGE WIND SPEED              6.7
HIGHEST WIND SPEED/DIRECTION    29/330    DATE  09/29
HIGHEST GUST SPEED/DIRECTION    38/110    DATE  09/11
                                38/330          09/29

SKY COVER
POSSIBLE SUNSHINE (PERCENT)   MM
AVERAGE SKY COVER           0.37
NUMBER OF DAYS FAIR           13
NUMBER OF DAYS PC             15
NUMBER OF DAYS CLOUDY          2

AVERAGE RH (PERCENT)     75

WEATHER CONDITIONS. NUMBER OF DAYS WITH
THUNDERSTORM              4     MIXED PRECIP               0
HEAVY RAIN                8     RAIN                       6
LIGHT RAIN               10     FREEZING RAIN              0
LT FREEZING RAIN          0     HAIL                       0
HEAVY SNOW                0     SNOW                       0
LIGHT SNOW                0     SLEET                      0
FOG                      12     FOG W/VIS <= 1/4 MILE      0
HAZE                      4

-  INDICATES NEGATIVE NUMBERS.
R  INDICATES RECORD WAS SET OR TIED.
MM INDICATES DATA IS MISSING.
T  INDICATES TRACE AMOUNT.

$$



USA.gov is the U.S. government's official web portal to all federal, state and local government web resources and services.
  • National Weather Service
  • WSO Pago Pago Weather Service Office
  • Pago Pago, AS
  • (684) 699-9130
  • Page Author: PPG Webmaster
  • Incorrect Region Format!
  • Web Master's E-mail:
  • Page last modified: Mar 10th, 2020 21:02 UTC