000
CXUS54 KFWD 010901
CLMACT

CLIMATE REPORT
NATIONAL WEATHER SERVICE FORT WORTH TX
400 AM CDT WED APR 1 2020

...................................

...THE WACO CLIMATE SUMMARY FOR THE MONTH OF MARCH 2020...

CLIMATE NORMAL PERIOD 1981 TO 2010
CLIMATE RECORD PERIOD 1901 TO 2020

WEATHER         OBSERVED          NORMAL  DEPART  LAST YEAR`S
                 VALUE   DATE(S)  VALUE   FROM    VALUE  DATE(S)
                                          NORMAL
................................................................
TEMPERATURE (F)
RECORD
 HIGH             100   03/28/1971
 LOW               15   03/11/1948
                        03/03/1943
HIGHEST            88   03/24        86       2       81  03/09
LOWEST             36   03/07        29       7       20  03/05
AVG. MAXIMUM     73.5              69.2     4.3     65.8
AVG. MINIMUM     54.6              47.1     7.5     44.0
MEAN             64.1              58.2     5.9     54.9
DAYS MAX >= 90      0               0.1    -0.1        0
DAYS MAX <= 32      0               0.0     0.0        0
DAYS MAX >= 100     0                                  0
DAYS MIN <= 32      0               1.8    -1.8        4
DAYS MIN <= 0       0               0.0     0.0        0
DAYS MIN >= 80      0                                  0

PRECIPITATION (INCHES)
RECORD
 MAXIMUM         9.76   2007
 MINIMUM            T   1925
TOTALS           7.03              3.15    3.88     1.39
DAILY AVG.       0.23              0.10    0.13     0.04
DAYS >= .01        11               8.3     2.7        6
DAYS >= .10         5               4.8     0.2        3
DAYS >= .50         4               2.3     1.7        1
DAYS >= 1.00        3               0.9     2.1        1
GREATEST
 24 HR. TOTAL    3.02   03/04 TO 03/04              1.08

SNOWFALL (INCHES)
RECORDS
 TOTAL            2.5   1915
 24 HR TOTAL      2.5   03/09/1915 TO 03/09/1915
TOTALS            0.0               0.1    -0.1      0.0
SINCE 7/1         0.1               0.9    -0.8      0.1
SNOWDEPTH AVG.      0                MM      MM        0
DAYS >= TRACE       0                                  0
DAYS >= 1.0         0               0.1    -0.1        0
GREATEST
 SNOW DEPTH         0   MM                             0  MM
 24 HR TOTAL      0.0   03/31 TO 03/31               0.0

DEGREE_DAYS
HEATING TOTAL     106               246    -140      321
 SINCE 7/1       1873              2058    -185     2183
COOLING TOTAL      87                34      53       15
 SINCE 1/1         97                43      54       30
.................................................................

WIND (MPH)
AVERAGE WIND SPEED              9.5
HIGHEST WIND SPEED/DIRECTION    36/320    DATE  03/20
HIGHEST GUST SPEED/DIRECTION    48/330    DATE  03/20

SKY COVER
POSSIBLE SUNSHINE (PERCENT)   MM
AVERAGE SKY COVER           0.60
NUMBER OF DAYS FAIR            9
NUMBER OF DAYS PC             11
NUMBER OF DAYS CLOUDY         11

AVERAGE RH (PERCENT)     76

WEATHER CONDITIONS. NUMBER OF DAYS WITH
THUNDERSTORM              5     MIXED PRECIP                0
HEAVY RAIN                4     RAIN                        6
LIGHT RAIN               17     FREEZING RAIN               0
LT FREEZING RAIN          0     HAIL                        0
HEAVY SNOW                0     SNOW                        0
LIGHT SNOW                0     SLEET                       0
FOG                      21     FOG W/VIS <= 1/4 MILE       3
HAZE                      6

-  INDICATES NEGATIVE NUMBERS.
R  INDICATES RECORD WAS SET OR TIED.
MM INDICATES DATA IS MISSING.
T  INDICATES TRACE AMOUNT.

$$


USA.gov is the U.S. government's official web portal to all federal, state and local government web resources and services.
  • National Weather Service
  • WSO Pago Pago Weather Service Office
  • Pago Pago, AS
  • (684) 699-9130
  • Page Author: PPG Webmaster
  • Incorrect Region Format!
  • Web Master's E-mail:
  • Page last modified: Mar 10th, 2020 21:02 UTC