000
CXUS51 KPHI 011645
CLMACY

CLIMATE REPORT
NATIONAL WEATHER SERVICE MOUNT HOLLY NJ
1145 AM EST SUN MAR 01 2020

...................................

...THE ATLANTIC CITY NJ CLIMATE SUMMARY FOR THE MONTH OF FEBRUARY 2020...

CLIMATE NORMAL PERIOD: 1981 TO 2010
CLIMATE RECORD PERIOD: 1943 TO 2020

WEATHER         OBSERVED          NORMAL  DEPART   LAST YEAR`S
                VALUE   DATE(S)   VALUE   FROM     VALUE DATE(S)
                                          NORMAL
................................................................
TEMPERATURE (F)
RECORD
 HIGH             76   02/21/2018
 LOW             -11   02/12/1979
HIGHEST           69   02/04         63       6       67  02/05
LOWEST            13   02/15          7       6        6  02/02
AVG. MAXIMUM    51.4               44.3     7.1     45.9
AVG. MINIMUM    32.1               26.4     5.7     28.0
MEAN            41.8               35.3     6.5     36.9
DAYS MAX >= 90     0                0.0     0.0        0
DAYS MAX <= 32     0                2.7    -2.7        1
DAYS MIN <= 32    16               20.5    -4.5       18
DAYS MIN <= 0      0                0.1    -0.1        0

PRECIPITATION (INCHES)
RECORD
 MAXIMUM        6.86   1958
 MINIMUM        0.68   2009
TOTALS          3.58               2.87    0.71     4.10
DAILY AVG.      0.12                NAN     NAN     0.15
DAYS >= .01       15                9.5     5.5       13
DAYS >= .10        8                5.8     2.2        9
DAYS >= .50        2                2.0     0.0        3
DAYS >= 1.00       0                0.7    -0.7        1
GREATEST
 24 HR. TOTAL   1.02   02/06 TO 02/07               1.22

SNOWFALL (INCHES)
RECORDS
 TOTAL            MM   5
 24 HR TOTAL      MM
TOTALS             T                6.7    -6.7      6.9
SINCE 7/1        0.5               15.1   -14.6       MM
SNOWDEPTH AVG.     0                                   0
DAYS >= 1.0        0                1.6    -1.6        3
GREATEST
 SNOW DEPTH        0                                   3  02/11
 24 HR TOTAL      MM                                 3.9

DEGREE DAYS
HEATING TOTAL    665                830    -165      780
 SINCE 7/1      3006               3646    -640     3368
COOLING TOTAL      0                  0       0        0
 SINCE 1/1         0                  0       0        0
................................................................

WIND (MPH)
AVERAGE WIND SPEED              7.9
HIGHEST WIND SPEED/DIRECTION    37/270    DATE  02/07
                                37/290          02/27
HIGHEST GUST SPEED/DIRECTION    56/280    DATE  02/07

SKY COVER
POSSIBLE SUNSHINE (PERCENT)   MM
AVERAGE SKY COVER           0.43
NUMBER OF DAYS FAIR           14
NUMBER OF DAYS PC              8
NUMBER OF DAYS CLOUDY          7

AVERAGE RH (PERCENT)     63

WEATHER CONDITIONS. NUMBER OF DAYS WITH
THUNDERSTORM              0     MIXED PRECIP               0
HEAVY RAIN                4     RAIN                       5
LIGHT RAIN               15     FREEZING RAIN              0
LT FREEZING RAIN          0     HEAVY SNOW                 0
SNOW                      0     LIGHT SNOW                 1
SLEET                     0     FOG                       14
FOG W/VIS <= 1/4 MILE     4     HAZE                       3

-  INDICATES NEGATIVE NUMBERS.
R  INDICATES RECORD WAS SET OR TIED.
MM INDICATES DATA IS MISSING.
T  INDICATES TRACE AMOUNT.

$$


USA.gov is the U.S. government's official web portal to all federal, state and local government web resources and services.
  • National Weather Service
  • WSO Pago Pago Weather Service Office
  • Pago Pago, AS
  • (684) 699-9130
  • Page Author: PPG Webmaster
  • Incorrect Region Format!
  • Web Master's E-mail:
  • Page last modified: Mar 10th, 2020 21:02 UTC