000
CXAK58 PADQ 020117
CLMADQ


CLIMATE REPORT
NATIONAL WEATHER SERVICE ANCHORAGE, AK
517 PM AKDT WED APR 1 2020

...................................

...THE KODIAK CLIMATE SUMMARY FOR THE MONTH OF MARCH 2020...

CLIMATE NORMAL PERIOD 1981 TO 2010
CLIMATE RECORD PERIOD 1913 TO 2020

WEATHER         OBSERVED          NORMAL  DEPART  LAST YEAR`S
                 VALUE   DATE(S)  VALUE   FROM    VALUE  DATE(S)
                                          NORMAL
................................................................
TEMPERATURE (F)
RECORD
 HIGH              57   03/24/1963
 LOW               -6   03/06/1971
                        03/05/1971
HIGHEST            54                MM      MM       52
LOWEST             10                MM      MM       21
AVG. MAXIMUM     39.7              37.9     1.8     44.2
AVG. MINIMUM     25.6              27.7    -2.1     33.5
MEAN             32.6              32.8    -0.2     38.9
DAYS MAX >= 90      0               0.0     0.0        0
DAYS MAX <= 32      5               4.3     0.7        0
DAYS MIN <= 32     22              21.5     0.5       11
DAYS MIN <= 0       0               0.0     0.0        0

PRECIPITATION (INCHES)
RECORD
 MAXIMUM           MM   MM
 MINIMUM           MM   MM
TOTALS           0.19              5.53   -5.34     7.00
DAILY AVG.       0.01              0.18   -0.17     0.23
DAYS >= .01         4              17.5   -13.5       21
DAYS >= .10         1              11.4   -10.4       10
DAYS >= .50         0               3.8    -3.8        7
DAYS >= 1.00        0               1.0    -1.0        2
GREATEST
 24 HR. TOTAL    0.24   02/29 TO 03/01           03/09 TO 03/09
                        03/01 TO 03/02                    03/31 TO 03/31EATHER         OBSERVED          NORMAL  DEPART  LAST YEAR`S
                        03/02 TO 03/03                    03/31 TO 03/31EATHER         OBSERVED          NORMAL  DEPART  LAST YEAR`S
 STORM TOTAL       MM                                 MM
 (MM/DD(HH))            MM                    03/09(00) TO 03/09(00)
                                                 03/31(00) TO 03/31(00)1EATHER         OBSERVED          NORMAL  DEPART  LAST YEAR`S
                                                 03/31(00) TO 03/31(00)1EATHER         OBSERVED          NORMAL  DEPART  LAST YEAR`S

DEGREE_DAYS
HEATING TOTAL     995               998      -3      802
 SINCE 7/1       6127              6870    -743     5791
COOLING TOTAL       0                 0       0        0
 SINCE 1/1          0                 0       0        0

FREEZE DATES
RECORD
 EARLIEST     MM
 LATEST       MM
EARLIEST      03/01             MM
LATEST                          MM
.................................................................

WIND (MPH)
AVERAGE WIND SPEED              10.3
RESULTANT WIND SPEED/DIRECTION   8/284
HIGHEST WIND SPEED/DIRECTION    41/280    DATE  03/22
HIGHEST GUST SPEED/DIRECTION    55/290    DATE  03/04

SKY COVER
POSSIBLE SUNSHINE (PERCENT)   MM
AVERAGE SKY COVER           0.30
NUMBER OF DAYS FAIR           16
NUMBER OF DAYS PC             15
NUMBER OF DAYS CLOUDY          0

AVERAGE RH (PERCENT)     59

WEATHER CONDITIONS. NUMBER OF DAYS WITH
  0
  0
  0
  0
  0
  0
  0
HAZE                      3

-  INDICATES NEGATIVE NUMBERS.
R  INDICATES RECORD WAS SET OR TIED.
MM INDICATES DATA IS MISSING.
T  INDICATES TRACE AMOUNT.

$$



USA.gov is the U.S. government's official web portal to all federal, state and local government web resources and services.
  • National Weather Service
  • WSO Pago Pago Weather Service Office
  • Pago Pago, AS
  • (684) 699-9130
  • Page Author: PPG Webmaster
  • Incorrect Region Format!
  • Web Master's E-mail:
  • Page last modified: Mar 10th, 2020 21:02 UTC