000
CXUS52 KCAE 011631
CLMAGS


CLIMATE REPORT
NATIONAL WEATHER SERVICE COLUMBIA SC
1128 AM EST SUN MAR 1 2020

...................................

...THE AUGUSTA BUSH FIELD GA CLIMATE SUMMARY FOR THE MONTH OF FEBRUARY 2020...

CLIMATE NORMAL PERIOD 1981 TO 2010
CLIMATE RECORD PERIOD 1873 TO 2020

WEATHER         OBSERVED          NORMAL  DEPART
                 VALUE   DATE(S)  VALUE   FROM
                                          NORMAL
................................................
TEMPERATURE (F)
RECORD
 HIGH              86   02/21/2018
                        02/28/1962
                        06/29/2012
 LOW                3   02/14/1899
HIGHEST            80   02/11        MM      MM
LOWEST             25   02/22        MM      MM
AVG. MAXIMUM     63.8              62.3     1.5
AVG. MINIMUM     42.2              35.9     6.3
MEAN             53.0              49.1     3.9
DAYS MAX >= 90      0               0.0     0.0
DAYS MAX <= 32      0               0.0     0.0
DAYS MIN <= 32      4              10.3    -6.3
DAYS MIN <= 0       0               0.0     0.0

PRECIPITATION (INCHES)
RECORD
 MAXIMUM        10.03   1899
 MINIMUM         0.52   1938
TOTALS           7.17              3.92    3.25
DAILY AVG.       0.25                MM      MM
DAYS >= .01        10               8.8     1.2
DAYS >= .10         9               6.2     2.8
DAYS >= .50         7               2.8     4.2
DAYS >= 1.00        3               1.1     1.9
GREATEST
 24 HR. TOTAL    1.70   02/06 TO 02/06
 STORM TOTAL       MM
 (MM/DD(HH))            MM

SNOWFALL (INCHES)
RECORDS
 TOTAL             MM   MM
TOTALS            0.0               0.4    -0.4
SINCE 7/1         0.0               0.9    -0.9
DAYS >= TRACE       0               0.1    -0.1
DAYS >= 1.0         0               0.1    -0.1
GREATEST
 SNOW DEPTH         0   MM

DEGREE_DAYS
HEATING TOTAL     357               447     -90
 SINCE 7/1       1532              2045    -513
COOLING TOTAL      15                 2      13
 SINCE 1/1         36                 3      33

FREEZE DATES
RECORD
 EARLIEST     MM
 LATEST       MM
EARLIEST                        MM
LATEST                          MM
.................................................

WIND (MPH)
AVERAGE WIND SPEED              6.7
RESULTANT WIND SPEED/DIRECTION   2/272
HIGHEST WIND SPEED/DIRECTION    36/300    DATE  02/06
HIGHEST GUST SPEED/DIRECTION    45/300    DATE  02/06

SKY COVER
POSSIBLE SUNSHINE (PERCENT)   MM
AVERAGE SKY COVER           0.50
NUMBER OF DAYS FAIR           12
NUMBER OF DAYS PC              7
NUMBER OF DAYS CLOUDY         10

AVERAGE RH (PERCENT)     70

WEATHER CONDITIONS. NUMBER OF DAYS WITH
  0
  9
  0
  0
  0
  0
  5
HAZE                      5

-  INDICATES NEGATIVE NUMBERS.
R  INDICATES RECORD WAS SET OR TIED.
MM INDICATES DATA IS MISSING.
T  INDICATES TRACE AMOUNT.

$$


USA.gov is the U.S. government's official web portal to all federal, state and local government web resources and services.
  • National Weather Service
  • WSO Pago Pago Weather Service Office
  • Pago Pago, AS
  • (684) 699-9130
  • Page Author: PPG Webmaster
  • Incorrect Region Format!
  • Web Master's E-mail:
  • Page last modified: Mar 10th, 2020 21:02 UTC