000
CXUS52 KFFC 091648
CLMAHN


CLIMATE REPORT
NATIONAL WEATHER SERVICE PEACHTREE CITY GA
1248 PM EDT MON MAR 9 2020

...................................

...THE ATHENS CLIMATE SUMMARY FOR THE MONTH OF FEBRUARY 2020...

CLIMATE NORMAL PERIOD 1981 TO 2010
CLIMATE RECORD PERIOD 1898 TO 2020

WEATHER         OBSERVED          NORMAL  DEPART  LAST YEAR`S
                 VALUE   DATE(S)  VALUE   FROM    VALUE  DATE(S)
                                          NORMAL
................................................................
TEMPERATURE (F)
RECORD
 HIGH              83   02/24/2018
                        02/22/2018
                        28/01/2537
 LOW               -3   02/12/1899
HIGHEST            79   02/03        81      -2       81  02/07
LOWEST             25   02/22         7      18       25  02/01
AVG. MAXIMUM     59.3              58.2     1.1     62.0
AVG. MINIMUM     40.5              36.3     4.2     42.4
MEAN             49.9              47.2     2.7     52.2
DAYS MAX >= 90      0               0.0     0.0        0
DAYS MAX <= 32      0               0.1    -0.1        0
DAYS MIN <= 32      6               8.8    -2.8        3
DAYS MIN <= 0       0               0.0     0.0        0

PRECIPITATION (INCHES)
RECORD
 MAXIMUM        11.25   1929
 MINIMUM         0.66   1898
TOTALS          11.05              4.48    6.57     3.61
DAILY AVG.       0.38                MM      MM     0.13
GREATEST
 24 HR. TOTAL    3.44   02/06 TO 02/06           02/19 TO 02/19
                                                          02/28 TO 02/28EATHER         OBSERVED          NORMAL  DEPART  LAST YEAR`S
                                                          02/28 TO 02/28EATHER         OBSERVED          NORMAL  DEPART  LAST YEAR`S

SNOWFALL (INCHES)
RECORDS
 TOTAL              T   2016
                        2015
                        2012
 24 HR TOTAL        T   02/10/2016 TO 02/10/2016
                        02/25/2015 TO 02/25/2015
                        02/25/2015 TO 02/14/2012
TOTALS            0.5R              0.6    -0.1      0.0
SINCE 7/1         0.5               2.1    -1.6      0.0
SNOWDEPTH AVG.      0                MM      MM        0
DAYS >= TRACE       1               0.4     0.6        0
DAYS >= 1.0         0               0.2    -0.2        0
GREATEST
 24 HR TOTAL      0.5R  02/08 TO 02/08           02/28 TO 02/28
                                                          02/28 TO 02/28EATHER         OBSERVED          NORMAL  DEPART  LAST YEAR`S
                                                          02/28 TO 02/28EATHER         OBSERVED          NORMAL  DEPART  LAST YEAR`S

DEGREE_DAYS
HEATING TOTAL     432               498     -66      358
 SINCE 7/1       1811              2270    -459     2087
.................................................................

WIND (MPH)
AVERAGE WIND SPEED              5.9
HIGHEST WIND SPEED/DIRECTION    24/300    DATE  02/26
HIGHEST GUST SPEED/DIRECTION    34/270    DATE  02/26

SKY COVER
POSSIBLE SUNSHINE (PERCENT)   MM
AVERAGE SKY COVER           0.60
NUMBER OF DAYS FAIR           10
NUMBER OF DAYS PC              8
NUMBER OF DAYS CLOUDY         11

AVERAGE RH (PERCENT)     70

WEATHER CONDITIONS. NUMBER OF DAYS WITH
  0
  8
  0
  0
  1
  0
  3
HAZE                      3

-  INDICATES NEGATIVE NUMBERS.
R  INDICATES RECORD WAS SET OR TIED.
MM INDICATES DATA IS MISSING.
T  INDICATES TRACE AMOUNT.

$$


USA.gov is the U.S. government's official web portal to all federal, state and local government web resources and services.
  • National Weather Service
  • WSO Pago Pago Weather Service Office
  • Pago Pago, AS
  • (684) 699-9130
  • Page Author: PPG Webmaster
  • Incorrect Region Format!
  • Web Master's E-mail:
  • Page last modified: Mar 10th, 2020 21:02 UTC