000
CXUS52 KFFC 071559
CLMAHN

CLIMATE REPORT
NATIONAL WEATHER SERVICE PEACHTREE CITY GA
1159 AM EDT WED OCT 07 2020

...................................

...THE ATHENS CLIMATE SUMMARY FOR THE MONTH OF SEPTEMBER 2020...

CLIMATE NORMAL PERIOD: 1981 TO 2010
CLIMATE RECORD PERIOD: 1898 TO 2020

WEATHER         OBSERVED          NORMAL  DEPART   LAST YEAR`S
                VALUE   DATE(S)   VALUE   FROM     VALUE DATE(S)
                                          NORMAL
................................................................
TEMPERATURE (F)
RECORD
 HIGH            108   09/08/1925
 LOW              30   09/24/1928
HIGHEST           94   09/01         MM      MM       99  09/12
LOWEST            49   09/22         MM      MM       56  09/21
                                                          09/20
AVG. MAXIMUM    82.4               84.0    -1.6     92.2
AVG. MINIMUM    65.1               62.7     2.4     66.4
MEAN            73.8               73.3     0.4     79.3
DAYS MAX >= 90     6                5.3     0.7       22
DAYS MAX <= 32     0                0.0     0.0        0
DAYS MIN <= 32     0                0.0     0.0        0
DAYS MIN <= 0      0                0.0     0.0        0

PRECIPITATION (INCHES)
RECORD
 MAXIMUM       11.84   2004
 MINIMUM        0.17   2005
TOTALS          6.08               3.94    2.14     1.40
DAILY AVG.      0.20               0.13    0.07     0.05
GREATEST
 24 HR. TOTAL   4.51   09/16 TO 09/17               1.38  09/13 TO 09/13

DEGREE DAYS
HEATING TOTAL     12                 10       2        0
 SINCE 7/1        12                  8       4        0
COOLING TOTAL    281                260      21      434
 SINCE 1/1      2031               1815     216     2233
................................................................

WIND (MPH)
AVERAGE WIND SPEED              5.8
HIGHEST WIND SPEED/DIRECTION    24/050    DATE  09/17
HIGHEST GUST SPEED/DIRECTION    35/060    DATE  09/17

SKY COVER
POSSIBLE SUNSHINE (PERCENT)   MM
AVERAGE SKY COVER           0.42
NUMBER OF DAYS FAIR           14
NUMBER OF DAYS PC             10
NUMBER OF DAYS CLOUDY          6

AVERAGE RH (PERCENT)     72

WEATHER CONDITIONS. NUMBER OF DAYS WITH
THUNDERSTORM              2     MIXED PRECIP               0
HEAVY RAIN                5     RAIN                       8
LIGHT RAIN                9     FREEZING RAIN              0
LT FREEZING RAIN          0     HAIL                       0
HEAVY SNOW                0     SNOW                       0
LIGHT SNOW                0     SLEET                      0
FOG                      15     FOG W/VIS <= 1/4 MILE      1
HAZE                      0

-  INDICATES NEGATIVE NUMBERS.
R  INDICATES RECORD WAS SET OR TIED.
MM INDICATES DATA IS MISSING.
T  INDICATES TRACE AMOUNT.

$$



USA.gov is the U.S. government's official web portal to all federal, state and local government web resources and services.
  • National Weather Service
  • WSO Pago Pago Weather Service Office
  • Pago Pago, AS
  • (684) 699-9130
  • Page Author: PPG Webmaster
  • Incorrect Region Format!
  • Web Master's E-mail:
  • Page last modified: Mar 10th, 2020 21:02 UTC