000
CXUS51 KALY 010825
CLMALB

CLIMATE REPORT
NATIONAL WEATHER SERVICE ALBANY NY
425 AM EDT THU OCT 01 2020

...................................

...THE ALBANY NY CLIMATE SUMMARY FOR THE MONTH OF SEPTEMBER 2020...

CLIMATE NORMAL PERIOD: 1981 TO 2010
CLIMATE RECORD PERIOD: 1874 TO 2020

WEATHER         OBSERVED          NORMAL  DEPART   LAST YEAR`S
                VALUE   DATE(S)   VALUE   FROM     VALUE DATE(S)
                                          NORMAL
................................................................
TEMPERATURE (F)
RECORD
 HIGH            100   09/03/1953
                       09/02/1953
 LOW              24   09/28/1947
                       09/27/1947
HIGHEST           81   09/08                          87  09/22
                                                          09/11
LOWEST            32   09/21                          42  09/20
                       09/22
                                                          09/19
AVG. MAXIMUM    70.4               72.2    -1.8     75.2
AVG. MINIMUM    49.1               51.6    -2.5     52.4
MEAN            59.7               61.9    -2.2     63.8
DAYS MAX >= 90     0                0.2    -0.2        0
DAYS MAX <= 32     0                0.0     0.0        0
DAYS MIN <= 32     2                0.2     1.8        0
DAYS MIN <= 0      0                0.0     0.0        0

PRECIPITATION (INCHES)
RECORD
 MAXIMUM       11.06   1999
 MINIMUM        0.40   1964
TOTALS          2.63               3.30   -0.67     2.23
DAILY AVG.      0.09                                0.07
DAYS >= .01        6                9.8    -3.8        8
DAYS >= .10        5                6.2    -1.2        4
DAYS >= .50        2                2.0     0.0        2
DAYS >= 1.00       1                0.8     0.2        0
GREATEST
 24 HR. TOTAL   2.00   09/29 TO 09/30

DEGREE DAYS
HEATING TOTAL    176                144      32       75
 SINCE 7/1       201                166      35       77
COOLING TOTAL     25                 51     -26       44
 SINCE 1/1       815                594     221      767
................................................................

WIND (MPH)
AVERAGE WIND SPEED              6.9
HIGHEST WIND SPEED/DIRECTION    28/160    DATE  09/07
HIGHEST GUST SPEED/DIRECTION    39/150    DATE  09/07

SKY COVER
AVERAGE SKY COVER           0.57

AVERAGE RH (PERCENT)     77

WEATHER CONDITIONS. NUMBER OF DAYS WITH
THUNDERSTORM              0     MIXED PRECIP               0
HEAVY RAIN                1     RAIN                       4
LIGHT RAIN               10     FREEZING RAIN              0
LT FREEZING RAIN          0     HAIL                       0
HEAVY SNOW                0     SNOW                       0
LIGHT SNOW                0     SLEET                      0
FOG                      13     FOG W/VIS <= 1/4 MILE      1
HAZE                      1

-  INDICATES NEGATIVE NUMBERS.
R  INDICATES RECORD WAS SET OR TIED.
MM INDICATES DATA IS MISSING.
T  INDICATES TRACE AMOUNT.

$$



USA.gov is the U.S. government's official web portal to all federal, state and local government web resources and services.
  • National Weather Service
  • WSO Pago Pago Weather Service Office
  • Pago Pago, AS
  • (684) 699-9130
  • Page Author: PPG Webmaster
  • Incorrect Region Format!
  • Web Master's E-mail:
  • Page last modified: Mar 10th, 2020 21:02 UTC