000
CXUS51 KALY 010643
CLMALB


CLIMATE REPORT
NATIONAL WEATHER SERVICE ALBANY NY
141 AM EST SUN MAR 1 2020

...................................

...THE ALBANY NY CLIMATE SUMMARY FOR THE MONTH OF FEBRUARY 2020...

CLIMATE NORMAL PERIOD 1981 TO 2010
CLIMATE RECORD PERIOD 1874 TO 2020

WEATHER         OBSERVED          NORMAL  DEPART  LAST YEAR`S
                 VALUE   DATE(S)  VALUE   FROM    VALUE  DATE(S)
                                          NORMAL
................................................................
TEMPERATURE (F)
RECORD
 HIGH              74
 LOW              -22
HIGHEST            62   02/24                         57  02/05
LOWEST              4   02/15                         -8  02/01
AVG. MAXIMUM     39.2              34.6     4.6     35.4
AVG. MINIMUM     23.9              17.3     6.6     19.8
MEAN             31.5              25.9     5.6     27.6
DAYS MAX >= 90      0               0.0     0.0        0
DAYS MAX <= 32      4              11.0    -7.0       11
DAYS MIN <= 32     25              25.5    -0.5       25
DAYS MIN <= 0       0               1.8    -1.8        2

PRECIPITATION (INCHES)
RECORD
 MAXIMUM         5.19   1870
 MINIMUM         0.24   1987
TOTALS           2.71              2.20    0.51     2.68
DAILY AVG.       0.09                               0.10
DAYS >= .01        10              10.4    -0.4       15
DAYS >= .10         7               5.2     1.8        8
DAYS >= .50         3               1.5     1.5        2
DAYS >= 1.00        0               0.3    -0.3        0
GREATEST
 24 HR. TOTAL    0.65   02/07 TO 02/07

SNOWFALL (INCHES)
RECORDS
 TOTAL           40.7   1893
 24 HR TOTAL     23.5   02/14/1914 TO 02/14/1914
 SNOW DEPTH        22   02/08/1971
TOTALS            7.0              12.2    -5.2     14.1
SINCE 7/1        42.3              46.9    -4.6     46.7
SNOWDEPTH AVG.      1
DAYS >= TRACE      19               7.6    11.4       19
DAYS >= 1.0         4               2.9     1.1        4
GREATEST
 SNOW DEPTH         2   02/13                          6  02/28
                        02/10
                        02/09
 24 HR TOTAL      1.9   02/07 TO 02/07

DEGREE_DAYS
HEATING TOTAL     965              1093    -128     1042
 SINCE 7/1       4346              4980    -634     4708
COOLING TOTAL       0                 0       0        0
 SINCE 1/1          0                 0       0        0

FREEZE DATES
RECORD
 EARLIEST     09/24/1963
 LATEST       05/27/1969
EARLIEST                        10/10
LATEST                          04/28
.................................................................

WIND (MPH)
AVERAGE WIND SPEED              7.6
HIGHEST WIND SPEED/DIRECTION    38/270    DATE  02/07
HIGHEST GUST SPEED/DIRECTION    47/270    DATE  02/07

SKY COVER
AVERAGE SKY COVER           0.70

AVERAGE RH (PERCENT)     62

-  INDICATES NEGATIVE NUMBERS.
R  INDICATES RECORD WAS SET OR TIED.
MM INDICATES DATA IS MISSING.
T  INDICATES TRACE AMOUNT.

$$




USA.gov is the U.S. government's official web portal to all federal, state and local government web resources and services.
  • National Weather Service
  • WSO Pago Pago Weather Service Office
  • Pago Pago, AS
  • (684) 699-9130
  • Page Author: PPG Webmaster
  • Incorrect Region Format!
  • Web Master's E-mail:
  • Page last modified: Mar 10th, 2020 21:02 UTC