000
CXUS53 KDMX 011742
CLMALO

CLIMATE REPORT
NATIONAL WEATHER SERVICE DES MOINES IA
1137 AM CST SUN MAR 1 2020

...................................

...THE WATERLOO IA CLIMATE SUMMARY FOR THE MONTH OF FEBRUARY 2020...

CLIMATE NORMAL PERIOD 1981 TO 2010
CLIMATE RECORD PERIOD 1895 TO 2020

WEATHER         OBSERVED          NORMAL  DEPART  LAST YEAR`S
                 VALUE   DATE(S)  VALUE   FROM    VALUE  DATE(S)
                                          NORMAL
................................................................
TEMPERATURE (F)
RECORD
 HIGH              71   02/15/1921
 LOW              -31   02/03/1996
                        02/02/1996
HIGHEST            51   02/23        51       0       46  02/03
LOWEST            -14   02/14       -13      -1      -15  02/19
AVG. MAXIMUM     32.3              32.2     0.1     25.6
AVG. MINIMUM     14.1              14.6    -0.5      5.9
MEAN             23.2              23.4    -0.2     15.7
DAYS MAX >= 90      0               0.0     0.0        0
DAYS MAX <= 32     14              13.3     0.7       23
DAYS MIN <= 32     28              25.7     2.3       27
DAYS MIN <= 0       3               5.0    -2.0       12

PRECIPITATION (INCHES)
RECORD
 MAXIMUM         3.68   1915
 MINIMUM         0.00   2002
TOTALS           0.40              0.99   -0.59     2.65
DAILY AVG.       0.01                MM      MM     0.09
DAYS >= .01         4               7.4    -3.4       15
DAYS >= .10         1               2.9    -1.9        7
DAYS >= .50         0               0.4    -0.4        1
DAYS >= 1.00        0               0.1    -0.1        0

SNOWFALL (INCHES)
RECORDS
 TOTAL           31.1   2019
TOTALS            1.6               7.4    -5.8     31.1
SINCE 7/1        28.1              28.9    -0.8     57.6
SNOWDEPTH AVG.      5                MM      MM        9
DAYS >= 1.0         0               2.3    -2.3        8
GREATEST
 SNOW DEPTH         9   02/01                         17  02/21
 24 HR TOTAL      0.6   02/12 TO 02/12

DEGREE_DAYS
HEATING TOTAL    1205              1165      40     1372
 SINCE 7/1       5104              5455    -351     5739
COOLING TOTAL       0                 0       0        0
 SINCE 1/1          0                 0       0        0
.................................................................

WIND (MPH)
AVERAGE WIND SPEED              9.5
HIGHEST WIND SPEED/DIRECTION    28/210    DATE  02/21
HIGHEST GUST SPEED/DIRECTION    38/220    DATE  02/21

SKY COVER
POSSIBLE SUNSHINE (PERCENT)   MM
AVERAGE SKY COVER           0.40
NUMBER OF DAYS FAIR           15
NUMBER OF DAYS PC             11
NUMBER OF DAYS CLOUDY          3

AVERAGE RH (PERCENT)     70

-  INDICATES NEGATIVE NUMBERS.
R  INDICATES RECORD WAS SET OR TIED.
MM INDICATES DATA IS MISSING.
T  INDICATES TRACE AMOUNT.

$$


USA.gov is the U.S. government's official web portal to all federal, state and local government web resources and services.
  • National Weather Service
  • WSO Pago Pago Weather Service Office
  • Pago Pago, AS
  • (684) 699-9130
  • Page Author: PPG Webmaster
  • Incorrect Region Format!
  • Web Master's E-mail:
  • Page last modified: Mar 10th, 2020 21:02 UTC