000
CXUS54 KAMA 011800
CLMAMA

CLIMATE REPORT
NATIONAL WEATHER SERVICE AMARILLO
100 PM CDT WED APR 01 2020

...................................

...THE AMARILLO CLIMATE SUMMARY FOR THE MONTH OF MARCH 2020...

CLIMATE NORMAL PERIOD: 1981 TO 2010
CLIMATE RECORD PERIOD: 1892 TO 2020

WEATHER         OBSERVED          NORMAL  DEPART   LAST YEAR`S
                VALUE   DATE(S)   VALUE   FROM     VALUE DATE(S)
                                          NORMAL
................................................................
TEMPERATURE (F)
RECORD
 HIGH             96   03/20/1907
                       03/19/1907
 LOW              -3   03/11/1948
HIGHEST           88   03/26                          84  03/28
LOWEST            29   03/06                           9  03/04
                       03/20
AVG. MAXIMUM    66.2               62.5     3.7     59.9
AVG. MINIMUM    39.8               33.3     6.5     31.9
MEAN            53.0               47.9     5.1     45.9
DAYS MAX >= 90     0                0.1    -0.1        0
DAYS MAX <= 32     0                0.6    -0.6        2
DAYS MIN <= 32     5               13.0    -8.0       15
DAYS MIN <= 0      0                0.0     0.0        0

PRECIPITATION (INCHES)
RECORD
 MAXIMUM        4.14   2000
 MINIMUM           T   1950
TOTALS          1.82               1.39    0.43     2.11
DAILY AVG.      0.06               0.04    0.02     0.07
DAYS >= .01        6                6.0     0.0        8
DAYS >= .10        6                3.2     2.8        3
DAYS >= .50        0                0.8    -0.8        2
DAYS >= 1.00       0                0.3    -0.3        0
GREATEST
 24 HR. TOTAL   0.76   03/13 TO 03/14

SNOWFALL (INCHES)
RECORDS
 TOTAL          21.5   1934
TOTALS           0.0                2.9    -2.9      1.0
SINCE 7/1       10.2               16.9    -6.7       MM
DAYS >= TRACE      0                1.9    -1.9        3
DAYS >= 1.0        0                0.9    -0.9        0
GREATEST
 SNOW DEPTH        0
 24 HR TOTAL     0.0

DEGREE DAYS
HEATING TOTAL    372                532    -160      587
 SINCE 7/1      3577               3810    -233     3770
COOLING TOTAL      6                  2       4        2
 SINCE 1/1         6                  2       4        2
................................................................

WIND (MPH)
AVERAGE WIND SPEED              14.0
HIGHEST WIND SPEED/DIRECTION    43/250    DATE  03/19
HIGHEST GUST SPEED/DIRECTION    52/230    DATE  03/19

SKY COVER
POSSIBLE SUNSHINE (PERCENT)   MM
NUMBER OF DAYS FAIR           21
NUMBER OF DAYS PC              7
NUMBER OF DAYS CLOUDY          3

AVERAGE RH (PERCENT)     57

WEATHER CONDITIONS. NUMBER OF DAYS WITH
THUNDERSTORM              3     MIXED PRECIP               0
HEAVY RAIN                3     RAIN                       5
LIGHT RAIN                8     FREEZING RAIN              0
LT FREEZING RAIN          0     HAIL                       0
HEAVY SNOW                0     SNOW                       0
LIGHT SNOW                0     SLEET                      0
FOG                      13     FOG W/VIS <= 1/4 MILE      5
HAZE                      1

-  INDICATES NEGATIVE NUMBERS.
R  INDICATES RECORD WAS SET OR TIED.
MM INDICATES DATA IS MISSING.
T  INDICATES TRACE AMOUNT.

$$



USA.gov is the U.S. government's official web portal to all federal, state and local government web resources and services.
  • National Weather Service
  • WSO Pago Pago Weather Service Office
  • Pago Pago, AS
  • (684) 699-9130
  • Page Author: PPG Webmaster
  • Incorrect Region Format!
  • Web Master's E-mail:
  • Page last modified: Mar 10th, 2020 21:02 UTC