000
CXUS54 KAMA 012334
CLMAMA

CLIMATE REPORT
NATIONAL WEATHER SERVICE AMARILLO
634 PM CDT THU OCT 01 2020

...................................

...THE AMARILLO CLIMATE SUMMARY FOR THE MONTH OF SEPTEMBER 2020...

CLIMATE NORMAL PERIOD: 1981 TO 2010
CLIMATE RECORD PERIOD: 1892 TO 2020

WEATHER         OBSERVED          NORMAL  DEPART   LAST YEAR`S
                VALUE   DATE(S)   VALUE   FROM     VALUE DATE(S)
                                          NORMAL
................................................................
TEMPERATURE (F)
RECORD
 HIGH            103   09/05/1995
 LOW              30   09/30/1984
HIGHEST           98   09/25                          MM
LOWEST            37   09/09                          MM
AVG. MAXIMUM    82.7               82.6     0.1       MM
AVG. MINIMUM    53.4               56.4    -3.0       MM
MEAN            68.1               69.5    -1.4       MM
DAYS MAX >= 90     8                6.5     1.5       MM
DAYS MAX <= 32     0                0.0     0.0       MM
DAYS MIN <= 32     0                0.1    -0.1       MM
DAYS MIN <= 0      0                0.0     0.0       MM

PRECIPITATION (INCHES)
RECORD
 MAXIMUM        6.42   1923
 MINIMUM        0.03   2000
TOTALS          0.45               1.92   -1.47       MM
DAILY AVG.      0.02               0.06   -0.04       MM
DAYS >= .01        3                6.3    -3.3       MM
DAYS >= .10        2                3.8    -1.8       MM
DAYS >= .50        0                1.3    -1.3       MM
DAYS >= 1.00       0                0.4    -0.4       MM
GREATEST
 24 HR. TOTAL   0.26   09/08 TO 09/09

SNOWFALL (INCHES)
RECORDS
 TOTAL           0.3   1984
TOTALS           0.0                  T     0.0       MM
SINCE 7/1          T                  T     0.0       MM
DAYS >= TRACE      0                0.0     0.0       MM
DAYS >= 1.0        0                0.0     0.0       MM
GREATEST
 SNOW DEPTH        0
 24 HR TOTAL     0.0

DEGREE DAYS
HEATING TOTAL     66                 43      23       MM
 SINCE 7/1        66                 43      23       MM
COOLING TOTAL    166                178     -12       MM
 SINCE 1/1      1782               1370     412       MM
................................................................

WIND (MPH)
AVERAGE WIND SPEED              11.8
HIGHEST WIND SPEED/DIRECTION    37/010    DATE  09/08
HIGHEST GUST SPEED/DIRECTION    47/340    DATE  09/01

SKY COVER
POSSIBLE SUNSHINE (PERCENT)   MM
NUMBER OF DAYS FAIR           27
NUMBER OF DAYS PC              1
NUMBER OF DAYS CLOUDY          2

AVERAGE RH (PERCENT)     56

WEATHER CONDITIONS. NUMBER OF DAYS WITH
THUNDERSTORM              3     MIXED PRECIP               0
HEAVY RAIN                0     RAIN                       1
LIGHT RAIN                3     FREEZING RAIN              0
LT FREEZING RAIN          0     HAIL                       0
HEAVY SNOW                0     SNOW                       0
LIGHT SNOW                0     SLEET                      0
FOG                       6     FOG W/VIS <= 1/4 MILE      1
HAZE                      7

-  INDICATES NEGATIVE NUMBERS.
R  INDICATES RECORD WAS SET OR TIED.
MM INDICATES DATA IS MISSING.
T  INDICATES TRACE AMOUNT.

$$


USA.gov is the U.S. government's official web portal to all federal, state and local government web resources and services.
  • National Weather Service
  • WSO Pago Pago Weather Service Office
  • Pago Pago, AS
  • (684) 699-9130
  • Page Author: PPG Webmaster
  • Incorrect Region Format!
  • Web Master's E-mail:
  • Page last modified: Mar 10th, 2020 21:02 UTC