000
CXUS52 KJAX 011430
CLMAMG

CLIMATE REPORT
NATIONAL WEATHER SERVICE JACKSONVILLE FL
930 AM EST SUN MAR 01 2020

...................................

...THE ALMA CLIMATE SUMMARY FOR THE MONTH OF FEBRUARY 2020...

CLIMATE NORMAL PERIOD: 1981 TO 2010
CLIMATE RECORD PERIOD: 1938 TO 2020

WEATHER         OBSERVED          NORMAL  DEPART   LAST YEAR`S
                VALUE   DATE(S)   VALUE   FROM     VALUE DATE(S)
                                          NORMAL
................................................................
TEMPERATURE (F)
RECORD
 HIGH             87   02/21/2018
 LOW              13   02/05/1996
HIGHEST           81   02/06         80       1       85  02/21
LOWEST            27   02/22         27       0       33  02/14
AVG. MAXIMUM    66.6               65.5     1.1     72.7
AVG. MINIMUM    44.2               43.0     1.2     49.9
MEAN            55.4               54.2     1.2     61.3
DAYS MAX >= 90     0                0.0     0.0        0
DAYS MIN <= 32     4                4.0     0.0        0

PRECIPITATION (INCHES)
RECORD
 MAXIMUM        9.54   2013
 MINIMUM        0.52   1991
TOTALS          3.52               3.80   -0.28     1.64
DAILY AVG.      0.13               0.14   -0.01     0.06
DAYS >= .01        9                8.0     1.0        7
DAYS >= .10        5                5.0     0.0        5
DAYS >= .50        3                2.0     1.0        1
DAYS >= 1.00       1                1.0     0.0        0
GREATEST
 24 HR. TOTAL   1.13   02/06 TO 02/06

SNOWFALL (INCHES)
RECORDS
 TOTAL           4.4   1973
TOTALS           0.0                0.0     0.0      0.0

DEGREE DAYS
HEATING TOTAL    294                312     -18      135
 SINCE 7/1      1245               1418    -173     1133
COOLING TOTAL     25                 11      14       38
 SINCE 1/1        60                 16      44       50
................................................................

WIND (MPH)
AVERAGE WIND SPEED              5.9
HIGHEST WIND SPEED/DIRECTION    28/200    DATE  02/06
                                28/250          02/07
HIGHEST GUST SPEED/DIRECTION    46/250    DATE  02/06

SKY COVER
AVERAGE SKY COVER           0.45

AVERAGE RH (PERCENT)     73

WEATHER CONDITIONS. NUMBER OF DAYS WITH
THUNDERSTORM              1     MIXED PRECIP               0
HEAVY RAIN                5     RAIN                      10
LIGHT RAIN               14     FREEZING RAIN              0
LT FREEZING RAIN          0     HAIL                       0
HEAVY SNOW                0     SNOW                       0
LIGHT SNOW                0     SLEET                      0
FOG                      18     FOG W/VIS <= 1/4 MILE      3
HAZE                      0

-  INDICATES NEGATIVE NUMBERS.
R  INDICATES RECORD WAS SET OR TIED.
MM INDICATES DATA IS MISSING.
T  INDICATES TRACE AMOUNT.

$$


USA.gov is the U.S. government's official web portal to all federal, state and local government web resources and services.
  • National Weather Service
  • WSO Pago Pago Weather Service Office
  • Pago Pago, AS
  • (684) 699-9130
  • Page Author: PPG Webmaster
  • Incorrect Region Format!
  • Web Master's E-mail:
  • Page last modified: Mar 10th, 2020 21:02 UTC