000
CXUS54 KBMX 041420
CLMANB


CLIMATE REPORT
NATIONAL WEATHER SERVICE BIRMINGHAM, AL
920 AM CDT SAT APR 4 2020

...................................

...THE ANNISTON CLIMATE SUMMARY FOR THE MONTH OF MARCH 2020...

CLIMATE NORMAL PERIOD 1981 TO 2010
CLIMATE RECORD PERIOD 1903 TO 2020

WEATHER         OBSERVED          NORMAL  DEPART  LAST YEAR`S
                 VALUE   DATE(S)  VALUE   FROM    VALUE  DATE(S)
                                          NORMAL
................................................................
TEMPERATURE (F)
RECORD
 HIGH              89   03/09/1974
                        03/31/1963
 LOW                8   03/13/1993
HIGHEST            84   03/28        MM      MM       78  03/30
                        03/27                             03/14
LOWEST             31   03/01        MM      MM       24  03/06
AVG. MAXIMUM     71.4              66.3     5.1     65.2
AVG. MINIMUM     52.4              42.8     9.6     42.2
MEAN             61.9                               53.7
DAYS MAX >= 90      0               0.0     0.0        0
DAYS MAX <= 32      0               0.0     0.0        0
DAYS MIN <= 32      1               4.0    -3.0        5
DAYS MIN <= 0       0               0.0     0.0        0

PRECIPITATION (INCHES)
RECORD
 MAXIMUM        18.09   1977
 MINIMUM         1.38   1985
TOTALS           9.72              4.96    4.76     2.35
DAILY AVG.       0.31              0.16    0.15
DAYS >= .01        16               9.9     6.1
DAYS >= .10        12               6.7     5.3
DAYS >= .50         5               3.6     1.4
DAYS >= 1.00        5               1.8     3.2

DEGREE_DAYS
HEATING TOTAL     139               336    -197      353
 SINCE 7/1       2039              2608    -569     2362
COOLING TOTAL      51                12      39        9
 SINCE 1/1         53                13      40       18
.................................................................

WIND (MPH)
AVERAGE WIND SPEED              5.6
HIGHEST WIND SPEED/DIRECTION    24/230    DATE  03/24
HIGHEST GUST SPEED/DIRECTION    32/350    DATE  03/20

AVERAGE RH (PERCENT)     74

WEATHER CONDITIONS. NUMBER OF DAYS WITH
THUNDERSTORM              7     MIXED PRECIP               0
HEAVY RAIN                4     RAIN                      11
LIGHT RAIN               17     FREEZING RAIN              0
LT FREEZING RAIN          0     HAIL                       0
HEAVY SNOW                0     SNOW                       0
LIGHT SNOW                0     SLEET                      0
FOG                      19     FOG W/VIS <= 1/4 MILE      2
HAZE                      3

-  INDICATES NEGATIVE NUMBERS.
R  INDICATES RECORD WAS SET OR TIED.
MM INDICATES DATA IS MISSING.
T  INDICATES TRACE AMOUNT.

$$



USA.gov is the U.S. government's official web portal to all federal, state and local government web resources and services.
  • National Weather Service
  • WSO Pago Pago Weather Service Office
  • Pago Pago, AS
  • (684) 699-9130
  • Page Author: PPG Webmaster
  • Incorrect Region Format!
  • Web Master's E-mail:
  • Page last modified: Mar 10th, 2020 21:02 UTC