000
CXAK58 PAFC 020152
CLMANC


CLIMATE REPORT
NATIONAL WEATHER SERVICE ANCHORAGE, AK
443 PM AKST SUN MAR 1 2020

...................................

...THE ANCHORAGE AK CLIMATE SUMMARY FOR THE MONTH OF FEBRUARY 2020...

CLIMATE NORMAL PERIOD 1981 TO 2010
CLIMATE RECORD PERIOD 1952 TO 2020

WEATHER         OBSERVED          NORMAL  DEPART  LAST YEAR`S
                 VALUE   DATE(S)  VALUE   FROM    VALUE  DATE(S)
                                          NORMAL
................................................................
TEMPERATURE (F)
RECORD
 HIGH              49   02/27/2014
 LOW              -38   02/04/1999
HIGHEST            44                MM      MM       38
LOWEST             -3                MM      MM        0
AVG. MAXIMUM     25.8              26.6    -0.8     27.5
AVG. MINIMUM     11.7              13.8    -2.1     14.0
MEAN             18.7              20.2    -1.5     20.8
DAYS MAX >= 90      0               0.0     0.0        0
DAYS MAX <= 32     23              18.1     4.9       24
DAYS MIN <= 32     28              27.0     1.0       28
DAYS MIN <= 0       4               5.0    -1.0        1

PRECIPITATION (INCHES)
RECORD
 MAXIMUM         3.07   1955
 MINIMUM         0.07   1958
TOTALS           1.61              0.72    0.89     0.92
DAILY AVG.       0.06                MM      MM     0.03
DAYS >= .01         8               7.1     0.9       10
DAYS >= .10         5               2.6     2.4        5
DAYS >= .50         1               0.1     0.9        0
DAYS >= 1.00        0               0.0     0.0        0
GREATEST
 24 HR. TOTAL    0.88   02/18 TO 02/18           02/16 TO 02/16
                                                          02/05 TO 02/05EATHER         OBSERVED          NORMAL  DEPART  LAST YEAR`S
                                                          02/05 TO 02/05EATHER         OBSERVED          NORMAL  DEPART  LAST YEAR`S
 STORM TOTAL       MM                                 MM
 (MM/DD(HH))            MM                    02/16(00) TO 02/16(00)
                                                 02/05(00) TO 02/05(00)5EATHER         OBSERVED          NORMAL  DEPART  LAST YEAR`S
                                                 02/05(00) TO 02/05(00)5EATHER         OBSERVED          NORMAL  DEPART  LAST YEAR`S

SNOWFALL (INCHES)
RECORDS
 TOTAL           52.1   1996
 24 HR TOTAL     13.9   02/10/1996 TO 02/11/1996
 SNOW DEPTH        39   02/16/1956
                        02/10/1956
                        02/09/1956
TOTALS           19.9              10.9     9.0     12.6
SINCE 7/1        66.9              60.3     6.6     55.9
SNOWDEPTH AVG.     14                MM      MM       17
DAYS >= TRACE      17               6.9    10.1       12
DAYS >= 1.0         5               2.8     2.2        6
GREATEST
 SNOW DEPTH        22   02/22                         21  02/21
 24 HR TOTAL      8.9   02/18 TO 02/18           02/05 TO 02/05
                                                          02/05 TO 02/05EATHER         OBSERVED          NORMAL  DEPART  LAST YEAR`S
                                                          02/05 TO 02/05EATHER         OBSERVED          NORMAL  DEPART  LAST YEAR`S
 STORM TOTAL       MM                                 MM
 (MM/DD(HH))            MM                    02/05(00) TO 02/05(00)
                                                 02/05(00) TO 02/05(00)5EATHER         OBSERVED          NORMAL  DEPART  LAST YEAR`S
                                                 02/05(00) TO 02/05(00)5EATHER         OBSERVED          NORMAL  DEPART  LAST YEAR`S

DEGREE_DAYS
HEATING TOTAL    1334              1254      80     1229
 SINCE 7/1       6479              7371    -892     6091
COOLING TOTAL       0                 0       0        0
 SINCE 1/1          0                 0       0        0

FREEZE DATES
RECORD
 EARLIEST     08/28/1984
 LATEST       05/22/1964
EARLIEST                        09/23
LATEST                          05/08
.................................................................

WIND (MPH)
AVERAGE WIND SPEED              7.1
RESULTANT WIND SPEED/DIRECTION   3/006
HIGHEST WIND SPEED/DIRECTION    31/150    DATE  02/18
HIGHEST GUST SPEED/DIRECTION    47/160    DATE  02/18

SKY COVER
POSSIBLE SUNSHINE (PERCENT)   MM
AVERAGE SKY COVER           0.70
NUMBER OF DAYS FAIR            5
NUMBER OF DAYS PC             10
NUMBER OF DAYS CLOUDY         14

AVERAGE RH (PERCENT)     73

WEATHER CONDITIONS. NUMBER OF DAYS WITH
  2
  0
  0
  0
  4
  0
  3
HAZE                      1

-  INDICATES NEGATIVE NUMBERS.
R  INDICATES RECORD WAS SET OR TIED.
MM INDICATES DATA IS MISSING.
T  INDICATES TRACE AMOUNT.

$$


USA.gov is the U.S. government's official web portal to all federal, state and local government web resources and services.
  • National Weather Service
  • WSO Pago Pago Weather Service Office
  • Pago Pago, AS
  • (684) 699-9130
  • Page Author: PPG Webmaster
  • Incorrect Region Format!
  • Web Master's E-mail:
  • Page last modified: Mar 10th, 2020 21:02 UTC