000
CXUS53 KAPX 010724
CLMANJ


CLIMATE REPORT
NATIONAL WEATHER SERVICE GAYLORD MI
324 AM EDT WED APR 1 2020

...................................

...THE SAULT STE MARIE MI CLIMATE SUMMARY FOR THE MONTH OF MARCH 2020...

CLIMATE NORMAL PERIOD 1981 TO 2010
CLIMATE RECORD PERIOD 1888 TO 2020

WEATHER         OBSERVED          NORMAL  DEPART  LAST YEAR`S
                 VALUE   DATE(S)  VALUE   FROM    VALUE  DATE(S)
                                          NORMAL
................................................................
TEMPERATURE (F)
RECORD
 HIGH              83   03/21/2012
 LOW              -28   03/11/1948
HIGHEST            51   03/08        MM      MM       46  03/28
LOWEST              6   03/21        MM      MM      -10  03/04
AVG. MAXIMUM     38.5              34.7     3.8     32.6
AVG. MINIMUM     22.9              17.9     5.0     14.9
MEAN             30.7              26.3     4.4     23.8
DAYS MAX >= 90      0               0.0     0.0        0
DAYS MAX <= 32      6              11.7    -5.7       13
DAYS MIN <= 32     26              27.8    -1.8       29
DAYS MIN <= 0       0               2.5    -2.5        6

PRECIPITATION (INCHES)
RECORD
 MAXIMUM           MM   MM
 MINIMUM           MM   MM
TOTALS           3.36              1.95    1.41     1.44
DAILY AVG.       0.11              0.06    0.05     0.05
DAYS >= .01        16              12.3     3.7       15
DAYS >= .10        10               5.3     4.7        4
DAYS >= .50         3               1.0     2.0        0
DAYS >= 1.00        0               0.1    -0.1        0
GREATEST
 24 HR. TOTAL    0.79   03/25 TO 03/25
 STORM TOTAL       MM
 (MM/DD(HH))            MM

SNOWFALL (INCHES)
RECORDS
 TOTAL             MM   MM
TOTALS           15.1              13.4     1.7     12.3
SINCE 7/1       125.6             113.6    12.0    142.6
SNOWDEPTH AVG.     20                16       4       34
DAYS >= TRACE      15              10.1     4.9       19
DAYS >= 1.0         4               4.1    -0.1        4
GREATEST
 SNOW DEPTH        30   03/06                         41  03/11
 24 HR TOTAL      7.2   03/05 TO 03/05               5.2

DEGREE_DAYS
HEATING TOTAL    1059              1200    -141
 SINCE 7/1       6681              7326    -645
COOLING TOTAL       0                 0       0
 SINCE 1/1          0                 0       0

FREEZE DATES
RECORD
 EARLIEST     MM
 LATEST       MM
EARLIEST                        MM
LATEST                          MM
.................................................................

WIND (MPH)
AVERAGE WIND SPEED              7.4
HIGHEST WIND SPEED/DIRECTION    31/280    DATE  03/13
HIGHEST GUST SPEED/DIRECTION    50/280    DATE  03/13

SKY COVER
POSSIBLE SUNSHINE (PERCENT)   MM
AVERAGE SKY COVER           0.60
NUMBER OF DAYS FAIR            8
NUMBER OF DAYS PC             10
NUMBER OF DAYS CLOUDY         13

AVERAGE RH (PERCENT)     72

WEATHER CONDITIONS. NUMBER OF DAYS WITH
  0
  3
  0
  0
  3
  0
  4
HAZE                      7

-  INDICATES NEGATIVE NUMBERS.
R  INDICATES RECORD WAS SET OR TIED.
MM INDICATES DATA IS MISSING.
T  INDICATES TRACE AMOUNT.

$$



USA.gov is the U.S. government's official web portal to all federal, state and local government web resources and services.
  • National Weather Service
  • WSO Pago Pago Weather Service Office
  • Pago Pago, AS
  • (684) 699-9130
  • Page Author: PPG Webmaster
  • Incorrect Region Format!
  • Web Master's E-mail:
  • Page last modified: Mar 10th, 2020 21:02 UTC