000
CXUS51 KCTP 011041 CCA
CLMAOO

CLIMATE REPORT
NATIONAL WEATHER SERVICE STATE COLLEGE PA
322 AM EST SUN MAR 01 2020

...................................

...THE ALTOONA CLIMATE SUMMARY FOR THE MONTH OF FEBRUARY 2020...

CLIMATE NORMAL PERIOD 1981 TO 2010
CLIMATE RECORD PERIOD 1948 TO 2020

WEATHER         OBSERVED          NORMAL  DEPART   LAST YEAR`S
                VALUE   DATE(S)   VALUE   FROM     VALUE DATE(S)
                                          NORMAL
................................................................
TEMPERATURE (F)
RECORD
 HIGH             76   02/21/2018
 LOW             -11   02/02/1961
HIGHEST           64   02/03                          58  02/05
LOWEST             8   02/15                           2  02/02
AVG. MAXIMUM    44.3               37.2     7.1     39.6
AVG. MINIMUM    28.6               21.1     7.5     24.4
MEAN            36.5               29.2     7.3     32.0
DAYS MAX >= 90     0                 MM      MM        0
DAYS MAX <= 32     3                 MM      MM        6
DAYS MIN <= 32    19                 MM      MM       23
DAYS MIN <= 0      0                 MM      MM        0

PRECIPITATION (INCHES)
RECORD
 MAXIMUM        4.93   2018
 MINIMUM        0.46   2009
TOTALS          1.95               2.04   -0.09     4.58
DAILY AVG.      0.07                NAN     NAN     0.16
DAYS >= .01       16                 MM      MM       12
DAYS >= .10        6                 MM      MM        8
DAYS >= .50        1                 MM      MM        3
DAYS >= 1.00       0                 MM      MM        1
GREATEST
 24 HR. TOTAL   0.61   02/06 TO 02/07


DEGREE DAYS
HEATING TOTAL    820               1004    -184      919
 SINCE 7/1      3886               4634    -748     4292
COOLING TOTAL      0                  0       0        0
 SINCE 1/1         0                  0       0        0
................................................................

WIND (MPH)
AVERAGE WIND SPEED              9.2
HIGHEST WIND SPEED/DIRECTION    36/270    DATE  02/27
HIGHEST GUST SPEED/DIRECTION    45/280    DATE  02/27

SKY COVER
POSSIBLE SUNSHINE (PERCENT)   MM
AVERAGE SKY COVER           0.69
NUMBER OF DAYS FAIR            7
NUMBER OF DAYS PC              5
NUMBER OF DAYS CLOUDY         17

AVERAGE RH (PERCENT)     64

WEATHER CONDITIONS. NUMBER OF DAYS WITH
THUNDERSTORM              0     MIXED PRECIP               0
HEAVY RAIN                1     RAIN                       3
LIGHT RAIN               13     FREEZING RAIN              0
LT FREEZING RAIN          1     HAIL                       0
HEAVY SNOW                2     SLEET                      0
FOG                      18     FOG W/VIS <= 1/4 MILE      5
HAZE                     12

-  INDICATES NEGATIVE NUMBERS.
R  INDICATES RECORD WAS SET OR TIED.
MM INDICATES DATA IS MISSING.
T  INDICATES TRACE AMOUNT.

&&

4TH WARMEST ON RECORD (2017,1976,2018)

$$


USA.gov is the U.S. government's official web portal to all federal, state and local government web resources and services.
  • National Weather Service
  • WSO Pago Pago Weather Service Office
  • Pago Pago, AS
  • (684) 699-9130
  • Page Author: PPG Webmaster
  • Incorrect Region Format!
  • Web Master's E-mail:
  • Page last modified: Mar 10th, 2020 21:02 UTC