000
CXUS52 KMFL 011431
CLMAPF


CLIMATE REPORT
NATIONAL WEATHER SERVICE MIAMI, FL
905 AM EST SUN MAR 1 2020

...................................

...THE NAPLES CLIMATE SUMMARY FOR THE MONTH OF FEBRUARY 2020...

CLIMATE NORMAL PERIOD 1981 TO 2010
CLIMATE RECORD PERIOD 1942 TO 2020

WEATHER         OBSERVED          NORMAL  DEPART  LAST YEAR`S
                 VALUE   DATE(S)  VALUE   FROM    VALUE  DATE(S)
                                          NORMAL
................................................................
TEMPERATURE (F)
RECORD
 HIGH              90   02/18/2020
                        02/19/2019
                        08/04/1944
 LOW               28   02/04/1981
HIGHEST            90R  02/18                         90  02/19
LOWEST             49   02/03                         52  02/14
AVG. MAXIMUM     81.3              76.9     4.4     82.4
AVG. MINIMUM     62.5              56.8     5.7     65.0
MEAN             71.9              66.9     5.0     73.7
DAYS MAX >= 90      1                                  1
DAYS MAX <= 32      0                                  0
DAYS MIN <= 32      0                                  0
DAYS MIN <= 0       0                                  0

PRECIPITATION (INCHES)
RECORD
 MAXIMUM         7.99   1983
 MINIMUM         0.00   1949
                        1948
TOTALS           0.63              2.10   -1.47     1.19
DAILY AVG.       0.02                MM      MM     0.04
DAYS >= .01         3                                  4
DAYS >= .10         1                                  4
DAYS >= .50         0                                  1
DAYS >= 1.00        0                                  0
GREATEST
 24 HR. TOTAL    0.49   02/07 TO 02/07              0.71

DEGREE_DAYS
HEATING TOTAL      19                53     -34        0
 SINCE 7/1         66               234    -168      135
COOLING TOTAL     225               105     120      252
 SINCE 1/1        404               196     208      337
.................................................................

WIND (MPH)
AVERAGE WIND SPEED              9.0
HIGHEST WIND SPEED/DIRECTION    30/160    DATE  02/06
HIGHEST GUST SPEED/DIRECTION    40/160    DATE  02/06

SKY COVER
POSSIBLE SUNSHINE (PERCENT)   MM
AVERAGE SKY COVER           0.30
NUMBER OF DAYS FAIR           16
NUMBER OF DAYS PC             13
NUMBER OF DAYS CLOUDY          0

AVERAGE RH (PERCENT)     71

WEATHER CONDITIONS. NUMBER OF DAYS WITH
THUNDERSTORM              0     MIXED PRECIP                0
HEAVY RAIN                1     RAIN                        2
LIGHT RAIN                5     FREEZING RAIN               0
LT FREEZING RAIN          0     HAIL                        0
HEAVY SNOW                0     SNOW                        0
LIGHT SNOW                0     SLEET                       0
FOG                       5     FOG W/VIS <= 1/4 MILE       1
HAZE                      3

-  INDICATES NEGATIVE NUMBERS.
R  INDICATES RECORD WAS SET OR TIED.
MM INDICATES DATA IS MISSING.
T  INDICATES TRACE AMOUNT.

$$



USA.gov is the U.S. government's official web portal to all federal, state and local government web resources and services.
  • National Weather Service
  • WSO Pago Pago Weather Service Office
  • Pago Pago, AS
  • (684) 699-9130
  • Page Author: PPG Webmaster
  • Incorrect Region Format!
  • Web Master's E-mail:
  • Page last modified: Mar 10th, 2020 21:02 UTC