000
CXUS53 KAPX 010724
CLMAPN


CLIMATE REPORT
NATIONAL WEATHER SERVICE GAYLORD MI
324 AM EDT WED APR 1 2020

...................................

...THE ALPENA MI CLIMATE SUMMARY FOR THE MONTH OF MARCH 2020...

CLIMATE NORMAL PERIOD 1981 TO 2010
CLIMATE RECORD PERIOD 1916 TO 2020

WEATHER         OBSERVED          NORMAL  DEPART  LAST YEAR`S
                 VALUE   DATE(S)  VALUE   FROM    VALUE  DATE(S)
                                          NORMAL
................................................................
TEMPERATURE (F)
RECORD
 HIGH              87   03/21/2012
 LOW              -27   03/04/1962
                        03/02/1962
HIGHEST            59   03/29        MM      MM       54  03/14
LOWEST              0   03/07        MM      MM      -17  03/04
AVG. MAXIMUM     42.4              38.3     4.1     36.4
AVG. MINIMUM     23.1              19.2     3.9     14.9
MEAN             32.8              28.7     4.1     25.6
DAYS MAX >= 90      0               0.0     0.0        0
DAYS MAX <= 32      2               8.6    -6.6        9
DAYS MIN <= 32     27              27.9    -0.9       28
DAYS MIN <= 0       1               2.2    -1.2        7

PRECIPITATION (INCHES)
RECORD
 MAXIMUM           MM   MM
 MINIMUM           MM   MM
TOTALS           2.73              1.86    0.87     1.34
DAILY AVG.       0.09              0.06    0.03     0.04
DAYS >= .01        17              11.2     5.8        9
DAYS >= .10         9               4.6     4.4        5
DAYS >= .50         0               1.0    -1.0        0
DAYS >= 1.00        0               0.1    -0.1        0
GREATEST
 24 HR. TOTAL    0.48   03/19 TO 03/19
 STORM TOTAL       MM
 (MM/DD(HH))            MM

SNOWFALL (INCHES)
RECORDS
 TOTAL             MM   MM
 SNOW DEPTH        MM   MM
TOTALS            7.3              12.2    -4.9      8.1
SINCE 7/1        67.0              78.3   -11.3     89.3
SNOWDEPTH AVG.      3                 7      -4       13
DAYS >= TRACE      10               8.0     2.0       15
DAYS >= 1.0         3               3.6    -0.6        3
GREATEST
 SNOW DEPTH        11   03/07                         22  03/02
                        03/06
 24 HR TOTAL      2.9   03/06 TO 03/06               3.5

DEGREE_DAYS
HEATING TOTAL     992              1124    -132     1213
 SINCE 7/1       6275              6856    -581     6943
COOLING TOTAL       0                 0       0        0
 SINCE 1/1          0                 0       0        0

FREEZE DATES
RECORD
 EARLIEST     MM
 LATEST       MM
EARLIEST                        MM
LATEST                          MM
.................................................................

WIND (MPH)
AVERAGE WIND SPEED              7.5
HIGHEST WIND SPEED/DIRECTION    28/320    DATE  03/20
HIGHEST GUST SPEED/DIRECTION    44/260    DATE  03/13

SKY COVER
POSSIBLE SUNSHINE (PERCENT)   MM
AVERAGE SKY COVER           0.60
NUMBER OF DAYS FAIR            7
NUMBER OF DAYS PC              9
NUMBER OF DAYS CLOUDY         15

AVERAGE RH (PERCENT)     73

WEATHER CONDITIONS. NUMBER OF DAYS WITH
  0
  4
  0
  0
  0
  0
  1
HAZE                      3

-  INDICATES NEGATIVE NUMBERS.
R  INDICATES RECORD WAS SET OR TIED.
MM INDICATES DATA IS MISSING.
T  INDICATES TRACE AMOUNT.

$$



USA.gov is the U.S. government's official web portal to all federal, state and local government web resources and services.
  • National Weather Service
  • WSO Pago Pago Weather Service Office
  • Pago Pago, AS
  • (684) 699-9130
  • Page Author: PPG Webmaster
  • Incorrect Region Format!
  • Web Master's E-mail:
  • Page last modified: Mar 10th, 2020 21:02 UTC