000
CXUS43 KLOT 011625
CLMARR


CLIMATE REPORT
NATIONAL WEATHER SERVICE CHICAGO IL
1125 AM CDT WED APR 1 2020

...................................

...THE AURORA MUNICIPAL AIRPORT CLIMATE SUMMARY FOR THE MONTH OF MARCH 2020...

CLIMATE NORMAL PERIOD 1981 TO 2010
CLIMATE RECORD PERIOD 1998 TO 2020

WEATHER         OBSERVED          NORMAL  DEPART  LAST YEAR`S
                 VALUE   DATE(S)  VALUE   FROM    VALUE
                                          NORMAL
.............................................................
TEMPERATURE (F)
RECORD
 HIGH              83   03/20/2012
 LOW              -12   03/04/2002
HIGHEST            66   03/08        MM      MM       64
LOWEST             19   03/07        MM      MM       -3
AVG. MAXIMUM     49.2              47.0     2.2     43.4
AVG. MINIMUM     31.4              26.9     4.5     24.6
MEAN             40.3              37.0     3.3     34.0

PRECIPITATION (INCHES)
RECORD
 MAXIMUM         4.37   2009
 MINIMUM         0.42   2015
TOTALS           2.56              2.23    0.33     2.29

DEGREE_DAYS
HEATING TOTAL     756               870    -114      955
 SINCE 7/1       5501              6008    -507     6050
COOLING TOTAL       0                 0       0        0
 SINCE 1/1          0                 0       0        0
..............................................................

WIND (MPH)
AVERAGE WIND SPEED              10.5
HIGHEST WIND SPEED/DIRECTION    38/260    DATE  03/29
HIGHEST GUST SPEED/DIRECTION    51/250    DATE  03/29

AVERAGE RH (PERCENT)     72


-  INDICATES NEGATIVE NUMBERS.
R  INDICATES RECORD WAS SET OR TIED.
MM INDICATES DATA IS MISSING.
T  INDICATES TRACE AMOUNT.

$$


USA.gov is the U.S. government's official web portal to all federal, state and local government web resources and services.
  • National Weather Service
  • WSO Pago Pago Weather Service Office
  • Pago Pago, AS
  • (684) 699-9130
  • Page Author: PPG Webmaster
  • Incorrect Region Format!
  • Web Master's E-mail:
  • Page last modified: Mar 10th, 2020 21:02 UTC