000
CXUS51 KBUF 011300
CLMART


CLIMATE REPORT
NATIONAL WEATHER SERVICE BUFFALO NY
852 AM EDT WED APR 1 2020

...................................

...THE WATERTOWN NY CLIMATE SUMMARY FOR THE MONTH OF MARCH 2020...

CLIMATE NORMAL PERIOD 1981 TO 2010
CLIMATE RECORD PERIOD 1949 TO 2020

WEATHER         OBSERVED          NORMAL  DEPART  LAST YEAR`S
                 VALUE   DATE(S)  VALUE   FROM    VALUE  DATE(S)
                                          NORMAL
................................................................
TEMPERATURE (F)
RECORD
 HIGH              84   03/30/1977
 LOW              -24   03/12/1984
HIGHEST            67   03/20                         59  03/30
                                                          03/14
LOWEST             -9   03/01                        -16  03/06
AVG. MAXIMUM     45.7              40.7     5.0     37.4
AVG. MINIMUM     27.6              20.5     7.1     18.5
MEAN             36.7              30.6     6.1     28.0
DAYS MAX >= 90      0               0.0     0.0        0
DAYS MAX <= 32      1               6.8    -5.8       10
DAYS MIN <= 32     22              25.7    -3.7       26
DAYS MIN <= 0       1               2.1    -1.1        6

PRECIPITATION (INCHES)
RECORD
 MAXIMUM         5.72   1999
 MINIMUM         0.15   2004
                        1967
TOTALS           2.46              2.30    0.16     2.08
DAYS >= .01        13              12.3     0.7       14
DAYS >= .10         7               6.2     0.8        6
DAYS >= .50         0               1.2    -1.2        0
DAYS >= 1.00        0               0.3    -0.3        0
GREATEST
 24 HR. TOTAL    0.49   03/10 TO 03/10
                        03/03 TO 03/03

DEGREE_DAYS
HEATING TOTAL     872              1066    -194     1140
 SINCE 7/1       6004              6507    -503     6638
COOLING TOTAL       0                 0       0        0
 SINCE 1/1          0                 0       0        0
.................................................................

WIND (MPH)
AVERAGE WIND SPEED              8.4
HIGHEST WIND SPEED/DIRECTION    35/240
HIGHEST GUST SPEED/DIRECTION    52/260    DATE  03/20

SKY COVER
POSSIBLE SUNSHINE (PERCENT)   MM
AVERAGE SKY COVER           0.60
NUMBER OF DAYS FAIR           10
NUMBER OF DAYS PC              8
NUMBER OF DAYS CLOUDY         13

AVERAGE RH (PERCENT)     69

WEATHER CONDITIONS. NUMBER OF DAYS WITH
THUNDERSTORM              1     MIXED PRECIP               0
HEAVY RAIN                2     RAIN                       6
LIGHT RAIN               13     FREEZING RAIN              0
LT FREEZING RAIN          0     HAIL                       0
HEAVY SNOW                1     SNOW                       2
LIGHT SNOW                4     SLEET                      0
FOG                      17     FOG W/VIS <= 1/4 MILE      5
HAZE                      7

-  INDICATES NEGATIVE NUMBERS.
R  INDICATES RECORD WAS SET OR TIED.
MM INDICATES DATA IS MISSING.
T  INDICATES TRACE AMOUNT.

$$



USA.gov is the U.S. government's official web portal to all federal, state and local government web resources and services.
  • National Weather Service
  • WSO Pago Pago Weather Service Office
  • Pago Pago, AS
  • (684) 699-9130
  • Page Author: PPG Webmaster
  • Incorrect Region Format!
  • Web Master's E-mail:
  • Page last modified: Mar 10th, 2020 21:02 UTC