000
CXUS51 KBUF 012048
CLMART


CLIMATE REPORT
NATIONAL WEATHER SERVICE BUFFALO NY
435 PM EDT THU OCT 1 2020

...................................

...THE WATERTOWN NY CLIMATE SUMMARY FOR THE MONTH OF SEPTEMBER 2020...

CLIMATE NORMAL PERIOD 1981 TO 2010
CLIMATE RECORD PERIOD 1949 TO 2020

WEATHER         OBSERVED          NORMAL  DEPART  LAST YEAR`S
                 VALUE   DATE(S)  VALUE   FROM    VALUE  DATE(S)
                                          NORMAL
................................................................
TEMPERATURE (F)
RECORD
 HIGH              96   09/04/1953
 LOW               22   09/30/1991
HIGHEST            83   09/28                         83  09/22
                        09/27
LOWEST             26   09/19                         38  09/13
AVG. MAXIMUM     71.5              70.4     1.1     71.5
AVG. MINIMUM     47.9              48.5    -0.6     47.7
MEAN             59.8              59.5     0.3     59.6
DAYS MAX >= 90      0               0.1    -0.1        0
DAYS MAX <= 32      0               0.0     0.0        0
DAYS MIN <= 32      6               1.2     4.8        0
DAYS MIN <= 0       0               0.0     0.0        0

PRECIPITATION (INCHES)
RECORD
 MAXIMUM         7.42   1975
 MINIMUM         0.16   1961
TOTALS           1.62              3.72   -2.10     3.35
DAYS >= .01         7              11.3    -4.3       13
DAYS >= .10         3               7.3    -4.3        9
DAYS >= .50         2               2.4    -0.4        2
DAYS >= 1.00        0               0.7    -0.7        0
GREATEST
 24 HR. TOTAL    0.72   09/29 TO 09/29


DEGREE_DAYS
HEATING TOTAL     187               202     -15      173
 SINCE 7/1        219               274     -55      202
COOLING TOTAL      44                35       9       20
 SINCE 1/1        645               359     286      341
.................................................................

WIND (MPH)
AVERAGE WIND SPEED              6.9
HIGHEST WIND SPEED/DIRECTION    26/220
HIGHEST GUST SPEED/DIRECTION    39/220    DATE  09/30

SKY COVER
POSSIBLE SUNSHINE (PERCENT)   MM
AVERAGE SKY COVER           0.40
NUMBER OF DAYS FAIR           19
NUMBER OF DAYS PC              6
NUMBER OF DAYS CLOUDY          5

AVERAGE RH (PERCENT)     71

WEATHER CONDITIONS. NUMBER OF DAYS WITH
THUNDERSTORM              0     MIXED PRECIP               0
HEAVY RAIN                1     RAIN                       4
LIGHT RAIN                8     FREEZING RAIN              0
LT FREEZING RAIN          0     HAIL                       0
HEAVY SNOW                0     SNOW                       0
LIGHT SNOW                0     SLEET                      0
FOG                      14     FOG W/VIS <= 1/4 MILE      1
HAZE                      9

-  INDICATES NEGATIVE NUMBERS.
R  INDICATES RECORD WAS SET OR TIED.
MM INDICATES DATA IS MISSING.
T  INDICATES TRACE AMOUNT.

$$




USA.gov is the U.S. government's official web portal to all federal, state and local government web resources and services.
  • National Weather Service
  • WSO Pago Pago Weather Service Office
  • Pago Pago, AS
  • (684) 699-9130
  • Page Author: PPG Webmaster
  • Incorrect Region Format!
  • Web Master's E-mail:
  • Page last modified: Mar 10th, 2020 21:02 UTC