000
CXUS52 KFFC 091648
CLMATL


CLIMATE REPORT
NATIONAL WEATHER SERVICE PEACHTREE CITY GA
1248 PM EDT MON MAR 9 2020

...................................

...THE ATLANTA CLIMATE SUMMARY FOR THE MONTH OF FEBRUARY 2020...

CLIMATE NORMAL PERIOD 1981 TO 2010
CLIMATE RECORD PERIOD 1878 TO 2020

WEATHER         OBSERVED          NORMAL  DEPART  LAST YEAR`S
                 VALUE   DATE(S)  VALUE   FROM    VALUE  DATE(S)
                                          NORMAL
................................................................
TEMPERATURE (F)
RECORD
 HIGH              80   02/07/2019
                        02/26/1996
                        02/15/1989
 LOW               -9   02/13/1899
HIGHEST            76   02/03        80      -4       80  02/07
LOWEST             30   02/22         6      24       34  02/01
AVG. MAXIMUM     58.5              56.6     1.9     62.1
AVG. MINIMUM     41.3              37.7     3.6     45.6
MEAN             49.9              47.2     2.7     53.8
DAYS MAX >= 90      0               0.0     0.0        0
DAYS MAX <= 32      0               0.2    -0.2        0
DAYS MIN <= 32      4               7.5    -3.5        0
DAYS MIN <= 0       0               0.0     0.0        0

PRECIPITATION (INCHES)
RECORD
 MAXIMUM        15.82   1883
 MINIMUM         0.84   1981
TOTALS          10.58              4.67    5.91     4.14
DAILY AVG.       0.36                MM      MM     0.15
DAYS >= .01        13               9.8     3.2       16
DAYS >= .10        10               6.7     3.3        9
DAYS >= .50         7               3.2     3.8        2
DAYS >= 1.00        4               1.4     2.6        1
GREATEST
 24 HR. TOTAL    2.41   02/18 TO 02/18           02/20 TO 02/20
                                                          02/28 TO 02/28EATHER         OBSERVED          NORMAL  DEPART  LAST YEAR`S
                                                          02/28 TO 02/28EATHER         OBSERVED          NORMAL  DEPART  LAST YEAR`S

SNOWFALL (INCHES)
RECORDS
 TOTAL            4.6   5
                        0
                        -26215
 24 HR TOTAL      3.6   02/12/2010 TO 02/12/2010
TOTALS              T               0.4    -0.4      0.0
SINCE 7/1           T               2.1    -2.1      0.0
SNOWDEPTH AVG.      0                MM      MM        0
DAYS >= TRACE       2               0.6     1.4        0
DAYS >= 1.0         0               0.1    -0.1        0
GREATEST
 24 HR TOTAL        T   02/08 TO 02/08           02/28 TO 02/28
                                                          02/28 TO 02/28EATHER         OBSERVED          NORMAL  DEPART  LAST YEAR`S
                                                          02/28 TO 02/28EATHER         OBSERVED          NORMAL  DEPART  LAST YEAR`S

DEGREE_DAYS
HEATING TOTAL     435               501     -66      313
 SINCE 7/1       1760              2270    -510     1922
COOLING TOTAL       0                 1      -1        6
 SINCE 1/1          0                 1      -1        6
.................................................................

WIND (MPH)
AVERAGE WIND SPEED              8.8
HIGHEST WIND SPEED/DIRECTION    35/300    DATE  02/13
HIGHEST GUST SPEED/DIRECTION    43/300    DATE  02/13

SKY COVER
POSSIBLE SUNSHINE (PERCENT)   MM
AVERAGE SKY COVER           0.70
NUMBER OF DAYS FAIR            5
NUMBER OF DAYS PC              8
NUMBER OF DAYS CLOUDY         16

AVERAGE RH (PERCENT)     70

WEATHER CONDITIONS. NUMBER OF DAYS WITH
  0
  9
  0
  0
  1
  0
  5
HAZE                      4

-  INDICATES NEGATIVE NUMBERS.
R  INDICATES RECORD WAS SET OR TIED.
MM INDICATES DATA IS MISSING.
T  INDICATES TRACE AMOUNT.

$$



USA.gov is the U.S. government's official web portal to all federal, state and local government web resources and services.
  • National Weather Service
  • WSO Pago Pago Weather Service Office
  • Pago Pago, AS
  • (684) 699-9130
  • Page Author: PPG Webmaster
  • Incorrect Region Format!
  • Web Master's E-mail:
  • Page last modified: Mar 10th, 2020 21:02 UTC