000
CXUS54 KEWX 012204
CLMATT

CLIMATE REPORT
NATIONAL WEATHER SERVICE AUSTIN/SAN ANTONIO, TX
404 PM CST SUN MAR 1 2020

...................................

...THE AUSTIN CAMP MABRY CLIMATE SUMMARY FOR THE MONTH OF FEBRUARY 2020...

CLIMATE NORMAL PERIOD 1981 TO 2010
CLIMATE RECORD PERIOD 1897 TO 2020

WEATHER         OBSERVED          NORMAL  DEPART  LAST YEAR`S
                 VALUE   DATE(S)  VALUE   FROM    VALUE  DATE(S)
                                          NORMAL
................................................................
TEMPERATURE (F)
HIGHEST            81   02/02                         91  02/15
LOWEST             31   02/06                         32  02/13
AVG. MAXIMUM     66.0              65.2     0.8     64.7
AVG. MINIMUM     44.0              44.8    -0.8     48.0
MEAN             55.0              55.0     0.0     56.3
DAYS MAX >= 90      0                                  1
DAYS MAX <= 32      0                                  0
DAYS MIN <= 32      2                                  1
DAYS MIN <= 0       0                                  0

PRECIPITATION (INCHES)
TOTALS           2.29              2.02    0.27     0.59
DAILY AVG.       0.08                MM      MM     0.02
DAYS >= .01         9                                 10
DAYS >= .10         3                                  2
DAYS >= .50         1                                  0
DAYS >= 1.00        1                                  0
GREATEST
 24 HR. TOTAL    1.48   02/11 TO 02/12

SNOWFALL (INCHES)
TOTALS              T               0.2    -0.2        T
SINCE 7/1           T

DEGREE_DAYS
HEATING TOTAL     290               297      -7      271
 SINCE 7/1       1133              1345    -212     1370
COOLING TOTAL       8                18     -10       34
 SINCE 1/1         32                28       4       37
.................................................................

WIND (MPH)
AVERAGE WIND SPEED              5.2
HIGHEST WIND SPEED/DIRECTION    21/350    DATE  02/26
HIGHEST GUST SPEED/DIRECTION    36/350    DATE  02/26

SKY COVER
POSSIBLE SUNSHINE (PERCENT)   MM
AVERAGE SKY COVER           0.40
NUMBER OF DAYS FAIR           14
NUMBER OF DAYS PC              7
NUMBER OF DAYS CLOUDY          8

AVERAGE RH (PERCENT)     62

WEATHER CONDITIONS. NUMBER OF DAYS WITH
THUNDERSTORM              1    MIXED PRECIP             0
HEAVY RAIN                1    RAIN                     4
LIGHT RAIN                8    FREEZING RAIN            0
LT FREEZING RAIN          0    HAIL                     0
HEAVY SNOW                0    SNOW                     0
LIGHT SNOW                1    SLEET                    0
FOG                      11    FOG W/VIS <= 1/4 MILE    0
HAZE                      2

-  INDICATES NEGATIVE NUMBERS.
R  INDICATES RECORD WAS SET OR TIED.
MM INDICATES DATA IS MISSING.
T  INDICATES TRACE AMOUNT.

&&

MONTHLY CLIMATE SUMMARY:
FEBRUARY 2020 WAS BOTH THE 54TH WARMEST AND 54TH WETTEST
FEBRUARY SINCE RECORD KEEPING BEGAN.

SEA LEVEL PRESSURE DATA:
HIGHEST SLP 30.76 ON THE 21ST
LOWEST SLP 29.70 ON THE 4TH

NOTES:
A TRACE OF SNOW FELL ON 2/5

PRELIMINARY LOCAL CLIMATOLOGICAL DATA (WS FORM: F-6)

                                          STATION:   AUSTIN CAMP MABRY
                                          MONTH:     FEBRUARY
                                          YEAR:      2020
                                          LATITUDE:   30 17 N
                                          LONGITUDE:  97 42 W

  TEMPERATURE IN F:       :PCPN:    SNOW:  WIND      :SUNSHINE: SKY     :PK WND
================================================================================
1   2   3   4   5  6A  6B    7    8   9   10  11  12  13   14  15   16   17  18
                                     12Z  AVG MX 2MIN
DY MAX MIN AVG DEP HDD CDD  WTR  SNW DPTH SPD SPD DIR MIN PSBL S-S WX    SPD DR
================================================================================

 1  74  42  58   5   7   0 0.00  0.0    0  4.6 13 300   M    M   0        23 310
 2  81  44  63  10   2   0 0.00  0.0    0  4.3 12 170   M    M   0        26 180
 3  73  56  65  12   0   0    T  0.0    0  7.2 18 160   M    M   4        31 140
 4  79  47  63  10   2   0 0.00  0.0    0  6.2 15 360   M    M   6        29  40
 5  47  33  40 -13  25   0 0.02    T    0  8.9 17 340   M    M  10 1      32 360
 6  55  31  43 -10  22   0 0.00  0.0    0  4.9 14 300   M    M   1        30 270
 7  76  36  56   2   9   0 0.00  0.0    0  3.6 13 260   M    M   0        26 220
 8  70  44  57   3   8   0 0.00  0.0    0  6.0 14 160   M    M   6        31 180
 9  72  63  68  14   0   3 0.08  0.0    0  6.1 13 160   M    M  10 1      25 160
10  71  47  59   5   6   0 0.09  0.0    0  5.9 15  10   M    M  10 1      26 340
11  47  43  45  -9  20   0 0.25  0.0    0  6.6 13 360   M    M  10 18     23 360
12  57  44  51  -3  14   0 1.35  0.0    0  4.6 14 310   M    M   6 13     26 290
13  55  39  47  -8  18   0 0.00  0.0    0  6.6 14  30   M    M   1        24  40
14  60  33  47  -8  18   0 0.00  0.0    0  3.7  9 110   M    M   0        17  50
15  65  40  53  -2  12   0 0.00  0.0    0  1.4 10 210   M    M   6 1      19 190
16  78  49  64   9   1   0 0.00  0.0    0  2.5  8 180   M    M   3 1      19 180
17  80  59  70  15   0   5    T  0.0    0  5.1 12 220   M    M   6 1      26 210
18  72  50  61   5   4   0 0.03  0.0    0  4.9 14 350   M    M  10 18     26  10
19  51  47  49  -7  16   0 0.06  0.0    0  6.8 14  10   M    M  10 1      22  30
20  52  44  48  -8  17   0 0.40  0.0    0  8.4 17  10   M    M   8 1      29 360
21  56  36  46 -10  19   0 0.00  0.0    0  5.1 12  10   M    M   0        20  10
22  65  44  55  -1  10   0 0.00  0.0    0  4.5 13 150   M    M   4        24 160
23  69  54  62   5   3   0 0.00  0.0    0  4.3 10 140   M    M  10        23 150
24  70  48  59   2   6   0 0.01  0.0    0  3.1 13 290   M    M   3        24 290
25  68  47  58   1   7   0 0.00  0.0    0  7.7 16  10   M    M   1        30 350
26  56  39  48  -9  17   0 0.00  0.0    0  8.8 21 350   M    M   2        36 350
27  65  32  49  -9  16   0 0.00  0.0    0  2.2 10 220   M    M   0        17 250
28  75  39  57  -1   8   0 0.00  0.0    0  2.6  9 140   M    M   0        13 140
29  76  47  62   4   3   0 0.00  0.0    0  5.4 17 160   M    M   0        34 150
================================================================================
SM 1915 1277       290   8  2.29    T    152.0          M      127
================================================================================
AV 66.0 44.0                               5.2 FASTST   M    M   4    MAX(MPH)
                                 MISC ---->  # 21 350               # 36  350
================================================================================
NOTES:
# LAST OF SEVERAL OCCURRENCES
COLUMN 17 PEAK WIND IN M.P.H.

SYMBOLS USED IN COLUMN 16
1 = FOG OR MIST
2 = FOG REDUCING VISIBILITY TO 1/4 MILE OR LESS
3 = THUNDER
4 = ICE PELLETS
5 = HAIL
6 = FREEZING RAIN OR DRIZZLE
7 = DUSTSTORM OR SANDSTORM
8 = SMOKE OR HAZE
9 = BLOWING SNOW
X = TORNADO

$$


USA.gov is the U.S. government's official web portal to all federal, state and local government web resources and services.
  • National Weather Service
  • WSO Pago Pago Weather Service Office
  • Pago Pago, AS
  • (684) 699-9130
  • Page Author: PPG Webmaster
  • Incorrect Region Format!
  • Web Master's E-mail:
  • Page last modified: Mar 10th, 2020 21:02 UTC