000
CXUS51 KGYX 061825
CLMAUG

PWMCLMAUG 000
TTAA00 KGYX 011132


CLIMATE REPORT
NATIONAL WEATHER SERVICE GRAY ME
124 PM EST FRI MAR 6 2020

...................................

...THE AUGUSTA CLIMATE SUMMARY FOR THE MONTH OF FEBRUARY 2020...

CLIMATE NORMAL PERIOD 1981 TO 2010
CLIMATE RECORD PERIOD 1948 TO 2020

WEATHER         OBSERVED          NORMAL  DEPART  LAST YEAR`S
                 VALUE   DATE(S)  VALUE   FROM    VALUE  DATE(S)
                                          NORMAL
................................................................
TEMPERATURE (F)
RECORD
 HIGH              60   02/18/1981
 LOW              -23   02/02/1962
HIGHEST            52   02/24        49       3       56  02/05
LOWEST             -9   02/15        -5      -4       -2  02/27
                                                          02/01
AVG. MAXIMUM     33.9              31.8     2.1     30.3
AVG. MINIMUM     17.2              14.5     2.7     14.2
MEAN             25.6              23.2     2.4     22.2
DAYS MAX >= 90      0               0.0     0.0        0
DAYS MAX <= 32     10              13.6    -3.6       17
DAYS MIN <= 32     28              26.0     2.0       28
DAYS MIN <= 0       4               2.8     1.2        2

PRECIPITATION (INCHES)
RECORD
 MAXIMUM         6.03   1970
 MINIMUM         0.32   1987
TOTALS           2.29              2.43   -0.14     1.76
DAILY AVG.       0.08              0.08     0.0     0.06
DAYS >= .01         7               9.1    -2.1        9
DAYS >= .10         6               5.5     0.5        5
DAYS >= .50         1               1.4    -0.4        0
DAYS >= 1.00        0               0.5    -0.5        0
GREATEST
 24 HR. TOTAL    0.76   02/27 TO 02/27

DEGREE_DAYS
HEATING TOTAL    1140              1172     -32     1191
 SINCE 7/1       5073              5381    -308     5524
COOLING TOTAL       0                 0       0        0
 SINCE 1/1          0                 0       0        0
.................................................................

WIND (MPH)
AVERAGE WIND SPEED              6.6
HIGHEST WIND SPEED/DIRECTION    29/090    DATE  02/27
HIGHEST GUST SPEED/DIRECTION    41/100    DATE  02/27

SKY COVER
AVERAGE SKY COVER           0.50

AVERAGE RH (PERCENT)     66

-  INDICATES NEGATIVE NUMBERS.
R  INDICATES RECORD WAS SET OR TIED.
MM INDICATES DATA IS MISSING.
T  INDICATES TRACE AMOUNT.

&&

FEBRUARY CONTINUED THE WINTER TREND OF PERSISTENT MILD TEMPERATURES
BRIEFLY BROKEN UP BY SHORT PERIODS OF ARCTIC COLD. THE FIRST WEEK OF
FEBRUARY WAS A MILD ONE, BUT SNOW, SLEET, AND FREEZING RAIN FELL ON
THE 6TH AND 7TH. ARCTIC COLD POURED IN BEHIND THIS STORM SYSTEM WITH
THE TEMPERATURE BOTTOMING OUT AT 3 BELOW ZERO ON THE 9TH. WARMER
WEATHER RETURNED THE VERY NEXT DAY. MORE SNOW FELL ON THE 13TH
FOLLOWED BY ARCTIC COLD JUST IN TIME FOR VALENTINE`S DAY. THE
COLDEST TEMPERATURE WAS 9 BELOW ZERO ON THE MORNING OF THE 15TH. THE
VERY NEXT DAY THE TEMPERATURE SOARED INTO THE UPPER 30S. MORE LIGHT
SNOW CAME FOLLOWED BY ANOTHER BRIEF SHOT OF COLD WITH THE
TEMPERATURE BOTTOMING OUT AT 5 BELOW ON THE 21ST. THIS WAS THE LAST
OF THE COLD DAYS WITH MUCH OF THE REST OF THE MONTH SPENT WARMER
THAN NORMAL. THE WARMEST TEMPERATURE WAS 52 DEGREES ON THE 24TH.
MORE THAN THREE QUARTERS OF AN INCH OF RAIN FELL ON THE 27TH AS THE
MILD WEATHER CONTINUED.

THE AVERAGE TEMPERATURE FOR THE MONTH WAS 25.6 DEGREES WHICH WAS 2.4
DEGREES ABOVE NORMAL. THE WARMEST FEBRUARY WAS IN 1981 WHEN THE
AVERAGE TEMPERATURE WAS 33.2 DEGREES. THE COLDEST WAS ONLY 10.2
DEGREES IN 2015.

A TOTAL OF 2.69 INCHES OF PRECIPITATION FELL WHICH WAS 0.14 INCHES
BELOW NORMAL. THE HEAVIEST CAME ON THE 27TH WHEN 0.76 INCHES OF RAIN
FELL. THE DRIEST FEBRUARY WAS IN 1987 WHEN ONLY 0.32 INCHES WAS
RECORDED. THE WETTEST WAS IN 1970 WITH 6.03 INCHES.

NO DAILY RECORDS WERE SET OR TIED IN FEBRUARY 2020.

$$

KIMBLE


USA.gov is the U.S. government's official web portal to all federal, state and local government web resources and services.
  • National Weather Service
  • WSO Pago Pago Weather Service Office
  • Pago Pago, AS
  • (684) 699-9130
  • Page Author: PPG Webmaster
  • Incorrect Region Format!
  • Web Master's E-mail:
  • Page last modified: Mar 10th, 2020 21:02 UTC