000
CXUS53 KGRB 011526
CLMAUW


CLIMATE REPORT
NATIONAL WEATHER SERVICE GREEN BAY
1014 AM CDT WED APR 1 2020

...................................

...THE WAUSAU WI CLIMATE SUMMARY FOR THE MONTH OF MARCH 2020...

CLIMATE NORMAL PERIOD 1981 TO 2010
CLIMATE RECORD PERIOD 1896 TO 2020

WEATHER         OBSERVED          NORMAL  DEPART  LAST YEAR`S
                 VALUE   DATE(S)  VALUE   FROM    VALUE  DATE(S)
                                          NORMAL
................................................................
TEMPERATURE (F)
RECORD
 HIGH              80   03/30/1910
                        03/29/1910
 LOW              -33   03/01/1962
HIGHEST            53   03/27        61      -8       56  03/27
LOWEST             12   03/21        -2      14      -17  03/04
AVG. MAXIMUM     40.5              39.5     1.0     35.0
AVG. MINIMUM     26.3              20.5     5.8     14.8
MEAN             33.4              30.0     3.4     24.9
DAYS MAX >= 90      0               0.0     0.0        0
DAYS MAX <= 32      1               7.1    -6.1        9
DAYS MIN <= 32     24              26.8    -2.8       26
DAYS MIN <= 0       0               1.9    -1.9        8

PRECIPITATION (INCHES)
RECORD
 MAXIMUM         4.95   2016
 MINIMUM         0.05   1960
TOTALS           3.27              1.76    1.51     1.65
DAILY AVG.       0.11              0.06    0.05     0.05
DAYS >= .01        10               9.2     0.8        7
DAYS >= .10         5               4.7     0.3        5
DAYS >= .50         3               0.9     2.1
DAYS >= 1.00        0               0.2    -0.2        0
GREATEST
 STORM TOTAL       MM
 (MM/DD(HH))            MM

SNOWFALL (INCHES)
RECORDS
 TOTAL           36.2   1956
 24 HR TOTAL      7.0   03/23/2016
TOTALS            2.2              10.0    -7.8      6.7
SINCE 7/1        65.2              55.3     9.9     83.3
DAYS >= TRACE       8               6.2     1.8
DAYS >= 1.0         1               2.9    -1.9        3
GREATEST
 SNOW DEPTH        15   03/01                         27  03/10
                                                          03/01
 24 HR TOTAL      1.0   03/03 TO 03/03

DEGREE_DAYS
HEATING TOTAL     971              1085    -114     1236
 SINCE 7/1       6958              7221    -263     7587
COOLING TOTAL       0                 0       0        0
 SINCE 1/1          0                 0       0        0
.................................................................

WIND (MPH)
AVERAGE WIND SPEED              8.4
HIGHEST WIND SPEED/DIRECTION    33/290    DATE  03/13
HIGHEST GUST SPEED/DIRECTION    45/310    DATE  03/13

SKY COVER
POSSIBLE SUNSHINE (PERCENT)   MM
AVERAGE SKY COVER           0.50
NUMBER OF DAYS FAIR           10
NUMBER OF DAYS PC              9
NUMBER OF DAYS CLOUDY         12

AVERAGE RH (PERCENT)     73

WEATHER CONDITIONS. NUMBER OF DAYS WITH
THUNDERSTORM              1     MIXED PRECIP               0
HEAVY RAIN                1     RAIN                       5
LT RAIN                   7     FREEZING RAIN              0
LT FREEZING RAIN          0     HAIL                       0
HEAVY SNOW                0     SNOW                       1
LIGHT SNOW                8     SLEET                      0
FOG                      18     FOG W/VIS <= 1/4 MILE      1
HAZE                      6
-  INDICATES NEGATIVE NUMBERS.
R  INDICATES RECORD WAS SET OR TIED.
MM INDICATES DATA IS MISSING.
T  INDICATES TRACE AMOUNT.

$$




USA.gov is the U.S. government's official web portal to all federal, state and local government web resources and services.
  • National Weather Service
  • WSO Pago Pago Weather Service Office
  • Pago Pago, AS
  • (684) 699-9130
  • Page Author: PPG Webmaster
  • Incorrect Region Format!
  • Web Master's E-mail:
  • Page last modified: Mar 10th, 2020 21:02 UTC