000
CXUS51 KBGM 011556 CCA
CLMAVP

CLIMATE REPORT...CORRECTED
NATIONAL WEATHER SERVICE BINGHAMTON NY
1156 AM EDT WED APR 1 2020

...................................

...THE AVOCA PA CLIMATE SUMMARY FOR THE MONTH OF MARCH 2020...

CLIMATE NORMAL PERIOD 1981 TO 2010
CLIMATE RECORD PERIOD 1901 TO 2020

WEATHER         OBSERVED          NORMAL  DEPART  LAST YEAR`S
                 VALUE   DATE(S)  VALUE   FROM    VALUE  DATE(S)
                                          NORMAL
................................................................
TEMPERATURE (F)
RECORD
 HIGH              85   03/31/1998
 LOW               -4   03/19/1967
HIGHEST            73   03/20        46      27       72  03/30
LOWEST             22   03/22        28      -6        7  03/07
                        03/08
                        03/01
AVG. MAXIMUM     53.3              46.2     7.1     46.3
AVG. MINIMUM     35.1              27.6     7.5     26.5
MEAN             44.2              36.9     7.3     36.4
DAYS MAX >= 90      0               0.0     0.0        0
DAYS MAX <= 32      0               2.9    -2.9        4
DAYS MIN <= 32     12              21.0    -9.0       25
DAYS MIN <= 0       0               0.0     0.0        0

PRECIPITATION (INCHES)
RECORD
 MAXIMUM         5.45   2017
 MINIMUM         0.49   1981
TOTALS           2.85              2.55    0.30     2.75
DAILY AVG.       0.09              0.08    0.01     0.09
DAYS >= .01        14              11.8     2.2        9
DAYS >= .10         8               6.6     1.4        6
DAYS >= .50         1               1.6    -0.6        3
DAYS >= 1.00        0               0.4    -0.4        0
GREATEST
 24 HR. TOTAL    0.74   03/28 TO 03/29

SNOWFALL (INCHES)
RECORDS
 TOTAL           32.0   1993
 24 HR TOTAL     22.1   03/14/2017 TO 03/14/2017
TOTALS              T               9.0    -9.0      5.8
SINCE 7/1        21.7              42.9   -21.2     32.5
DAYS >= TRACE       3               5.0    -2.0       11
DAYS >= 1.0         0               2.3    -2.3        3
GREATEST
 24 HR TOTAL        T   03/17 TO 03/17  (LAST OF SEVERAL)

DEGREE_DAYS
HEATING TOTAL     635               871    -236      880
 SINCE 7/1       4527              5477    -950     5242
COOLING TOTAL       0                 0       0        0
 SINCE 1/1          0                 0       0        0
.................................................................

WIND (MPH)
AVERAGE WIND SPEED              6.9
RESULTANT WIND SPEED/DIRECTION   2/303
HIGHEST WIND SPEED/DIRECTION    35/260    DATE  03/13
HIGHEST GUST SPEED/DIRECTION    43/270    DATE  03/13

SKY COVER
POSSIBLE SUNSHINE (PERCENT)   MM
AVERAGE SKY COVER           0.60
NUMBER OF DAYS FAIR            8
NUMBER OF DAYS PC             12
NUMBER OF DAYS CLOUDY         11

AVERAGE RH (PERCENT)     58

WEATHER CONDITIONS. NUMBER OF DAYS WITH
THUNDERSTORM              1     MIXED PRECIP                0
HEAVY RAIN                4     RAIN                        8
LIGHT RAIN               17     FREEZING RAIN               0
LT FREEZING RAIN          0     HAIL                        0
HEAVY SNOW                0     SNOW                        0
LIGHT SNOW                5     SLEET                       0
FOG                      11     FOG W/VIS <= 1/4 MILE       0
HAZE                      2

-  INDICATES NEGATIVE NUMBERS.
R  INDICATES RECORD WAS SET OR TIED.
MM INDICATES DATA IS MISSING.
T  INDICATES TRACE AMOUNT.

&&
CORRECTED GREATEST 24 HOUR PRECIPITATION
CORRECTED NUMBER OF DAY WITH LIGHT SNOW
TIED FOR 7TH WARMEST MARCH
TIED FOR LOWEST MARCH SNOWFALL BUT SNOWFALL ON DAY 23 WAS NOT
MEASURED DUE TO COVID 19

$$

TAC


USA.gov is the U.S. government's official web portal to all federal, state and local government web resources and services.
  • National Weather Service
  • WSO Pago Pago Weather Service Office
  • Pago Pago, AS
  • (684) 699-9130
  • Page Author: PPG Webmaster
  • Incorrect Region Format!
  • Web Master's E-mail:
  • Page last modified: Mar 10th, 2020 21:02 UTC