000
CXUS53 KGRR 010955
CLMAZO


CLIMATE REPORT
NATIONAL WEATHER SERVICE GRAND RAPIDS, MI
518 AM EDT WED APR 1 2020

...................................

...THE KALAMAZOO CLIMATE SUMMARY FOR THE MONTH OF MARCH 2020...

CLIMATE NORMAL PERIOD 1981 TO 2010
CLIMATE RECORD PERIOD 1998 TO 2020

WEATHER         OBSERVED          NORMAL  DEPART  LAST YEAR`S
                 VALUE   DATE(S)  VALUE   FROM    VALUE  DATE(S)
                                          NORMAL
................................................................
TEMPERATURE (F)
RECORD
 HIGH              85   03/21/2012
 LOW              -12   03/03/1943
HIGHEST            63   03/20        MM      MM       65  03/28
LOWEST             18   03/07        MM      MM        8  03/05
AVG. MAXIMUM     49.0              45.5     3.5     42.2
AVG. MINIMUM     31.2              27.5     3.7     24.4
MEAN             40.1              36.5     3.6     33.3
DAYS MAX >= 90      0               0.0     0.0        0
DAYS MAX <= 32      0               3.6    -3.6        5
DAYS MIN <= 32     19              21.9    -2.9       26
DAYS MIN <= 0       0               0.0     0.0        0

PRECIPITATION (INCHES)
RECORD
 MAXIMUM           MM   MM
TOTALS           2.78              2.25    0.53     2.62
DAILY AVG.       0.09              0.07    0.02     0.08
DAYS >= .01        12                MM      MM       11
DAYS >= .10         6                MM      MM        7
DAYS >= .50         2                MM      MM        1
DAYS >= 1.00        1                MM      MM        1
GREATEST
 24 HR. TOTAL    1.01   03/28 TO 03/28

DEGREE_DAYS
HEATING TOTAL     765               884    -119      975
 SINCE 7/1       5121              5657    -536     5752
COOLING TOTAL       0                 0       0        0
 SINCE 1/1          0                 0       0        0
.................................................................

WIND (MPH)
AVERAGE WIND SPEED              8.6
RESULTANT WIND SPEED/DIRECTION   2/239
HIGHEST WIND SPEED/DIRECTION    33/250    DATE  03/29
HIGHEST GUST SPEED/DIRECTION    49/250    DATE  03/29

SKY COVER
POSSIBLE SUNSHINE (PERCENT)   MM
AVERAGE SKY COVER           0.60
NUMBER OF DAYS FAIR            6
NUMBER OF DAYS PC             11
NUMBER OF DAYS CLOUDY         14

AVERAGE RH (PERCENT)     69

WEATHER CONDITIONS. NUMBER OF DAYS WITH
THUNDERSTORM              3     MIXED PRECIP                0
HEAVY RAIN                2     RAIN                        4
LIGHT RAIN               12     FREEZING RAIN               0
LT FREEZING RAIN          0     HAIL                        0
HEAVY SNOW                0     SNOW                        0
LIGHT SNOW                7     SLEET                       0
FOG                      17     FOG W/VIS <= 1/4 MILE       0
HAZE                      7     BLOWING SNOW                0
TORNADO                   0


-  INDICATES NEGATIVE NUMBERS.
R  INDICATES RECORD WAS SET OR TIED.
MM INDICATES DATA IS MISSING.
T  INDICATES TRACE AMOUNT.

$$



USA.gov is the U.S. government's official web portal to all federal, state and local government web resources and services.
  • National Weather Service
  • WSO Pago Pago Weather Service Office
  • Pago Pago, AS
  • (684) 699-9130
  • Page Author: PPG Webmaster
  • Incorrect Region Format!
  • Web Master's E-mail:
  • Page last modified: Mar 10th, 2020 21:02 UTC